{"id":14033,"date":"2022-11-15T09:34:19","date_gmt":"2022-11-15T08:34:19","guid":{"rendered":"https:\/\/auren.com\/ar\/new\/prensa-blanqueo-vence-el-periodo-para-entrar-con-alicuota-del-5-ambito-14-11-2022\/"},"modified":"2022-11-15T09:34:19","modified_gmt":"2022-11-15T08:34:19","slug":"prensa-blanqueo-vence-el-periodo-para-entrar-con-alicuota-del-5-ambito-14-11-2022","status":"publish","type":"new","link":"https:\/\/aurenweb-stg.servidortemporal.net\/ar\/noticias\/prensa-blanqueo-vence-el-periodo-para-entrar-con-alicuota-del-5-ambito-14-11-2022\/","title":{"rendered":"Prensa | Blanqueo: vence el per\u00edodo para entrar con al\u00edcuota del 5% (\u00c1mbito 14.11.2022)"},"content":{"rendered":"<h2 class=\"wp-block-heading\">Aseguran que la AFIP est\u00e1 abriendo las puertas al programa a contribuyentes a quienes les descubre cuentas en el exterior. El temor a un acuerdo con EE.UU. tambi\u00e9n empujar\u00eda a algunos que no tienen los papeles en regla.<\/h2>\n<p><strong>El pr\u00f3ximo 19 de noviembre cerrar\u00e1 la primera etapa del blanqueo destinado a conseguir d\u00f3lares para la construcci\u00f3n, con el beneficio de pagar un impuesto especial del 5%.<\/strong>\u00a0De acuerdo con\u00a0<strong>datos de la AFIP, hasta el momento hubo una normalizaci\u00f3n por el equivalente a $17.741 millones y los contribuyentes pagaron $887,5 millones.<\/strong><\/p>\n<p><strong>El 30 de agosto pasado qued\u00f3 reglamentada la ley aprobada por el Congreso.\u00a0<\/strong>Las personas que tengan fondos para declarar p<strong>ueden depositarlos en cuentas especiales en los bancos y luego invertir en desarrollos urbanos.<\/strong>\u00a0Finalizada la actual etapa<strong>\u00a0se abrir\u00e1 otra por tres meses en los que el impuesto especial ser\u00e1 del 10% y luego habr\u00e1 6 meses al 20%<\/strong>.<\/p>\n<p>Por caso,&nbsp;<strong>algunos contadores consultados indicaron que la Administraci\u00f3n Federal de Ingresos P\u00fablicos (AFIP) est\u00e1 logrando que algunos contribuyentes exterioricen<\/strong>&nbsp;algunos fondos que no ten\u00edan declarados, luego de que,&nbsp;<strong>en base a inspecciones y entrecruzamiento de datos,<\/strong>&nbsp;el organismo que conduce Carlos Castagneto los informara de que sus declaraciones no coincid\u00edan con los movimientos de sus fondos.<\/p>\n<p>\u201c<strong>Hay gente entrando pero en casos puntuales\u201d, se\u00f1al\u00f3 Sebasti\u00e1n Dom\u00ednguez, de SDC Asesores tributarios<\/strong>. A criterio Dom\u00ednguez, el actual blanqueo no va ser generalizado, como fue el que se hizo durante el gobierno de Cambiemos, en el que ingresaron unos u$s100.000 millones.\u00a0<strong>El contador p\u00fablico indic\u00f3 que se trata de casos \u201cen los que le han encontrado una cuenta y tiene que blanquear\u201d.<\/strong><\/p>\n<p><strong>Dami\u00e1n<\/strong><strong>&nbsp;Tabakman, titular de la C\u00e1mara de Desarrolladores Urbanos (CEDU), asegur\u00f3 a \u00c1mbito que \u201cesta primera etapa est\u00e1 cerrando bastante bien; sobre el fin de este tramo la gente se est\u00e1 activando\u201d.&nbsp;<\/strong>La entidad puso a disposici\u00f3n del p\u00fablico a trav\u00e9s de un sitio web una oferta de obras p\u00fablicas con sus correspondientes certificados que califican para poder recibir fondos. Tabakman indic\u00f3 que, despu\u00e9s de esta primera fase, el costo del blanqueo se va a ir al doble. \u201c<strong>Los socios de la c\u00e1mara ya concretaron algunas operaciones\u201d, indic\u00f3.<\/strong><\/p>\n<p>Por su lado,\u00a0<strong><a href=\"https:\/\/www.linkedin.com\/in\/gabrielhermida\/\">Gabriel Hermida<\/a>, del \u00e1rea de <a href=\"https:\/\/aurenweb-stg.servidortemporal.net\/ar\/servicios\/tax-legal\/impuestos\/\">impuestos<\/a> de  <a href=\"https:\/\/aurenweb-stg.servidortemporal.net\/ar\/\">Auren<\/a>, se\u00f1al\u00f3 que la operatoria \u201cviene lenta\u201d<\/strong>. Hermida explic\u00f3 que la AFIP \u201c<strong>est\u00e1 permitiendo que ingresen contribuyentes a los que les descubrieron cuentas afuera\u201d<\/strong>. Eso, a su entender, es una se\u00f1al del apremio del sector p\u00fablico por que ingresen d\u00f3lares. Normalmente, el organismo fiscal le hubiera seguido un proceso y cobrado los impuestos atrasados m\u00e1s los intereses.<\/p>\n<p>Leer la nota completa en<a href=\"https:\/\/www.ambito.com\/economia\/blanqueo\/vence-el-periodo-entrar-alicuota-del-5-n5583445\"> \u00c1mbito<\/a><\/p>\n<p><!-- AddThis Advanced Settings generic via filter on the_content --><!-- AddThis Share Buttons generic via filter on the_content --><\/p>\n","protected":false},"excerpt":{"rendered":"<p>Aseguran que la AFIP est\u00e1 abriendo las puertas al programa a contribuyentes a quienes les descubre cuentas en el exterior. El temor a un acuerdo con EE.UU. tambi\u00e9n empujar\u00eda a [&hellip;]<\/p>\n","protected":false},"featured_media":14034,"template":"","meta":{"_acf_changed":false,"footnotes":""},"new-category":[],"class_list":["post-14033","new","type-new","status-publish","has-post-thumbnail","hentry"],"acf":[],"_links":{"self":[{"href":"https:\/\/aurenweb-stg.servidortemporal.net\/ar\/wp-json\/wp\/v2\/new\/14033","targetHints":{"allow":["GET"]}}],"collection":[{"href":"https:\/\/aurenweb-stg.servidortemporal.net\/ar\/wp-json\/wp\/v2\/new"}],"about":[{"href":"https:\/\/aurenweb-stg.servidortemporal.net\/ar\/wp-json\/wp\/v2\/types\/new"}],"version-history":[{"count":0,"href":"https:\/\/aurenweb-stg.servidortemporal.net\/ar\/wp-json\/wp\/v2\/new\/14033\/revisions"}],"wp:featuredmedia":[{"embeddable":true,"href":"https:\/\/aurenweb-stg.servidortemporal.net\/ar\/wp-json\/wp\/v2\/media\/14034"}],"wp:attachment":[{"href":"https:\/\/aurenweb-stg.servidortemporal.net\/ar\/wp-json\/wp\/v2\/media?parent=14033"}],"wp:term":[{"taxonomy":"new-category","embeddable":true,"href":"https:\/\/aurenweb-stg.servidortemporal.net\/ar\/wp-json\/wp\/v2\/new-category?post=14033"}],"curies":[{"name":"wp","href":"https:\/\/api.w.org\/{rel}","templated":true}]}}

Prensa | Blanqueo: vence el período para entrar con alícuota del 5% (Ámbito 14.11.2022)

<h2 class="wp-block-heading">Aseguran que la AFIP está abriendo las puertas al programa a contribuyentes a quienes les descubre cuentas en el exterior. El temor a un acuerdo con EE.UU. también empujaría a algunos que no tienen los papeles en regla.</h2>
<p><strong>El próximo 19 de noviembre cerrará la primera etapa del blanqueo destinado a conseguir dólares para la construcción, con el beneficio de pagar un impuesto especial del 5%.</strong> De acuerdo con <strong>datos de la AFIP, hasta el momento hubo una normalización por el equivalente a $17.741 millones y los contribuyentes pagaron $887,5 millones.</strong></p>
<p><strong>El 30 de agosto pasado quedó reglamentada la ley aprobada por el Congreso. </strong>Las personas que tengan fondos para declarar p<strong>ueden depositarlos en cuentas especiales en los bancos y luego invertir en desarrollos urbanos.</strong> Finalizada la actual etapa<strong> se abrirá otra por tres meses en los que el impuesto especial será del 10% y luego habrá 6 meses al 20%</strong>.</p>
<p>Por caso,&nbsp;<strong>algunos contadores consultados indicaron que la Administración Federal de Ingresos Públicos (AFIP) está logrando que algunos contribuyentes exterioricen</strong>&nbsp;algunos fondos que no tenían declarados, luego de que,&nbsp;<strong>en base a inspecciones y entrecruzamiento de datos,</strong>&nbsp;el organismo que conduce Carlos Castagneto los informara de que sus declaraciones no coincidían con los movimientos de sus fondos.</p>
<p>“<strong>Hay gente entrando pero en casos puntuales”, señaló Sebastián Domínguez, de SDC Asesores tributarios</strong>. A criterio Domínguez, el actual blanqueo no va ser generalizado, como fue el que se hizo durante el gobierno de Cambiemos, en el que ingresaron unos u$s100.000 millones. <strong>El contador público indicó que se trata de casos “en los que le han encontrado una cuenta y tiene que blanquear”.</strong></p>
<p><strong>Damián</strong><strong>&nbsp;Tabakman, titular de la Cámara de Desarrolladores Urbanos (CEDU), aseguró a Ámbito que “esta primera etapa está cerrando bastante bien; sobre el fin de este tramo la gente se está activando”.&nbsp;</strong>La entidad puso a disposición del público a través de un sitio web una oferta de obras públicas con sus correspondientes certificados que califican para poder recibir fondos. Tabakman indicó que, después de esta primera fase, el costo del blanqueo se va a ir al doble. “<strong>Los socios de la cámara ya concretaron algunas operaciones”, indicó.</strong></p>
<p>Por su lado, <strong><a href="https://www.linkedin.com/in/gabrielhermida/">Gabriel Hermida</a>, del área de <a href="https://aurenweb-stg.servidortemporal.net/ar/servicios/tax-legal/impuestos/">impuestos</a> de  <a href="https://aurenweb-stg.servidortemporal.net/ar/">Auren</a>, señaló que la operatoria “viene lenta”</strong>. Hermida explicó que la AFIP “<strong>está permitiendo que ingresen contribuyentes a los que les descubrieron cuentas afuera”</strong>. Eso, a su entender, es una señal del apremio del sector público por que ingresen dólares. Normalmente, el organismo fiscal le hubiera seguido un proceso y cobrado los impuestos atrasados más los intereses.</p>
<p>Leer la nota completa en<a href="https://www.ambito.com/economia/blanqueo/vence-el-periodo-entrar-alicuota-del-5-n5583445"> Ámbito</a></p>
<p><!-- AddThis Advanced Settings generic via filter on the_content --><!-- AddThis Share Buttons generic via filter on the_content --></p>

<p>Aseguran que la AFIP está abriendo las puertas al programa a contribuyentes a quienes les descubre cuentas en el exterior. El temor a un acuerdo con EE.UU. también empujaría a [&hellip;]</p>
