{"id":14041,"date":"2022-11-08T11:06:09","date_gmt":"2022-11-08T10:06:09","guid":{"rendered":"https:\/\/auren.com\/ar\/new\/prensa-salario-emocional-clave-para-la-fidelizacion-del-talento-rrhh-digital-2-11-2022\/"},"modified":"2022-11-08T11:06:09","modified_gmt":"2022-11-08T10:06:09","slug":"prensa-salario-emocional-clave-para-la-fidelizacion-del-talento-rrhh-digital-2-11-2022","status":"publish","type":"new","link":"https:\/\/aurenweb-stg.servidortemporal.net\/ar\/noticias\/prensa-salario-emocional-clave-para-la-fidelizacion-del-talento-rrhh-digital-2-11-2022\/","title":{"rendered":"Prensa | Salario emocional, clave para la fidelizaci\u00f3n del talento (RRHH Digital 2.11.2022)"},"content":{"rendered":"<p>Por <a href=\"https:\/\/www.linkedin.com\/in\/monicacanevari\/\">M\u00f3nica Canevari<\/a>, Gerente de<a href=\"https:\/\/www.auren.com.ar\/bpotercerizacion\/\"> BPO<\/a> de <a href=\"https:\/\/aurenweb-stg.servidortemporal.net\/ar\/\">Auren Argentina<\/a><\/p>\n<p>Hoy un tercio de nuestras vidas se invierte en el trabajo, por lo que, a la hora de pensar, en qu\u00e9 queremos y qu\u00e9 necesitamos, no puede estar basado \u00fanicamente en t\u00e9rminos econ\u00f3micos.<\/p>\n<p>ay otros elementos que suman o restan para el bienestar y satisfacci\u00f3n laboral, y se trata del \u201csalario Emocional\u201c, aquel beneficio no monetario, relacionado a las sensaciones y sentimientos. Son las conclusiones a las que llega cada colaborador desde su propia valoraci\u00f3n, y que va a influenciar en sus decisiones laborales, en sus relaciones y hasta en sus resultados.<\/p>\n<p>Hay muchos elementos que nos ayudan a&nbsp;crecer personal y profesionalmente, pero el salario emocional no es un salario fijo, va a variar, seg\u00fan la etapa de la vida y cada persona, pero es la clave para sentirse feliz en un ambiente laboral.<\/p>\n<p>Luego de la pandemia, este salario empez\u00f3 a tener mayor reconocimiento, se produjo un cambio en las prioridades laborales. Desde Auren Argentina realizamos una encuesta a m\u00e1s de 300 j\u00f3venes profesionales que nos permiti\u00f3 conocer qu\u00e9 piensan hoy, qu\u00e9 buscan, intereses, valores y su visi\u00f3n de futuro.<\/p>\n<p>A la hora de decidir por un empleo, las oportunidades de desarrollo y crecimiento profesional resultaron un valor aspiracional para m\u00e1s del 80% de los j\u00f3venes y casi en igual medida los motiva el salario, la flexibilidad, el ambiente laboral y las oportunidades de aprendizaje.<\/p>\n<p>Hoy aumentan las expectativas sobre lo que debe proporcionar un trabajo. Aunque la remuneraci\u00f3n sigue siendo una de las principales prioridades, es muy importante para los j\u00f3venes adem\u00e1s las oportunidades de crecimiento y desarrollo profesional, ambiente y seguridad laboral.<\/p>\n<p>Leer la columna completa en <a href=\"https:\/\/www.rrhhdigital.com\/editorial\/155072\/Salario-emocional-clave-para-la-fidelizacion-del-talento\">RRHH Digital<\/a><\/p>\n<p><!-- AddThis Advanced Settings generic via filter on the_content --><!-- AddThis Share Buttons generic via filter on the_content --><\/p>\n","protected":false},"excerpt":{"rendered":"<p>Por M\u00f3nica Canevari, Gerente de BPO de Auren Argentina Hoy un tercio de nuestras vidas se invierte en el trabajo, por lo que, a la hora de pensar, en qu\u00e9 [&hellip;]<\/p>\n","protected":false},"featured_media":14042,"template":"","meta":{"_acf_changed":false,"footnotes":""},"new-category":[],"class_list":["post-14041","new","type-new","status-publish","has-post-thumbnail","hentry"],"acf":[],"_links":{"self":[{"href":"https:\/\/aurenweb-stg.servidortemporal.net\/ar\/wp-json\/wp\/v2\/new\/14041","targetHints":{"allow":["GET"]}}],"collection":[{"href":"https:\/\/aurenweb-stg.servidortemporal.net\/ar\/wp-json\/wp\/v2\/new"}],"about":[{"href":"https:\/\/aurenweb-stg.servidortemporal.net\/ar\/wp-json\/wp\/v2\/types\/new"}],"version-history":[{"count":0,"href":"https:\/\/aurenweb-stg.servidortemporal.net\/ar\/wp-json\/wp\/v2\/new\/14041\/revisions"}],"wp:featuredmedia":[{"embeddable":true,"href":"https:\/\/aurenweb-stg.servidortemporal.net\/ar\/wp-json\/wp\/v2\/media\/14042"}],"wp:attachment":[{"href":"https:\/\/aurenweb-stg.servidortemporal.net\/ar\/wp-json\/wp\/v2\/media?parent=14041"}],"wp:term":[{"taxonomy":"new-category","embeddable":true,"href":"https:\/\/aurenweb-stg.servidortemporal.net\/ar\/wp-json\/wp\/v2\/new-category?post=14041"}],"curies":[{"name":"wp","href":"https:\/\/api.w.org\/{rel}","templated":true}]}}

Prensa | Salario emocional, clave para la fidelización del talento (RRHH Digital 2.11.2022)

<p>Por <a href="https://www.linkedin.com/in/monicacanevari/">Mónica Canevari</a>, Gerente de<a href="https://www.auren.com.ar/bpotercerizacion/"> BPO</a> de <a href="https://aurenweb-stg.servidortemporal.net/ar/">Auren Argentina</a></p>
<p>Hoy un tercio de nuestras vidas se invierte en el trabajo, por lo que, a la hora de pensar, en qué queremos y qué necesitamos, no puede estar basado únicamente en términos económicos.</p>
<p>ay otros elementos que suman o restan para el bienestar y satisfacción laboral, y se trata del “salario Emocional“, aquel beneficio no monetario, relacionado a las sensaciones y sentimientos. Son las conclusiones a las que llega cada colaborador desde su propia valoración, y que va a influenciar en sus decisiones laborales, en sus relaciones y hasta en sus resultados.</p>
<p>Hay muchos elementos que nos ayudan a&nbsp;crecer personal y profesionalmente, pero el salario emocional no es un salario fijo, va a variar, según la etapa de la vida y cada persona, pero es la clave para sentirse feliz en un ambiente laboral.</p>
<p>Luego de la pandemia, este salario empezó a tener mayor reconocimiento, se produjo un cambio en las prioridades laborales. Desde Auren Argentina realizamos una encuesta a más de 300 jóvenes profesionales que nos permitió conocer qué piensan hoy, qué buscan, intereses, valores y su visión de futuro.</p>
<p>A la hora de decidir por un empleo, las oportunidades de desarrollo y crecimiento profesional resultaron un valor aspiracional para más del 80% de los jóvenes y casi en igual medida los motiva el salario, la flexibilidad, el ambiente laboral y las oportunidades de aprendizaje.</p>
<p>Hoy aumentan las expectativas sobre lo que debe proporcionar un trabajo. Aunque la remuneración sigue siendo una de las principales prioridades, es muy importante para los jóvenes además las oportunidades de crecimiento y desarrollo profesional, ambiente y seguridad laboral.</p>
<p>Leer la columna completa en <a href="https://www.rrhhdigital.com/editorial/155072/Salario-emocional-clave-para-la-fidelizacion-del-talento">RRHH Digital</a></p>
<p><!-- AddThis Advanced Settings generic via filter on the_content --><!-- AddThis Share Buttons generic via filter on the_content --></p>

<p>Por Mónica Canevari, Gerente de BPO de Auren Argentina Hoy un tercio de nuestras vidas se invierte en el trabajo, por lo que, a la hora de pensar, en qué [&hellip;]</p>
