{"id":14049,"date":"2022-10-31T10:15:27","date_gmt":"2022-10-31T09:15:27","guid":{"rendered":"https:\/\/auren.com\/ar\/new\/prensa-salario-emocional-clave-para-la-fidelizacion-del-talento-forbes-26-10-2022\/"},"modified":"2022-10-31T10:15:27","modified_gmt":"2022-10-31T09:15:27","slug":"prensa-salario-emocional-clave-para-la-fidelizacion-del-talento-forbes-26-10-2022","status":"publish","type":"new","link":"https:\/\/aurenweb-stg.servidortemporal.net\/ar\/noticias\/prensa-salario-emocional-clave-para-la-fidelizacion-del-talento-forbes-26-10-2022\/","title":{"rendered":"Prensa | Salario emocional, clave para la fidelizaci\u00f3n del talento\u00a0(Forbes, 26.10.2022)"},"content":{"rendered":"<p>Por <a href=\"https:\/\/www.linkedin.com\/in\/monicacanevari\/\">M\u00f3nica Canevari<\/a>, Gerente de <a href=\"https:\/\/www.auren.com.ar\/bpotercerizacion\/\">BPO<\/a> de <a href=\"https:\/\/aurenweb-stg.servidortemporal.net\/ar\/\">Auren<\/a> <\/p>\n<p>Hoy<strong>\u00a0un tercio de nuestras vidas se invierte en el trabajo<\/strong>, por lo que, a la hora de pensar, en qu\u00e9 queremos y qu\u00e9 necesitamos, no puede estar basado \u00fanicamente en t\u00e9rminos econ\u00f3micos.<\/p>\n<p>Hay otros elementos que suman o restan para el bienestar y satisfacci\u00f3n laboral, y se trata del \u201c<strong>salario emociona<\/strong>l\u201c, aquel beneficio no monetario, relacionado a las sensaciones y sentimientos. Son las conclusiones a las que llega cada colaborador desde su propia valoraci\u00f3n, y que va a influenciar en sus decisiones laborales, en sus relaciones y hasta en sus resultados.&nbsp;<\/p>\n<p>Hay\u00a0<strong>muchos elementos que nos ayudan a\u00a0crecer personal y profesionalmente, pero el salario emocional no es un salario fijo<\/strong>, va a variar, seg\u00fan la etapa de la vida y cada persona, pero es la clave para sentirse feliz en un ambiente laboral.<\/p>\n<p>Luego de la pandemia, este salario empez\u00f3 a tener mayor reconocimiento, se produjo un cambio en las prioridades laborales. Desde Auren Argentina realizamos una encuesta a m\u00e1s de 300 j\u00f3venes profesionales que nos permiti\u00f3 conocer qu\u00e9 piensan hoy, qu\u00e9 buscan, intereses, valores y su visi\u00f3n de futuro.<\/p>\n<p>A la hora de decidir por un empleo,\u00a0<strong>las oportunidades de desarrollo y crecimiento profesional resultaron un valor aspiracional para m\u00e1s del 80% de los j\u00f3venes<\/strong>\u00a0y casi en igual medida los motiva el salario, la flexibilidad, el ambiente laboral y las oportunidades de aprendizaje.<\/p>\n<p>Leer la nota completa en <a href=\"https:\/\/www.forbesargentina.com\/columnistas\/salario-emocional-clave-fidelizacion-talento-n23860\">Forbes<\/a> <\/p>\n<p><!-- AddThis Advanced Settings generic via filter on the_content --><!-- AddThis Share Buttons generic via filter on the_content --><\/p>\n","protected":false},"excerpt":{"rendered":"<p>Por M\u00f3nica Canevari, Gerente de BPO de Auren Hoy\u00a0un tercio de nuestras vidas se invierte en el trabajo, por lo que, a la hora de pensar, en qu\u00e9 queremos y [&hellip;]<\/p>\n","protected":false},"featured_media":14050,"template":"","meta":{"_acf_changed":false,"footnotes":""},"new-category":[],"class_list":["post-14049","new","type-new","status-publish","has-post-thumbnail","hentry"],"acf":[],"_links":{"self":[{"href":"https:\/\/aurenweb-stg.servidortemporal.net\/ar\/wp-json\/wp\/v2\/new\/14049","targetHints":{"allow":["GET"]}}],"collection":[{"href":"https:\/\/aurenweb-stg.servidortemporal.net\/ar\/wp-json\/wp\/v2\/new"}],"about":[{"href":"https:\/\/aurenweb-stg.servidortemporal.net\/ar\/wp-json\/wp\/v2\/types\/new"}],"version-history":[{"count":0,"href":"https:\/\/aurenweb-stg.servidortemporal.net\/ar\/wp-json\/wp\/v2\/new\/14049\/revisions"}],"wp:featuredmedia":[{"embeddable":true,"href":"https:\/\/aurenweb-stg.servidortemporal.net\/ar\/wp-json\/wp\/v2\/media\/14050"}],"wp:attachment":[{"href":"https:\/\/aurenweb-stg.servidortemporal.net\/ar\/wp-json\/wp\/v2\/media?parent=14049"}],"wp:term":[{"taxonomy":"new-category","embeddable":true,"href":"https:\/\/aurenweb-stg.servidortemporal.net\/ar\/wp-json\/wp\/v2\/new-category?post=14049"}],"curies":[{"name":"wp","href":"https:\/\/api.w.org\/{rel}","templated":true}]}}

Prensa | Salario emocional, clave para la fidelización del talento (Forbes, 26.10.2022)

<p>Por <a href="https://www.linkedin.com/in/monicacanevari/">Mónica Canevari</a>, Gerente de <a href="https://www.auren.com.ar/bpotercerizacion/">BPO</a> de <a href="https://aurenweb-stg.servidortemporal.net/ar/">Auren</a> </p>
<p>Hoy<strong> un tercio de nuestras vidas se invierte en el trabajo</strong>, por lo que, a la hora de pensar, en qué queremos y qué necesitamos, no puede estar basado únicamente en términos económicos.</p>
<p>Hay otros elementos que suman o restan para el bienestar y satisfacción laboral, y se trata del “<strong>salario emociona</strong>l“, aquel beneficio no monetario, relacionado a las sensaciones y sentimientos. Son las conclusiones a las que llega cada colaborador desde su propia valoración, y que va a influenciar en sus decisiones laborales, en sus relaciones y hasta en sus resultados.&nbsp;</p>
<p>Hay <strong>muchos elementos que nos ayudan a crecer personal y profesionalmente, pero el salario emocional no es un salario fijo</strong>, va a variar, según la etapa de la vida y cada persona, pero es la clave para sentirse feliz en un ambiente laboral.</p>
<p>Luego de la pandemia, este salario empezó a tener mayor reconocimiento, se produjo un cambio en las prioridades laborales. Desde Auren Argentina realizamos una encuesta a más de 300 jóvenes profesionales que nos permitió conocer qué piensan hoy, qué buscan, intereses, valores y su visión de futuro.</p>
<p>A la hora de decidir por un empleo, <strong>las oportunidades de desarrollo y crecimiento profesional resultaron un valor aspiracional para más del 80% de los jóvenes</strong> y casi en igual medida los motiva el salario, la flexibilidad, el ambiente laboral y las oportunidades de aprendizaje.</p>
<p>Leer la nota completa en <a href="https://www.forbesargentina.com/columnistas/salario-emocional-clave-fidelizacion-talento-n23860">Forbes</a> </p>
<p><!-- AddThis Advanced Settings generic via filter on the_content --><!-- AddThis Share Buttons generic via filter on the_content --></p>

<p>Por Mónica Canevari, Gerente de BPO de Auren Hoy un tercio de nuestras vidas se invierte en el trabajo, por lo que, a la hora de pensar, en qué queremos y [&hellip;]</p>
