{"id":14057,"date":"2022-10-27T09:48:18","date_gmt":"2022-10-27T07:48:18","guid":{"rendered":"https:\/\/auren.com\/ar\/new\/prensa-diverso-flexible-y-con-beneficios-es-el-mundo-laboral-que-se-viene-el-cronista-25-10-2022\/"},"modified":"2022-10-27T09:48:18","modified_gmt":"2022-10-27T07:48:18","slug":"prensa-diverso-flexible-y-con-beneficios-es-el-mundo-laboral-que-se-viene-el-cronista-25-10-2022","status":"publish","type":"new","link":"https:\/\/aurenweb-stg.servidortemporal.net\/ar\/noticias\/prensa-diverso-flexible-y-con-beneficios-es-el-mundo-laboral-que-se-viene-el-cronista-25-10-2022\/","title":{"rendered":"Prensa | Diverso, flexible y con beneficios es el mundo laboral que se viene (El Cronista 25.10.2022)"},"content":{"rendered":"<h2 class=\"wp-block-heading\">Las empresas deben mostrarse cada vez m\u00e1s \u00edntegras y transparentes para atraer un talento escaso, y que exige desarrollarse en ambientes que apunten al bienestar.<\/h2>\n<p>En un\u00a0<strong>mundo laboral en constante transformaci\u00f3n<\/strong>, vislumbrar c\u00f3mo ser\u00e1n los pr\u00f3ximos a\u00f1os es una tarea que implica repensar la experiencia del empleado, pero tambi\u00e9n analizar datos para generar estrategias que aporten flexibilidad en el mayor amplio de los sentidos, buscando la m\u00e1xima personalizaci\u00f3n de cada programa. En definitiva, la<strong>\u00a0marca empleadora<\/strong>\u00a0deber\u00e1 ser fuerte si la empresa quiere estar prendida en la\u00a0<strong>lucha de un talento<\/strong>\u00a0que es cada vez m\u00e1s escaso.<\/p>\n<p>Lo que se observa es que \u00ab<strong>cambi\u00f3 el foco de las organizaciones respecto a sus colaboradores<\/strong>. Consideramos que, en un mundo donde el talento se ha convertido en el recurso m\u00e1s escaso, las empresas que quieran ser competitivas tendr\u00e1n que prestar atenci\u00f3n a las prioridades de las personas a la hora de dise\u00f1ar sus esquemas laborales e implementar sus pol\u00edticas de Recursos Humanos\u00bb, establece&nbsp;<strong>Gustavo Aguilera, director de Talent Solutions y People &amp; Culture de ManpowerGroup Argentina.<\/strong><\/p>\n<p>Y luego, el cambio m\u00e1s notorio es \u00abla&nbsp;<strong>flexibilizaci\u00f3n de la modalidad de trabajo<\/strong>, la&nbsp;<strong>adopci\u00f3n generalizada del home office y el trabajo h\u00edbrido<\/strong>. Todav\u00eda se est\u00e1 asentando como pr\u00e1ctica en la mayor\u00eda de las empresas pero es algo que lleg\u00f3 para quedarse. La gente que ya demostr\u00f3 que con el home office su productividad no baja, lo siente como un beneficio adquirido y en aquellas empresas que est\u00e1n exigiendo presencialidad, cuesta que las personas accedan\u00bb, advierte&nbsp;<strong>Ezequiel Palacios, director Asociado de Glue Executive Search.<\/strong><\/p>\n<p>\u00abMuchas estad\u00edsticas demuestran que si los colaboradores pudieran elegir, no volver\u00edan m\u00e1s a la presencialidad, aunque contar con al menos dos d\u00edas presenciales ha demostrado ser muy eficiente para agilizar la toma de decisiones y mantener la conexi\u00f3n con los equipos\u00bb, agrega.<\/p>\n<p>En esto de manejar mejor los tiempos propios tambi\u00e9n se percibe m\u00e1s que \u00abmuchos profesionales han decidido abandonar la &#8216;tranquilidad&#8217; de la relaci\u00f3n de dependencia e ingresar al mundo de los trabajadores independientes. Hoy hay mucha consultor\u00eda,\u00a0que antes se reservaba para grandes especialistas exclusivamente, ya se ve en otros niveles. Los profesionales prefieren vender sus servicios mientras las empresas los demanden, teniendo la libertad de entrar y salir cuando lo deseen. Incluso, muchos acceden a ingresos en moneda extranjera\u00bb, cuenta\u00a0<strong><a href=\"https:\/\/www.linkedin.com\/in\/nataliaodolinski\/\">Natalia Odolinski<\/a>, gerente de Gesti\u00f3n de Personas de <a href=\"https:\/\/aurenweb-stg.servidortemporal.net\/ar\/\">Auren.<\/a><\/strong><\/p>\n<p>Leer la nota completa en <a href=\"https:\/\/www.cronista.com\/management\/diverso-flexible-y-con-beneficios-asi-es-el-mundo-laboral-que-se-viene\/?utm_source=Icommarketing&amp;utm_medium=email&amp;utm_content=Prensa&amp;utm_campaign=Icommarketing+-+News+-+Auren+en+El+Cronista+25.20.2022\">Diario El Cronista<\/a><\/p>\n<p><!-- AddThis Advanced Settings generic via filter on the_content --><!-- AddThis Share Buttons generic via filter on the_content --><\/p>\n","protected":false},"excerpt":{"rendered":"<p>Las empresas deben mostrarse cada vez m\u00e1s \u00edntegras y transparentes para atraer un talento escaso, y que exige desarrollarse en ambientes que apunten al bienestar. En un\u00a0mundo laboral en constante [&hellip;]<\/p>\n","protected":false},"featured_media":14058,"template":"","meta":{"_acf_changed":false,"footnotes":""},"new-category":[],"class_list":["post-14057","new","type-new","status-publish","has-post-thumbnail","hentry"],"acf":[],"_links":{"self":[{"href":"https:\/\/aurenweb-stg.servidortemporal.net\/ar\/wp-json\/wp\/v2\/new\/14057","targetHints":{"allow":["GET"]}}],"collection":[{"href":"https:\/\/aurenweb-stg.servidortemporal.net\/ar\/wp-json\/wp\/v2\/new"}],"about":[{"href":"https:\/\/aurenweb-stg.servidortemporal.net\/ar\/wp-json\/wp\/v2\/types\/new"}],"version-history":[{"count":0,"href":"https:\/\/aurenweb-stg.servidortemporal.net\/ar\/wp-json\/wp\/v2\/new\/14057\/revisions"}],"wp:featuredmedia":[{"embeddable":true,"href":"https:\/\/aurenweb-stg.servidortemporal.net\/ar\/wp-json\/wp\/v2\/media\/14058"}],"wp:attachment":[{"href":"https:\/\/aurenweb-stg.servidortemporal.net\/ar\/wp-json\/wp\/v2\/media?parent=14057"}],"wp:term":[{"taxonomy":"new-category","embeddable":true,"href":"https:\/\/aurenweb-stg.servidortemporal.net\/ar\/wp-json\/wp\/v2\/new-category?post=14057"}],"curies":[{"name":"wp","href":"https:\/\/api.w.org\/{rel}","templated":true}]}}

<h2 class="wp-block-heading">Las empresas deben mostrarse cada vez más íntegras y transparentes para atraer un talento escaso, y que exige desarrollarse en ambientes que apunten al bienestar.</h2>
<p>En un <strong>mundo laboral en constante transformación</strong>, vislumbrar cómo serán los próximos años es una tarea que implica repensar la experiencia del empleado, pero también analizar datos para generar estrategias que aporten flexibilidad en el mayor amplio de los sentidos, buscando la máxima personalización de cada programa. En definitiva, la<strong> marca empleadora</strong> deberá ser fuerte si la empresa quiere estar prendida en la <strong>lucha de un talento</strong> que es cada vez más escaso.</p>
<p>Lo que se observa es que «<strong>cambió el foco de las organizaciones respecto a sus colaboradores</strong>. Consideramos que, en un mundo donde el talento se ha convertido en el recurso más escaso, las empresas que quieran ser competitivas tendrán que prestar atención a las prioridades de las personas a la hora de diseñar sus esquemas laborales e implementar sus políticas de Recursos Humanos», establece&nbsp;<strong>Gustavo Aguilera, director de Talent Solutions y People &amp; Culture de ManpowerGroup Argentina.</strong></p>
<p>Y luego, el cambio más notorio es «la&nbsp;<strong>flexibilización de la modalidad de trabajo</strong>, la&nbsp;<strong>adopción generalizada del home office y el trabajo híbrido</strong>. Todavía se está asentando como práctica en la mayoría de las empresas pero es algo que llegó para quedarse. La gente que ya demostró que con el home office su productividad no baja, lo siente como un beneficio adquirido y en aquellas empresas que están exigiendo presencialidad, cuesta que las personas accedan», advierte&nbsp;<strong>Ezequiel Palacios, director Asociado de Glue Executive Search.</strong></p>
<p>«Muchas estadísticas demuestran que si los colaboradores pudieran elegir, no volverían más a la presencialidad, aunque contar con al menos dos días presenciales ha demostrado ser muy eficiente para agilizar la toma de decisiones y mantener la conexión con los equipos», agrega.</p>
<p>En esto de manejar mejor los tiempos propios también se percibe más que «muchos profesionales han decidido abandonar la &#8216;tranquilidad&#8217; de la relación de dependencia e ingresar al mundo de los trabajadores independientes. Hoy hay mucha consultoría, que antes se reservaba para grandes especialistas exclusivamente, ya se ve en otros niveles. Los profesionales prefieren vender sus servicios mientras las empresas los demanden, teniendo la libertad de entrar y salir cuando lo deseen. Incluso, muchos acceden a ingresos en moneda extranjera», cuenta <strong><a href="https://www.linkedin.com/in/nataliaodolinski/">Natalia Odolinski</a>, gerente de Gestión de Personas de <a href="https://aurenweb-stg.servidortemporal.net/ar/">Auren.</a></strong></p>
<p>Leer la nota completa en <a href="https://www.cronista.com/management/diverso-flexible-y-con-beneficios-asi-es-el-mundo-laboral-que-se-viene/?utm_source=Icommarketing&amp;utm_medium=email&amp;utm_content=Prensa&amp;utm_campaign=Icommarketing+-+News+-+Auren+en+El+Cronista+25.20.2022">Diario El Cronista</a></p>
<p><!-- AddThis Advanced Settings generic via filter on the_content --><!-- AddThis Share Buttons generic via filter on the_content --></p>

<p>Las empresas deben mostrarse cada vez más íntegras y transparentes para atraer un talento escaso, y que exige desarrollarse en ambientes que apunten al bienestar. En un mundo laboral en constante [&hellip;]</p>
