{"id":14069,"date":"2022-10-20T15:12:49","date_gmt":"2022-10-20T13:12:49","guid":{"rendered":"https:\/\/auren.com\/ar\/new\/prensa-el-debate-en-torno-a-la-sustentabilidad-revista-mercado-2022\/"},"modified":"2022-10-20T15:12:49","modified_gmt":"2022-10-20T13:12:49","slug":"prensa-el-debate-en-torno-a-la-sustentabilidad-revista-mercado-2022","status":"publish","type":"new","link":"https:\/\/aurenweb-stg.servidortemporal.net\/ar\/noticias\/prensa-el-debate-en-torno-a-la-sustentabilidad-revista-mercado-2022\/","title":{"rendered":"Prensa | El debate en torno a la sustentabilidad (Revista Mercado, 2022)"},"content":{"rendered":"<p>En una reciente encuesta en Latinoam\u00e9rica, 71% de los consumidores afirma que la sustentabilidad es un tema relevante en el \u00e1mbito cotidiano. Pero adem\u00e1s, 91% de los consultados reclama mayor intensidad de acci\u00f3n sobre el clima a escala local.<\/p>\n<p>Entre un 50 y un 70% de los consumidores dicen estar dispuestos a pagar m\u00e1s por un producto o servicio que sea m\u00e1s sustentable dependiendo de la industria y el tipo de producto. Sin embargo, solo el 36% de<br \/>los ejecutivos creen que los clientes est\u00e1n dispuestos a pagar m\u00e1s por productos de cero emisiones.<\/p>\n<p>Es muy interesante la visi\u00f3n que sobre este tema tienen las firmas de auditor\u00eda. Como empresas, deben estar en la cresta de la ola en este campo, especialmente en lo que hace al clima y el ambiente. Como consultores tienen la responsabilidad de ayudar con la estrategia de las empresas clientes.<br \/>Lo que aqu\u00ed sigue son algunas visiones de protagonistas de este sector. <\/p>\n<p>Por <a href=\"https:\/\/www.linkedin.com\/in\/fernandotezanospinto\/\">Fernando Tezanos Pinto,<\/a> Presidente de Auren Argentina en <a href=\"https:\/\/mercado.com.ar\/wp\/wp-content\/uploads\/2022\/08\/sustentabilidad.pdf\">Revista Mercado<\/a>.<\/p>\n<figure class=\"wp-block-image size-full\"><img decoding=\"async\" loading=\"lazy\" width=\"750\" height=\"529\" src=\"https:\/\/aurenweb-stg.servidortemporal.net\/ar\/wp-content\/uploads\/migration\/2022\/10\/Revista-Mercado-2.png\" alt=\"\" class=\"wp-image-15613\" srcset=\"https:\/\/aurenweb-stg.servidortemporal.net\/ar\/wp-content\/uploads\/migration\/2022\/10\/Revista-Mercado-2.png 750w, https:\/\/aurenweb-stg.servidortemporal.net\/ar\/wp-content\/uploads\/migration\/2022\/10\/Revista-Mercado-2-300x212.png 300w\" sizes=\"auto, (max-width: 750px) 100vw, 750px\" \/><figcaption>Revista Mercado<\/figcaption><\/figure>\n<p><!-- AddThis Advanced Settings generic via filter on the_content --><!-- AddThis Share Buttons generic via filter on the_content --><\/p>\n","protected":false},"excerpt":{"rendered":"<p>En una reciente encuesta en Latinoam\u00e9rica, 71% de los consumidores afirma que la sustentabilidad es un tema relevante en el \u00e1mbito cotidiano. Pero adem\u00e1s, 91% de los consultados reclama mayor [&hellip;]<\/p>\n","protected":false},"featured_media":14070,"template":"","meta":{"_acf_changed":false,"footnotes":""},"new-category":[],"class_list":["post-14069","new","type-new","status-publish","has-post-thumbnail","hentry"],"acf":[],"_links":{"self":[{"href":"https:\/\/aurenweb-stg.servidortemporal.net\/ar\/wp-json\/wp\/v2\/new\/14069","targetHints":{"allow":["GET"]}}],"collection":[{"href":"https:\/\/aurenweb-stg.servidortemporal.net\/ar\/wp-json\/wp\/v2\/new"}],"about":[{"href":"https:\/\/aurenweb-stg.servidortemporal.net\/ar\/wp-json\/wp\/v2\/types\/new"}],"version-history":[{"count":0,"href":"https:\/\/aurenweb-stg.servidortemporal.net\/ar\/wp-json\/wp\/v2\/new\/14069\/revisions"}],"wp:featuredmedia":[{"embeddable":true,"href":"https:\/\/aurenweb-stg.servidortemporal.net\/ar\/wp-json\/wp\/v2\/media\/14070"}],"wp:attachment":[{"href":"https:\/\/aurenweb-stg.servidortemporal.net\/ar\/wp-json\/wp\/v2\/media?parent=14069"}],"wp:term":[{"taxonomy":"new-category","embeddable":true,"href":"https:\/\/aurenweb-stg.servidortemporal.net\/ar\/wp-json\/wp\/v2\/new-category?post=14069"}],"curies":[{"name":"wp","href":"https:\/\/api.w.org\/{rel}","templated":true}]}}

<p>En una reciente encuesta en Latinoamérica, 71% de los consumidores afirma que la sustentabilidad es un tema relevante en el ámbito cotidiano. Pero además, 91% de los consultados reclama mayor intensidad de acción sobre el clima a escala local.</p>
<p>Entre un 50 y un 70% de los consumidores dicen estar dispuestos a pagar más por un producto o servicio que sea más sustentable dependiendo de la industria y el tipo de producto. Sin embargo, solo el 36% de<br />los ejecutivos creen que los clientes están dispuestos a pagar más por productos de cero emisiones.</p>
<p>Es muy interesante la visión que sobre este tema tienen las firmas de auditoría. Como empresas, deben estar en la cresta de la ola en este campo, especialmente en lo que hace al clima y el ambiente. Como consultores tienen la responsabilidad de ayudar con la estrategia de las empresas clientes.<br />Lo que aquí sigue son algunas visiones de protagonistas de este sector. </p>
<p>Por <a href="https://www.linkedin.com/in/fernandotezanospinto/">Fernando Tezanos Pinto,</a> Presidente de Auren Argentina en <a href="https://mercado.com.ar/wp/wp-content/uploads/2022/08/sustentabilidad.pdf">Revista Mercado</a>.</p>
<figure class="wp-block-image size-full"><img decoding="async" loading="lazy" width="750" height="529" src="https://aurenweb-stg.servidortemporal.net/ar/wp-content/uploads/migration/2022/10/Revista-Mercado-2.png" alt="" class="wp-image-15613" srcset="https://aurenweb-stg.servidortemporal.net/ar/wp-content/uploads/migration/2022/10/Revista-Mercado-2.png 750w, https://aurenweb-stg.servidortemporal.net/ar/wp-content/uploads/migration/2022/10/Revista-Mercado-2-300x212.png 300w" sizes="auto, (max-width: 750px) 100vw, 750px" /><figcaption>Revista Mercado</figcaption></figure>
<p><!-- AddThis Advanced Settings generic via filter on the_content --><!-- AddThis Share Buttons generic via filter on the_content --></p>

<p>En una reciente encuesta en Latinoamérica, 71% de los consumidores afirma que la sustentabilidad es un tema relevante en el ámbito cotidiano. Pero además, 91% de los consultados reclama mayor [&hellip;]</p>
