{"id":14091,"date":"2022-10-13T09:45:27","date_gmt":"2022-10-13T07:45:27","guid":{"rendered":"https:\/\/auren.com\/ar\/new\/evento-16-convencion-auren-internacional\/"},"modified":"2022-10-13T09:45:27","modified_gmt":"2022-10-13T07:45:27","slug":"evento-16-convencion-auren-internacional","status":"publish","type":"new","link":"https:\/\/aurenweb-stg.servidortemporal.net\/ar\/noticias\/evento-16-convencion-auren-internacional\/","title":{"rendered":"Evento | 16\u00b0 Convenci\u00f3n Auren Internacional"},"content":{"rendered":"<h2 class=\"wp-block-heading\">Auren celebr\u00f3 la 16\u00b0 Convenci\u00f3n Internacional y el 14\u00b0 Congreso mundial de ANTEA en Espa\u00f1a, ciudad de Barcelona el 29 y 30 de septiembre del 2022.<\/h2>\n<p>Luego de dos a\u00f1os de pandemia, m\u00e1s de 100 miembros de Auren de todo el mundo se volvieron a encontrar y se unieron para compartir experiencias y seguir formando lazos entre los pa\u00edses.<\/p>\n<p>Nuestro equipo profesional de <a href=\"https:\/\/aurenweb-stg.servidortemporal.net\/ar\/\">Auren Argentina<\/a> estuvo presente con la participaci\u00f3n de <a href=\"https:\/\/www.linkedin.com\/in\/fernandotezanospinto\/\">Fernando Tezanos Pinto<\/a>, Presidente; <a href=\"https:\/\/www.linkedin.com\/in\/diegocaridefitte\/\">Diego Caride Fitte<\/a>, Managing Partner; <a href=\"https:\/\/www.linkedin.com\/in\/marianoalvarado\/\">Mariano Alvarado<\/a>, Socio Director; <a href=\"https:\/\/www.linkedin.com\/in\/gabrielhermida\/\">Gabriel Hermida<\/a>, Socio de <a href=\"https:\/\/aurenweb-stg.servidortemporal.net\/ar\/servicios\/tax-legal\/impuestos\/\">Impuestos<\/a> y <a href=\"https:\/\/www.linkedin.com\/in\/salernoluis\/\">Luis Salerno<\/a>, Director de <a href=\"https:\/\/www.auren.com.ar\/bpotercerizacion\/\">BPO<\/a> y Gerente General de <a href=\"https:\/\/www.aurenenlatinoamerica.com\/\">Auren en Latinoam\u00e9rica<\/a>,<\/p>\n<p>Durante la primera jornada enfocada en Auren compartieron diversos temas de agenda como las novedades y actualizaciones de la firma, planes estrat\u00e9gicos e informes de resultados de cada uno de los pa\u00edses, sesiones t\u00e9cnicas y mejores pr\u00e1cticas de gesti\u00f3n.<\/p>\n<p>Se presentaron los factores relevantes de Auren durante el 2022, nuevos socios y servicios, presencia en sectores, oficinas, nuevas alianzas, clientes, acciones de marketing y posicionamiento de marca.<\/p>\n<p>Adem\u00e1s, repasaron la gestaci\u00f3n, el lanzamiento y la actualidad de <a href=\"https:\/\/www.aurenenlatinoamerica.com\/\">Auren en Latinoam\u00e9rica<\/a>, buscando oportunidades de mejoras y crecimiento para el 2023.<\/p>\n<p>En la segunda jornada se celebr\u00f3 la 14\u00b0 Conferencia de <a href=\"https:\/\/antea-int.com\/es\/\">ANTEA<\/a>, donde se presentaron nuevos miembros, junta de accionistas, negocios y sesiones t\u00e9cnicas.<\/p>\n<p>Entre las dos jornadas intensas de trabajo, disfrutaron un programa social compartiendo una cena con comida mediterr\u00e1nea con vista al mar, y otra cocina tradicional catalana con panor\u00e1mica de la ciudad de Barcelona. Cerraron el encuentro con una gu\u00eda de tapas descubriendo la cultura gastron\u00f3mica e historia de la ciudad.<\/p>\n<figure class=\"wp-block-image size-large\"><img decoding=\"async\" loading=\"lazy\" width=\"1024\" height=\"559\" src=\"https:\/\/aurenweb-stg.servidortemporal.net\/ar\/wp-content\/uploads\/migration\/2022\/10\/Miembros-de-Auren-Argentina-en-la-Convencion-1024x559.jpeg\" alt=\"\" class=\"wp-image-15531\" srcset=\"https:\/\/aurenweb-stg.servidortemporal.net\/ar\/wp-content\/uploads\/migration\/2022\/10\/Miembros-de-Auren-Argentina-en-la-Convencion-1024x559.jpeg 1024w, https:\/\/aurenweb-stg.servidortemporal.net\/ar\/wp-content\/uploads\/migration\/2022\/10\/Miembros-de-Auren-Argentina-en-la-Convencion-300x164.jpeg 300w, https:\/\/aurenweb-stg.servidortemporal.net\/ar\/wp-content\/uploads\/migration\/2022\/10\/Miembros-de-Auren-Argentina-en-la-Convencion-768x419.jpeg 768w, https:\/\/aurenweb-stg.servidortemporal.net\/ar\/wp-content\/uploads\/migration\/2022\/10\/Miembros-de-Auren-Argentina-en-la-Convencion-1536x839.jpeg 1536w, https:\/\/aurenweb-stg.servidortemporal.net\/ar\/wp-content\/uploads\/migration\/2022\/10\/Miembros-de-Auren-Argentina-en-la-Convencion.jpeg 1551w\" sizes=\"auto, (max-width: 1024px) 100vw, 1024px\" \/><figcaption>Socios miembros de Auren Argentina en la Convenci\u00f3n Internacional de Auren<\/figcaption><\/figure>\n<figure class=\"wp-block-image size-large\"><img decoding=\"async\" loading=\"lazy\" width=\"1024\" height=\"486\" src=\"https:\/\/aurenweb-stg.servidortemporal.net\/ar\/wp-content\/uploads\/migration\/2022\/10\/Convencion-Auren-en-Latinoamerica-1024x486.jpeg\" alt=\"\" class=\"wp-image-15533\" srcset=\"https:\/\/aurenweb-stg.servidortemporal.net\/ar\/wp-content\/uploads\/migration\/2022\/10\/Convencion-Auren-en-Latinoamerica-1024x486.jpeg 1024w, https:\/\/aurenweb-stg.servidortemporal.net\/ar\/wp-content\/uploads\/migration\/2022\/10\/Convencion-Auren-en-Latinoamerica-300x142.jpeg 300w, https:\/\/aurenweb-stg.servidortemporal.net\/ar\/wp-content\/uploads\/migration\/2022\/10\/Convencion-Auren-en-Latinoamerica-768x364.jpeg 768w, https:\/\/aurenweb-stg.servidortemporal.net\/ar\/wp-content\/uploads\/migration\/2022\/10\/Convencion-Auren-en-Latinoamerica-1536x729.jpeg 1536w, https:\/\/aurenweb-stg.servidortemporal.net\/ar\/wp-content\/uploads\/migration\/2022\/10\/Convencion-Auren-en-Latinoamerica.jpeg 1593w\" sizes=\"auto, (max-width: 1024px) 100vw, 1024px\" \/><figcaption>Convenci\u00f3n de Auren en Latinoam\u00e9rica<\/figcaption><\/figure>\n<figure class=\"wp-block-image size-large\"><img decoding=\"async\" loading=\"lazy\" width=\"1024\" height=\"942\" src=\"https:\/\/aurenweb-stg.servidortemporal.net\/ar\/wp-content\/uploads\/migration\/2022\/10\/FTP-DCF-MA-despidiendo-a-ANTONI-1024x942.jpeg\" alt=\"\" class=\"wp-image-15535\" srcset=\"https:\/\/aurenweb-stg.servidortemporal.net\/ar\/wp-content\/uploads\/migration\/2022\/10\/FTP-DCF-MA-despidiendo-a-ANTONI-1024x942.jpeg 1024w, https:\/\/aurenweb-stg.servidortemporal.net\/ar\/wp-content\/uploads\/migration\/2022\/10\/FTP-DCF-MA-despidiendo-a-ANTONI-300x276.jpeg 300w, https:\/\/aurenweb-stg.servidortemporal.net\/ar\/wp-content\/uploads\/migration\/2022\/10\/FTP-DCF-MA-despidiendo-a-ANTONI-768x706.jpeg 768w, https:\/\/aurenweb-stg.servidortemporal.net\/ar\/wp-content\/uploads\/migration\/2022\/10\/FTP-DCF-MA-despidiendo-a-ANTONI.jpeg 1183w\" sizes=\"auto, (max-width: 1024px) 100vw, 1024px\" \/><figcaption>Fernando Tezanos Pinto, Diego Caride Fitte y Mariano Alvarado despidiendo a Antoni G\u00f3mez Valverde, Presidente de Auren Internacional<\/figcaption><\/figure>\n<p><!-- AddThis Advanced Settings generic via filter on the_content --><!-- AddThis Share Buttons generic via filter on the_content --><\/p>\n","protected":false},"excerpt":{"rendered":"<p>Auren celebr\u00f3 la 16\u00b0 Convenci\u00f3n Internacional y el 14\u00b0 Congreso mundial de ANTEA en Espa\u00f1a, ciudad de Barcelona el 29 y 30 de septiembre del 2022. Luego de dos a\u00f1os [&hellip;]<\/p>\n","protected":false},"featured_media":14113,"template":"","meta":{"_acf_changed":false,"footnotes":""},"new-category":[],"class_list":["post-14091","new","type-new","status-publish","has-post-thumbnail","hentry"],"acf":[],"_links":{"self":[{"href":"https:\/\/aurenweb-stg.servidortemporal.net\/ar\/wp-json\/wp\/v2\/new\/14091","targetHints":{"allow":["GET"]}}],"collection":[{"href":"https:\/\/aurenweb-stg.servidortemporal.net\/ar\/wp-json\/wp\/v2\/new"}],"about":[{"href":"https:\/\/aurenweb-stg.servidortemporal.net\/ar\/wp-json\/wp\/v2\/types\/new"}],"version-history":[{"count":0,"href":"https:\/\/aurenweb-stg.servidortemporal.net\/ar\/wp-json\/wp\/v2\/new\/14091\/revisions"}],"wp:featuredmedia":[{"embeddable":true,"href":"https:\/\/aurenweb-stg.servidortemporal.net\/ar\/wp-json\/wp\/v2\/media\/14113"}],"wp:attachment":[{"href":"https:\/\/aurenweb-stg.servidortemporal.net\/ar\/wp-json\/wp\/v2\/media?parent=14091"}],"wp:term":[{"taxonomy":"new-category","embeddable":true,"href":"https:\/\/aurenweb-stg.servidortemporal.net\/ar\/wp-json\/wp\/v2\/new-category?post=14091"}],"curies":[{"name":"wp","href":"https:\/\/api.w.org\/{rel}","templated":true}]}}

Evento | 16° Convención Auren Internacional

<h2 class="wp-block-heading">Auren celebró la 16° Convención Internacional y el 14° Congreso mundial de ANTEA en España, ciudad de Barcelona el 29 y 30 de septiembre del 2022.</h2>
<p>Luego de dos años de pandemia, más de 100 miembros de Auren de todo el mundo se volvieron a encontrar y se unieron para compartir experiencias y seguir formando lazos entre los países.</p>
<p>Nuestro equipo profesional de <a href="https://aurenweb-stg.servidortemporal.net/ar/">Auren Argentina</a> estuvo presente con la participación de <a href="https://www.linkedin.com/in/fernandotezanospinto/">Fernando Tezanos Pinto</a>, Presidente; <a href="https://www.linkedin.com/in/diegocaridefitte/">Diego Caride Fitte</a>, Managing Partner; <a href="https://www.linkedin.com/in/marianoalvarado/">Mariano Alvarado</a>, Socio Director; <a href="https://www.linkedin.com/in/gabrielhermida/">Gabriel Hermida</a>, Socio de <a href="https://aurenweb-stg.servidortemporal.net/ar/servicios/tax-legal/impuestos/">Impuestos</a> y <a href="https://www.linkedin.com/in/salernoluis/">Luis Salerno</a>, Director de <a href="https://www.auren.com.ar/bpotercerizacion/">BPO</a> y Gerente General de <a href="https://www.aurenenlatinoamerica.com/">Auren en Latinoamérica</a>,</p>
<p>Durante la primera jornada enfocada en Auren compartieron diversos temas de agenda como las novedades y actualizaciones de la firma, planes estratégicos e informes de resultados de cada uno de los países, sesiones técnicas y mejores prácticas de gestión.</p>
<p>Se presentaron los factores relevantes de Auren durante el 2022, nuevos socios y servicios, presencia en sectores, oficinas, nuevas alianzas, clientes, acciones de marketing y posicionamiento de marca.</p>
<p>Además, repasaron la gestación, el lanzamiento y la actualidad de <a href="https://www.aurenenlatinoamerica.com/">Auren en Latinoamérica</a>, buscando oportunidades de mejoras y crecimiento para el 2023.</p>
<p>En la segunda jornada se celebró la 14° Conferencia de <a href="https://antea-int.com/es/">ANTEA</a>, donde se presentaron nuevos miembros, junta de accionistas, negocios y sesiones técnicas.</p>
<p>Entre las dos jornadas intensas de trabajo, disfrutaron un programa social compartiendo una cena con comida mediterránea con vista al mar, y otra cocina tradicional catalana con panorámica de la ciudad de Barcelona. Cerraron el encuentro con una guía de tapas descubriendo la cultura gastronómica e historia de la ciudad.</p>
<figure class="wp-block-image size-large"><img decoding="async" loading="lazy" width="1024" height="559" src="https://aurenweb-stg.servidortemporal.net/ar/wp-content/uploads/migration/2022/10/Miembros-de-Auren-Argentina-en-la-Convencion-1024x559.jpeg" alt="" class="wp-image-15531" srcset="https://aurenweb-stg.servidortemporal.net/ar/wp-content/uploads/migration/2022/10/Miembros-de-Auren-Argentina-en-la-Convencion-1024x559.jpeg 1024w, https://aurenweb-stg.servidortemporal.net/ar/wp-content/uploads/migration/2022/10/Miembros-de-Auren-Argentina-en-la-Convencion-300x164.jpeg 300w, https://aurenweb-stg.servidortemporal.net/ar/wp-content/uploads/migration/2022/10/Miembros-de-Auren-Argentina-en-la-Convencion-768x419.jpeg 768w, https://aurenweb-stg.servidortemporal.net/ar/wp-content/uploads/migration/2022/10/Miembros-de-Auren-Argentina-en-la-Convencion-1536x839.jpeg 1536w, https://aurenweb-stg.servidortemporal.net/ar/wp-content/uploads/migration/2022/10/Miembros-de-Auren-Argentina-en-la-Convencion.jpeg 1551w" sizes="auto, (max-width: 1024px) 100vw, 1024px" /><figcaption>Socios miembros de Auren Argentina en la Convención Internacional de Auren</figcaption></figure>
<figure class="wp-block-image size-large"><img decoding="async" loading="lazy" width="1024" height="486" src="https://aurenweb-stg.servidortemporal.net/ar/wp-content/uploads/migration/2022/10/Convencion-Auren-en-Latinoamerica-1024x486.jpeg" alt="" class="wp-image-15533" srcset="https://aurenweb-stg.servidortemporal.net/ar/wp-content/uploads/migration/2022/10/Convencion-Auren-en-Latinoamerica-1024x486.jpeg 1024w, https://aurenweb-stg.servidortemporal.net/ar/wp-content/uploads/migration/2022/10/Convencion-Auren-en-Latinoamerica-300x142.jpeg 300w, https://aurenweb-stg.servidortemporal.net/ar/wp-content/uploads/migration/2022/10/Convencion-Auren-en-Latinoamerica-768x364.jpeg 768w, https://aurenweb-stg.servidortemporal.net/ar/wp-content/uploads/migration/2022/10/Convencion-Auren-en-Latinoamerica-1536x729.jpeg 1536w, https://aurenweb-stg.servidortemporal.net/ar/wp-content/uploads/migration/2022/10/Convencion-Auren-en-Latinoamerica.jpeg 1593w" sizes="auto, (max-width: 1024px) 100vw, 1024px" /><figcaption>Convención de Auren en Latinoamérica</figcaption></figure>
<figure class="wp-block-image size-large"><img decoding="async" loading="lazy" width="1024" height="942" src="https://aurenweb-stg.servidortemporal.net/ar/wp-content/uploads/migration/2022/10/FTP-DCF-MA-despidiendo-a-ANTONI-1024x942.jpeg" alt="" class="wp-image-15535" srcset="https://aurenweb-stg.servidortemporal.net/ar/wp-content/uploads/migration/2022/10/FTP-DCF-MA-despidiendo-a-ANTONI-1024x942.jpeg 1024w, https://aurenweb-stg.servidortemporal.net/ar/wp-content/uploads/migration/2022/10/FTP-DCF-MA-despidiendo-a-ANTONI-300x276.jpeg 300w, https://aurenweb-stg.servidortemporal.net/ar/wp-content/uploads/migration/2022/10/FTP-DCF-MA-despidiendo-a-ANTONI-768x706.jpeg 768w, https://aurenweb-stg.servidortemporal.net/ar/wp-content/uploads/migration/2022/10/FTP-DCF-MA-despidiendo-a-ANTONI.jpeg 1183w" sizes="auto, (max-width: 1024px) 100vw, 1024px" /><figcaption>Fernando Tezanos Pinto, Diego Caride Fitte y Mariano Alvarado despidiendo a Antoni Gómez Valverde, Presidente de Auren Internacional</figcaption></figure>
<p><!-- AddThis Advanced Settings generic via filter on the_content --><!-- AddThis Share Buttons generic via filter on the_content --></p>

<p>Auren celebró la 16° Convención Internacional y el 14° Congreso mundial de ANTEA en España, ciudad de Barcelona el 29 y 30 de septiembre del 2022. Luego de dos años [&hellip;]</p>
