{"id":14133,"date":"2022-10-05T13:06:18","date_gmt":"2022-10-05T11:06:18","guid":{"rendered":"https:\/\/auren.com\/ar\/new\/capacitacion-auren-junto-a-la-escuela-pescar-usal\/"},"modified":"2022-10-05T13:06:18","modified_gmt":"2022-10-05T11:06:18","slug":"capacitacion-auren-junto-a-la-escuela-pescar-usal","status":"publish","type":"new","link":"https:\/\/aurenweb-stg.servidortemporal.net\/ar\/noticias\/capacitacion-auren-junto-a-la-escuela-pescar-usal\/","title":{"rendered":"Capacitaci\u00f3n | Auren junto a la Escuela Pescar USAL"},"content":{"rendered":"<p>El pasado lunes 26 de septiembre <a href=\"https:\/\/www.linkedin.com\/in\/sebastian-maciarello-4887341b\/\">Sebastian Maciarello<\/a>, Gerente de Selecci\u00f3n y <a href=\"https:\/\/aurenweb-stg.servidortemporal.net\/ar\/servicios\/outsourcing\/bpo-business-process-outsourcing\/\">BPO<\/a> de <a href=\"https:\/\/aurenweb-stg.servidortemporal.net\/ar\/\">Auren Argentina<\/a> estuvo junto a los alumnos de 6to a\u00f1o del secundario del Centro Pescar en el campus de Pescar USAL, ubicado en Pilar.<\/p>\n<p>Maciarello comparti\u00f3 con los alumnos una charla motivadora orientada a c\u00f3mo preparar sus cvs, armados de perfil profesional, herramientas y nuevas tecnolog\u00edas, elecci\u00f3n de carreras y habilidades frente a entrevistas de trabajo.<\/p>\n<p>Tambi\u00e9n intercambiaron experiencias personales y profesionales frente a su mirada y futuro laboral.<\/p>\n<p>Desde Fundaci\u00f3n Pescar y Universidad del Salvador con la <a href=\"https:\/\/noticias.usal.edu.ar\/es\/escuela-pescar-usal\">Escuela Pescar USAL<\/a> trabajan formando j\u00f3venes para su futuro laboral y profesional, abordando desde habilidades blandas, tecnolog\u00eda, idiomas y brindando capacitaciones constantes.<\/p>\n<figure class=\"wp-block-image size-large\"><img decoding=\"async\" loading=\"lazy\" width=\"1024\" height=\"460\" src=\"https:\/\/aurenweb-stg.servidortemporal.net\/ar\/wp-content\/uploads\/migration\/2022\/10\/MicrosoftTeams-image-4-1-1024x460.jpg\" alt=\"\" class=\"wp-image-15481\" srcset=\"https:\/\/aurenweb-stg.servidortemporal.net\/ar\/wp-content\/uploads\/migration\/2022\/10\/MicrosoftTeams-image-4-1-1024x460.jpg 1024w, https:\/\/aurenweb-stg.servidortemporal.net\/ar\/wp-content\/uploads\/migration\/2022\/10\/MicrosoftTeams-image-4-1-300x135.jpg 300w, https:\/\/aurenweb-stg.servidortemporal.net\/ar\/wp-content\/uploads\/migration\/2022\/10\/MicrosoftTeams-image-4-1-768x345.jpg 768w, https:\/\/aurenweb-stg.servidortemporal.net\/ar\/wp-content\/uploads\/migration\/2022\/10\/MicrosoftTeams-image-4-1-1536x690.jpg 1536w, https:\/\/aurenweb-stg.servidortemporal.net\/ar\/wp-content\/uploads\/migration\/2022\/10\/MicrosoftTeams-image-4-1.jpg 1600w\" sizes=\"auto, (max-width: 1024px) 100vw, 1024px\" \/><\/figure>\n<\/p>\n<figure class=\"wp-block-image size-large\"><img decoding=\"async\" loading=\"lazy\" width=\"1024\" height=\"461\" src=\"https:\/\/aurenweb-stg.servidortemporal.net\/ar\/wp-content\/uploads\/migration\/2022\/10\/MicrosoftTeams-image-7-1024x461.jpg\" alt=\"\" class=\"wp-image-15473\" srcset=\"https:\/\/aurenweb-stg.servidortemporal.net\/ar\/wp-content\/uploads\/migration\/2022\/10\/MicrosoftTeams-image-7-1024x461.jpg 1024w, https:\/\/aurenweb-stg.servidortemporal.net\/ar\/wp-content\/uploads\/migration\/2022\/10\/MicrosoftTeams-image-7-300x135.jpg 300w, https:\/\/aurenweb-stg.servidortemporal.net\/ar\/wp-content\/uploads\/migration\/2022\/10\/MicrosoftTeams-image-7-768x346.jpg 768w, https:\/\/aurenweb-stg.servidortemporal.net\/ar\/wp-content\/uploads\/migration\/2022\/10\/MicrosoftTeams-image-7-1536x691.jpg 1536w, https:\/\/aurenweb-stg.servidortemporal.net\/ar\/wp-content\/uploads\/migration\/2022\/10\/MicrosoftTeams-image-7.jpg 1600w\" sizes=\"auto, (max-width: 1024px) 100vw, 1024px\" \/><\/figure>\n<p><!-- AddThis Advanced Settings generic via filter on the_content --><!-- AddThis Share Buttons generic via filter on the_content --><\/p>\n","protected":false},"excerpt":{"rendered":"<p>El pasado lunes 26 de septiembre Sebastian Maciarello, Gerente de Selecci\u00f3n y BPO de Auren Argentina estuvo junto a los alumnos de 6to a\u00f1o del secundario del Centro Pescar en [&hellip;]<\/p>\n","protected":false},"featured_media":14143,"template":"","meta":{"_acf_changed":false,"footnotes":""},"new-category":[],"class_list":["post-14133","new","type-new","status-publish","has-post-thumbnail","hentry"],"acf":[],"_links":{"self":[{"href":"https:\/\/aurenweb-stg.servidortemporal.net\/ar\/wp-json\/wp\/v2\/new\/14133","targetHints":{"allow":["GET"]}}],"collection":[{"href":"https:\/\/aurenweb-stg.servidortemporal.net\/ar\/wp-json\/wp\/v2\/new"}],"about":[{"href":"https:\/\/aurenweb-stg.servidortemporal.net\/ar\/wp-json\/wp\/v2\/types\/new"}],"version-history":[{"count":0,"href":"https:\/\/aurenweb-stg.servidortemporal.net\/ar\/wp-json\/wp\/v2\/new\/14133\/revisions"}],"wp:featuredmedia":[{"embeddable":true,"href":"https:\/\/aurenweb-stg.servidortemporal.net\/ar\/wp-json\/wp\/v2\/media\/14143"}],"wp:attachment":[{"href":"https:\/\/aurenweb-stg.servidortemporal.net\/ar\/wp-json\/wp\/v2\/media?parent=14133"}],"wp:term":[{"taxonomy":"new-category","embeddable":true,"href":"https:\/\/aurenweb-stg.servidortemporal.net\/ar\/wp-json\/wp\/v2\/new-category?post=14133"}],"curies":[{"name":"wp","href":"https:\/\/api.w.org\/{rel}","templated":true}]}}

Capacitación | Auren junto a la Escuela Pescar USAL

<p>El pasado lunes 26 de septiembre <a href="https://www.linkedin.com/in/sebastian-maciarello-4887341b/">Sebastian Maciarello</a>, Gerente de Selección y <a href="https://aurenweb-stg.servidortemporal.net/ar/servicios/outsourcing/bpo-business-process-outsourcing/">BPO</a> de <a href="https://aurenweb-stg.servidortemporal.net/ar/">Auren Argentina</a> estuvo junto a los alumnos de 6to año del secundario del Centro Pescar en el campus de Pescar USAL, ubicado en Pilar.</p>
<p>Maciarello compartió con los alumnos una charla motivadora orientada a cómo preparar sus cvs, armados de perfil profesional, herramientas y nuevas tecnologías, elección de carreras y habilidades frente a entrevistas de trabajo.</p>
<p>También intercambiaron experiencias personales y profesionales frente a su mirada y futuro laboral.</p>
<p>Desde Fundación Pescar y Universidad del Salvador con la <a href="https://noticias.usal.edu.ar/es/escuela-pescar-usal">Escuela Pescar USAL</a> trabajan formando jóvenes para su futuro laboral y profesional, abordando desde habilidades blandas, tecnología, idiomas y brindando capacitaciones constantes.</p>
<figure class="wp-block-image size-large"><img decoding="async" loading="lazy" width="1024" height="460" src="https://aurenweb-stg.servidortemporal.net/ar/wp-content/uploads/migration/2022/10/MicrosoftTeams-image-4-1-1024x460.jpg" alt="" class="wp-image-15481" srcset="https://aurenweb-stg.servidortemporal.net/ar/wp-content/uploads/migration/2022/10/MicrosoftTeams-image-4-1-1024x460.jpg 1024w, https://aurenweb-stg.servidortemporal.net/ar/wp-content/uploads/migration/2022/10/MicrosoftTeams-image-4-1-300x135.jpg 300w, https://aurenweb-stg.servidortemporal.net/ar/wp-content/uploads/migration/2022/10/MicrosoftTeams-image-4-1-768x345.jpg 768w, https://aurenweb-stg.servidortemporal.net/ar/wp-content/uploads/migration/2022/10/MicrosoftTeams-image-4-1-1536x690.jpg 1536w, https://aurenweb-stg.servidortemporal.net/ar/wp-content/uploads/migration/2022/10/MicrosoftTeams-image-4-1.jpg 1600w" sizes="auto, (max-width: 1024px) 100vw, 1024px" /></figure>
</p>
<figure class="wp-block-image size-large"><img decoding="async" loading="lazy" width="1024" height="461" src="https://aurenweb-stg.servidortemporal.net/ar/wp-content/uploads/migration/2022/10/MicrosoftTeams-image-7-1024x461.jpg" alt="" class="wp-image-15473" srcset="https://aurenweb-stg.servidortemporal.net/ar/wp-content/uploads/migration/2022/10/MicrosoftTeams-image-7-1024x461.jpg 1024w, https://aurenweb-stg.servidortemporal.net/ar/wp-content/uploads/migration/2022/10/MicrosoftTeams-image-7-300x135.jpg 300w, https://aurenweb-stg.servidortemporal.net/ar/wp-content/uploads/migration/2022/10/MicrosoftTeams-image-7-768x346.jpg 768w, https://aurenweb-stg.servidortemporal.net/ar/wp-content/uploads/migration/2022/10/MicrosoftTeams-image-7-1536x691.jpg 1536w, https://aurenweb-stg.servidortemporal.net/ar/wp-content/uploads/migration/2022/10/MicrosoftTeams-image-7.jpg 1600w" sizes="auto, (max-width: 1024px) 100vw, 1024px" /></figure>
<p><!-- AddThis Advanced Settings generic via filter on the_content --><!-- AddThis Share Buttons generic via filter on the_content --></p>

<p>El pasado lunes 26 de septiembre Sebastian Maciarello, Gerente de Selección y BPO de Auren Argentina estuvo junto a los alumnos de 6to año del secundario del Centro Pescar en [&hellip;]</p>
