{"id":14159,"date":"2022-09-28T14:38:26","date_gmt":"2022-09-28T12:38:26","guid":{"rendered":"https:\/\/auren.com\/ar\/new\/prensa-empresarios-ante-la-nueva-generacion-de-profesionales-mercado-21-9-2022\/"},"modified":"2022-09-28T14:38:26","modified_gmt":"2022-09-28T12:38:26","slug":"prensa-empresarios-ante-la-nueva-generacion-de-profesionales-mercado-21-9-2022","status":"publish","type":"new","link":"https:\/\/aurenweb-stg.servidortemporal.net\/ar\/noticias\/prensa-empresarios-ante-la-nueva-generacion-de-profesionales-mercado-21-9-2022\/","title":{"rendered":"Prensa | Empresarios ante la nueva generaci\u00f3n de profesionales (Mercado 21.9.2022)"},"content":{"rendered":"<h2 class=\"wp-block-heading\">El mercado laboral contin\u00faa atravesando grandes transformaciones, nuevos modelos de trabajo, nuevas habilidades, revoluci\u00f3n tecnol\u00f3gica, globalizaci\u00f3n, a\u00fan impactado por la pandemia y la crisis econ\u00f3mica.<\/h2>\n<p>Por <a href=\"https:\/\/www.linkedin.com\/in\/salernoluis\/\">Luis Salerno<\/a>, Director de <a href=\"https:\/\/aurenweb-stg.servidortemporal.net\/ar\/servicios\/outsourcing\/bpo-business-process-outsourcing\/\">BPO<\/a> de <a href=\"https:\/\/aurenweb-stg.servidortemporal.net\/ar\/\">Auren Argentina<\/a><\/p>\n<p>En este escenario, encontramos las nuevas generaciones de j\u00f3venes profesionales que imponen desaf\u00edos, riesgos, nuevos intereses y tendencias. Nos enfrenta a un cambio de paradigma en torno al concepto y al modo tradicional de trabajar.<\/p>\n<p>Los empresarios tienen el compromiso de gestionar estos nuevos talentos, atraer y fidelizar. A partir de este contexto, Auren realiz\u00f3 una encuesta dirigida a m\u00e1s de 400 empresarios que nos permite conocer su mirada sobre el trabajo y futuro de los j\u00f3venes profesionales y entender la nueva generaci\u00f3n de talentos.<\/p>\n<p><strong><em>Canales de b\u00fasqueda y selecci\u00f3n<\/em><\/strong><strong>.<\/strong>&nbsp;El reclutamiento tambi\u00e9n ha atravesado una transformaci\u00f3n, asociada a las nuevas generaciones, tecnolog\u00edas, la velocidad de evoluci\u00f3n de los procesos y demandas, y los modos de entender la cultura del trabajo.<\/p>\n<p>Contamos en el mercado con gran variedad de plataformas y recursos para ofrecer las propuestas laborales activas. La mayor\u00eda de las empresas encuestadas eligen hacerlo a trav\u00e9s de las redes sociales (casi el 70%) y los portales de empleo (51%). M\u00e1s del 34% a trav\u00e9s de consultoras. Alrededor del 25% utiliza tambi\u00e9n las bolsas de trabajo de las Universidades y su web corporativa. Es notable que s\u00f3lo un poco m\u00e1s del 5% elige las ferias de empleo.<\/p>\n<p>A la hora de llevar a cabo un proceso de reclutamiento, el 50% se encuentra frente a la dificultad de que los salarios ofrecidos son bajos ante las expectativas de los candidatos. Cerca del 50% enfrenta la carencia de perfiles t\u00e9cnicos y profesionales y m\u00e1s del 33% observa falta de experiencia en los postulantes. El mercado en general hoy se encuentra con la incompatibilidad entre las condiciones de contrataci\u00f3n y salarios y las expectativas del candidato.<\/p>\n<p>Las organizaciones se vieron obligadas a emplear nuevas formas de operar. M\u00e1s del 70% de la generaci\u00f3n joven prefiere el trabajo h\u00edbrido. Ante a esta clara demanda y realidad, los empresarios expresaron adaptarse ofreciendo el 65% el modelo h\u00edbrido de trabajo. Solo el 28% de las empresas encuestadas exigen hoy la presencialidad total y apenas el 6,5% solo virtual.<\/p>\n<p><strong><em>El diferencial de las empresas<\/em><\/strong><strong>.<\/strong>&nbsp;Respecto a la hora de decidirse por un empleo, seg\u00fan los empresarios la mayor\u00eda de los j\u00f3venes (casi 68%) valora las condiciones de contrataci\u00f3n que ofrece la empresa, cerca del 54% el clima laboral y el 45% la oportunidad de aprendizaje y crecimiento profesional. Esto refleja las exigencias de la nueva generaci\u00f3n en relaci\u00f3n a la contrataci\u00f3n y pone a los empresarios ante desaf\u00edo de disminuir la rotaci\u00f3n y fidelizar los talentos.<\/p>\n<p>Es importante destacar que la imagen y reputaci\u00f3n de la empresa, sus valores y responsabilidad social son fundamentales a la hora de atraer talentos.<\/p>\n<p>A diferencia de generaciones anteriores, m\u00e1s del 63% de los empresarios destaca la actitud y capacidad de disfrute de los j\u00f3venes, el 50% piensa que tienen menos prejuicios y apertura a la diversidad. El 30% considera tambi\u00e9n su capacidad de adaptaci\u00f3n al cambio y flexibilidad.<\/p>\n<p>El impacto de la era digital ha generado en los j\u00f3venes nuevas formas de entender el trabajo y la forma de relacionarse. Son una generaci\u00f3n digital, hiperconectada, comprometida con las causas sociales, humanitarias y ambientales. Seg\u00fan la mirada de los empresarios, m\u00e1s del 50% destaca como su valor la creatividad, innovaci\u00f3n, identidad, ambici\u00f3n e ideales de libertad.<\/p>\n<p>Las expectativas en los j\u00f3venes han aumentado. La posibilidad de continuar creciendo es uno de los puntos m\u00e1s valorados por los candidatos. Aunque el salario sigue siendo uno de sus principales intereses, priorizan la flexibilidad, los beneficios, la cultura, el clima laboral y el equipo de trabajo que ofrece la empresa.<\/p>\n<p>Leer la nota completa en <a href=\"https:\/\/mercado.com.ar\/mercado-plus\/empresarios-ante-la-nueva-generacion-de-profesionales\/\">Mercado<\/a><\/p>\n<p><!-- AddThis Advanced Settings generic via filter on the_content --><!-- AddThis Share Buttons generic via filter on the_content --><\/p>\n","protected":false},"excerpt":{"rendered":"<p>El mercado laboral contin\u00faa atravesando grandes transformaciones, nuevos modelos de trabajo, nuevas habilidades, revoluci\u00f3n tecnol\u00f3gica, globalizaci\u00f3n, a\u00fan impactado por la pandemia y la crisis econ\u00f3mica. Por Luis Salerno, Director de [&hellip;]<\/p>\n","protected":false},"featured_media":14160,"template":"","meta":{"_acf_changed":false,"footnotes":""},"new-category":[],"class_list":["post-14159","new","type-new","status-publish","has-post-thumbnail","hentry"],"acf":[],"_links":{"self":[{"href":"https:\/\/aurenweb-stg.servidortemporal.net\/ar\/wp-json\/wp\/v2\/new\/14159","targetHints":{"allow":["GET"]}}],"collection":[{"href":"https:\/\/aurenweb-stg.servidortemporal.net\/ar\/wp-json\/wp\/v2\/new"}],"about":[{"href":"https:\/\/aurenweb-stg.servidortemporal.net\/ar\/wp-json\/wp\/v2\/types\/new"}],"version-history":[{"count":0,"href":"https:\/\/aurenweb-stg.servidortemporal.net\/ar\/wp-json\/wp\/v2\/new\/14159\/revisions"}],"wp:featuredmedia":[{"embeddable":true,"href":"https:\/\/aurenweb-stg.servidortemporal.net\/ar\/wp-json\/wp\/v2\/media\/14160"}],"wp:attachment":[{"href":"https:\/\/aurenweb-stg.servidortemporal.net\/ar\/wp-json\/wp\/v2\/media?parent=14159"}],"wp:term":[{"taxonomy":"new-category","embeddable":true,"href":"https:\/\/aurenweb-stg.servidortemporal.net\/ar\/wp-json\/wp\/v2\/new-category?post=14159"}],"curies":[{"name":"wp","href":"https:\/\/api.w.org\/{rel}","templated":true}]}}

Prensa | Empresarios ante la nueva generación de profesionales (Mercado 21.9.2022)

<h2 class="wp-block-heading">El mercado laboral continúa atravesando grandes transformaciones, nuevos modelos de trabajo, nuevas habilidades, revolución tecnológica, globalización, aún impactado por la pandemia y la crisis económica.</h2>
<p>Por <a href="https://www.linkedin.com/in/salernoluis/">Luis Salerno</a>, Director de <a href="https://aurenweb-stg.servidortemporal.net/ar/servicios/outsourcing/bpo-business-process-outsourcing/">BPO</a> de <a href="https://aurenweb-stg.servidortemporal.net/ar/">Auren Argentina</a></p>
<p>En este escenario, encontramos las nuevas generaciones de jóvenes profesionales que imponen desafíos, riesgos, nuevos intereses y tendencias. Nos enfrenta a un cambio de paradigma en torno al concepto y al modo tradicional de trabajar.</p>
<p>Los empresarios tienen el compromiso de gestionar estos nuevos talentos, atraer y fidelizar. A partir de este contexto, Auren realizó una encuesta dirigida a más de 400 empresarios que nos permite conocer su mirada sobre el trabajo y futuro de los jóvenes profesionales y entender la nueva generación de talentos.</p>
<p><strong><em>Canales de búsqueda y selección</em></strong><strong>.</strong>&nbsp;El reclutamiento también ha atravesado una transformación, asociada a las nuevas generaciones, tecnologías, la velocidad de evolución de los procesos y demandas, y los modos de entender la cultura del trabajo.</p>
<p>Contamos en el mercado con gran variedad de plataformas y recursos para ofrecer las propuestas laborales activas. La mayoría de las empresas encuestadas eligen hacerlo a través de las redes sociales (casi el 70%) y los portales de empleo (51%). Más del 34% a través de consultoras. Alrededor del 25% utiliza también las bolsas de trabajo de las Universidades y su web corporativa. Es notable que sólo un poco más del 5% elige las ferias de empleo.</p>
<p>A la hora de llevar a cabo un proceso de reclutamiento, el 50% se encuentra frente a la dificultad de que los salarios ofrecidos son bajos ante las expectativas de los candidatos. Cerca del 50% enfrenta la carencia de perfiles técnicos y profesionales y más del 33% observa falta de experiencia en los postulantes. El mercado en general hoy se encuentra con la incompatibilidad entre las condiciones de contratación y salarios y las expectativas del candidato.</p>
<p>Las organizaciones se vieron obligadas a emplear nuevas formas de operar. Más del 70% de la generación joven prefiere el trabajo híbrido. Ante a esta clara demanda y realidad, los empresarios expresaron adaptarse ofreciendo el 65% el modelo híbrido de trabajo. Solo el 28% de las empresas encuestadas exigen hoy la presencialidad total y apenas el 6,5% solo virtual.</p>
<p><strong><em>El diferencial de las empresas</em></strong><strong>.</strong>&nbsp;Respecto a la hora de decidirse por un empleo, según los empresarios la mayoría de los jóvenes (casi 68%) valora las condiciones de contratación que ofrece la empresa, cerca del 54% el clima laboral y el 45% la oportunidad de aprendizaje y crecimiento profesional. Esto refleja las exigencias de la nueva generación en relación a la contratación y pone a los empresarios ante desafío de disminuir la rotación y fidelizar los talentos.</p>
<p>Es importante destacar que la imagen y reputación de la empresa, sus valores y responsabilidad social son fundamentales a la hora de atraer talentos.</p>
<p>A diferencia de generaciones anteriores, más del 63% de los empresarios destaca la actitud y capacidad de disfrute de los jóvenes, el 50% piensa que tienen menos prejuicios y apertura a la diversidad. El 30% considera también su capacidad de adaptación al cambio y flexibilidad.</p>
<p>El impacto de la era digital ha generado en los jóvenes nuevas formas de entender el trabajo y la forma de relacionarse. Son una generación digital, hiperconectada, comprometida con las causas sociales, humanitarias y ambientales. Según la mirada de los empresarios, más del 50% destaca como su valor la creatividad, innovación, identidad, ambición e ideales de libertad.</p>
<p>Las expectativas en los jóvenes han aumentado. La posibilidad de continuar creciendo es uno de los puntos más valorados por los candidatos. Aunque el salario sigue siendo uno de sus principales intereses, priorizan la flexibilidad, los beneficios, la cultura, el clima laboral y el equipo de trabajo que ofrece la empresa.</p>
<p>Leer la nota completa en <a href="https://mercado.com.ar/mercado-plus/empresarios-ante-la-nueva-generacion-de-profesionales/">Mercado</a></p>
<p><!-- AddThis Advanced Settings generic via filter on the_content --><!-- AddThis Share Buttons generic via filter on the_content --></p>

<p>El mercado laboral continúa atravesando grandes transformaciones, nuevos modelos de trabajo, nuevas habilidades, revolución tecnológica, globalización, aún impactado por la pandemia y la crisis económica. Por Luis Salerno, Director de [&hellip;]</p>
