{"id":14203,"date":"2022-09-08T10:57:44","date_gmt":"2022-09-08T08:57:44","guid":{"rendered":"https:\/\/auren.com\/ar\/new\/evento-auren-presente-en-la-feria-de-empresas-up-2022\/"},"modified":"2022-09-08T10:57:44","modified_gmt":"2022-09-08T08:57:44","slug":"evento-auren-presente-en-la-feria-de-empresas-up-2022","status":"publish","type":"new","link":"https:\/\/aurenweb-stg.servidortemporal.net\/ar\/noticias\/evento-auren-presente-en-la-feria-de-empresas-up-2022\/","title":{"rendered":"Evento | Auren presente en la Feria de Empresas UP 2022"},"content":{"rendered":"<p>El pasado martes 6 de septiembre estuvimos presente en la <a href=\"https:\/\/www.palermo.edu\/feria-de-empresas\/\">Feria de Empresas UP 202<\/a>2  organizada por el Departamento de Desarrollo profesional de la\u00a0<a href=\"https:\/\/www.palermo.edu\/\">Universidad de Palerm<\/a>o, donde junto con importantes empresas recibimos a los alumnos y graduados para compartir las oportunidades de mercado.<\/p>\n<p>En el stand de\u00a0<a href=\"https:\/\/aurenweb-stg.servidortemporal.net\/ar\/\">Auren Argentina<\/a>\u00a0con los responsables de recursos humanos del \u00e1rea de BPO y Gesti\u00f3n de Personas acercamos nuestras propuestas laborales, asesoramos para el armado y optimizaci\u00f3n de Cvs, adem\u00e1s de charlas, sorteos y premios. <\/p>\n<p>Excelente encuentro para acercarnos a las nuevas generaciones, compartir las b\u00fasquedas laborales abiertas y hacer un vinculo entre el talento y el mundo empresarial.<\/p>\n<figure class=\"wp-block-image size-full\"><img decoding=\"async\" loading=\"lazy\" width=\"956\" height=\"719\" src=\"https:\/\/aurenweb-stg.servidortemporal.net\/ar\/wp-content\/uploads\/migration\/2022\/09\/WhatsApp-Image-2022-09-06-at-13.52.31.jpeg\" alt=\"\" class=\"wp-image-15291\" srcset=\"https:\/\/aurenweb-stg.servidortemporal.net\/ar\/wp-content\/uploads\/migration\/2022\/09\/WhatsApp-Image-2022-09-06-at-13.52.31.jpeg 956w, https:\/\/aurenweb-stg.servidortemporal.net\/ar\/wp-content\/uploads\/migration\/2022\/09\/WhatsApp-Image-2022-09-06-at-13.52.31-300x226.jpeg 300w, https:\/\/aurenweb-stg.servidortemporal.net\/ar\/wp-content\/uploads\/migration\/2022\/09\/WhatsApp-Image-2022-09-06-at-13.52.31-768x578.jpeg 768w\" sizes=\"auto, (max-width: 956px) 100vw, 956px\" \/><\/figure>\n<figure class=\"wp-block-image size-large\"><img decoding=\"async\" loading=\"lazy\" width=\"1024\" height=\"461\" src=\"https:\/\/aurenweb-stg.servidortemporal.net\/ar\/wp-content\/uploads\/migration\/2022\/09\/WhatsApp-Image-2022-09-06-at-14.21.28-1024x461.jpeg\" alt=\"\" class=\"wp-image-15293\" srcset=\"https:\/\/aurenweb-stg.servidortemporal.net\/ar\/wp-content\/uploads\/migration\/2022\/09\/WhatsApp-Image-2022-09-06-at-14.21.28-1024x461.jpeg 1024w, https:\/\/aurenweb-stg.servidortemporal.net\/ar\/wp-content\/uploads\/migration\/2022\/09\/WhatsApp-Image-2022-09-06-at-14.21.28-300x135.jpeg 300w, https:\/\/aurenweb-stg.servidortemporal.net\/ar\/wp-content\/uploads\/migration\/2022\/09\/WhatsApp-Image-2022-09-06-at-14.21.28-768x346.jpeg 768w, https:\/\/aurenweb-stg.servidortemporal.net\/ar\/wp-content\/uploads\/migration\/2022\/09\/WhatsApp-Image-2022-09-06-at-14.21.28-1536x691.jpeg 1536w, https:\/\/aurenweb-stg.servidortemporal.net\/ar\/wp-content\/uploads\/migration\/2022\/09\/WhatsApp-Image-2022-09-06-at-14.21.28.jpeg 1600w\" sizes=\"auto, (max-width: 1024px) 100vw, 1024px\" \/><\/figure>\n<figure class=\"wp-block-image size-large\"><img decoding=\"async\" loading=\"lazy\" width=\"1024\" height=\"461\" src=\"https:\/\/aurenweb-stg.servidortemporal.net\/ar\/wp-content\/uploads\/migration\/2022\/09\/WhatsApp-Image-2022-09-06-at-14.23.22-1024x461.jpeg\" alt=\"\" class=\"wp-image-15295\" srcset=\"https:\/\/aurenweb-stg.servidortemporal.net\/ar\/wp-content\/uploads\/migration\/2022\/09\/WhatsApp-Image-2022-09-06-at-14.23.22-1024x461.jpeg 1024w, https:\/\/aurenweb-stg.servidortemporal.net\/ar\/wp-content\/uploads\/migration\/2022\/09\/WhatsApp-Image-2022-09-06-at-14.23.22-300x135.jpeg 300w, https:\/\/aurenweb-stg.servidortemporal.net\/ar\/wp-content\/uploads\/migration\/2022\/09\/WhatsApp-Image-2022-09-06-at-14.23.22-768x346.jpeg 768w, https:\/\/aurenweb-stg.servidortemporal.net\/ar\/wp-content\/uploads\/migration\/2022\/09\/WhatsApp-Image-2022-09-06-at-14.23.22-1536x691.jpeg 1536w, https:\/\/aurenweb-stg.servidortemporal.net\/ar\/wp-content\/uploads\/migration\/2022\/09\/WhatsApp-Image-2022-09-06-at-14.23.22.jpeg 1600w\" sizes=\"auto, (max-width: 1024px) 100vw, 1024px\" \/><\/figure>\n<p><!-- AddThis Advanced Settings generic via filter on the_content --><!-- AddThis Share Buttons generic via filter on the_content --><\/p>\n","protected":false},"excerpt":{"rendered":"<p>El pasado martes 6 de septiembre estuvimos presente en la Feria de Empresas UP 2022 organizada por el Departamento de Desarrollo profesional de la\u00a0Universidad de Palermo, donde junto con importantes [&hellip;]<\/p>\n","protected":false},"featured_media":14216,"template":"","meta":{"_acf_changed":false,"footnotes":""},"new-category":[],"class_list":["post-14203","new","type-new","status-publish","has-post-thumbnail","hentry"],"acf":[],"_links":{"self":[{"href":"https:\/\/aurenweb-stg.servidortemporal.net\/ar\/wp-json\/wp\/v2\/new\/14203","targetHints":{"allow":["GET"]}}],"collection":[{"href":"https:\/\/aurenweb-stg.servidortemporal.net\/ar\/wp-json\/wp\/v2\/new"}],"about":[{"href":"https:\/\/aurenweb-stg.servidortemporal.net\/ar\/wp-json\/wp\/v2\/types\/new"}],"version-history":[{"count":0,"href":"https:\/\/aurenweb-stg.servidortemporal.net\/ar\/wp-json\/wp\/v2\/new\/14203\/revisions"}],"wp:featuredmedia":[{"embeddable":true,"href":"https:\/\/aurenweb-stg.servidortemporal.net\/ar\/wp-json\/wp\/v2\/media\/14216"}],"wp:attachment":[{"href":"https:\/\/aurenweb-stg.servidortemporal.net\/ar\/wp-json\/wp\/v2\/media?parent=14203"}],"wp:term":[{"taxonomy":"new-category","embeddable":true,"href":"https:\/\/aurenweb-stg.servidortemporal.net\/ar\/wp-json\/wp\/v2\/new-category?post=14203"}],"curies":[{"name":"wp","href":"https:\/\/api.w.org\/{rel}","templated":true}]}}

<p>El pasado martes 6 de septiembre estuvimos presente en la <a href="https://www.palermo.edu/feria-de-empresas/">Feria de Empresas UP 202</a>2  organizada por el Departamento de Desarrollo profesional de la <a href="https://www.palermo.edu/">Universidad de Palerm</a>o, donde junto con importantes empresas recibimos a los alumnos y graduados para compartir las oportunidades de mercado.</p>
<p>En el stand de <a href="https://aurenweb-stg.servidortemporal.net/ar/">Auren Argentina</a> con los responsables de recursos humanos del área de BPO y Gestión de Personas acercamos nuestras propuestas laborales, asesoramos para el armado y optimización de Cvs, además de charlas, sorteos y premios. </p>
<p>Excelente encuentro para acercarnos a las nuevas generaciones, compartir las búsquedas laborales abiertas y hacer un vinculo entre el talento y el mundo empresarial.</p>
<figure class="wp-block-image size-full"><img decoding="async" loading="lazy" width="956" height="719" src="https://aurenweb-stg.servidortemporal.net/ar/wp-content/uploads/migration/2022/09/WhatsApp-Image-2022-09-06-at-13.52.31.jpeg" alt="" class="wp-image-15291" srcset="https://aurenweb-stg.servidortemporal.net/ar/wp-content/uploads/migration/2022/09/WhatsApp-Image-2022-09-06-at-13.52.31.jpeg 956w, https://aurenweb-stg.servidortemporal.net/ar/wp-content/uploads/migration/2022/09/WhatsApp-Image-2022-09-06-at-13.52.31-300x226.jpeg 300w, https://aurenweb-stg.servidortemporal.net/ar/wp-content/uploads/migration/2022/09/WhatsApp-Image-2022-09-06-at-13.52.31-768x578.jpeg 768w" sizes="auto, (max-width: 956px) 100vw, 956px" /></figure>
<figure class="wp-block-image size-large"><img decoding="async" loading="lazy" width="1024" height="461" src="https://aurenweb-stg.servidortemporal.net/ar/wp-content/uploads/migration/2022/09/WhatsApp-Image-2022-09-06-at-14.21.28-1024x461.jpeg" alt="" class="wp-image-15293" srcset="https://aurenweb-stg.servidortemporal.net/ar/wp-content/uploads/migration/2022/09/WhatsApp-Image-2022-09-06-at-14.21.28-1024x461.jpeg 1024w, https://aurenweb-stg.servidortemporal.net/ar/wp-content/uploads/migration/2022/09/WhatsApp-Image-2022-09-06-at-14.21.28-300x135.jpeg 300w, https://aurenweb-stg.servidortemporal.net/ar/wp-content/uploads/migration/2022/09/WhatsApp-Image-2022-09-06-at-14.21.28-768x346.jpeg 768w, https://aurenweb-stg.servidortemporal.net/ar/wp-content/uploads/migration/2022/09/WhatsApp-Image-2022-09-06-at-14.21.28-1536x691.jpeg 1536w, https://aurenweb-stg.servidortemporal.net/ar/wp-content/uploads/migration/2022/09/WhatsApp-Image-2022-09-06-at-14.21.28.jpeg 1600w" sizes="auto, (max-width: 1024px) 100vw, 1024px" /></figure>
<figure class="wp-block-image size-large"><img decoding="async" loading="lazy" width="1024" height="461" src="https://aurenweb-stg.servidortemporal.net/ar/wp-content/uploads/migration/2022/09/WhatsApp-Image-2022-09-06-at-14.23.22-1024x461.jpeg" alt="" class="wp-image-15295" srcset="https://aurenweb-stg.servidortemporal.net/ar/wp-content/uploads/migration/2022/09/WhatsApp-Image-2022-09-06-at-14.23.22-1024x461.jpeg 1024w, https://aurenweb-stg.servidortemporal.net/ar/wp-content/uploads/migration/2022/09/WhatsApp-Image-2022-09-06-at-14.23.22-300x135.jpeg 300w, https://aurenweb-stg.servidortemporal.net/ar/wp-content/uploads/migration/2022/09/WhatsApp-Image-2022-09-06-at-14.23.22-768x346.jpeg 768w, https://aurenweb-stg.servidortemporal.net/ar/wp-content/uploads/migration/2022/09/WhatsApp-Image-2022-09-06-at-14.23.22-1536x691.jpeg 1536w, https://aurenweb-stg.servidortemporal.net/ar/wp-content/uploads/migration/2022/09/WhatsApp-Image-2022-09-06-at-14.23.22.jpeg 1600w" sizes="auto, (max-width: 1024px) 100vw, 1024px" /></figure>
<p><!-- AddThis Advanced Settings generic via filter on the_content --><!-- AddThis Share Buttons generic via filter on the_content --></p>
