{"id":14238,"date":"2022-08-30T11:32:35","date_gmt":"2022-08-30T09:32:35","guid":{"rendered":"https:\/\/auren.com\/ar\/new\/prensa-cual-es-la-mirada-que-tienen-los-empresarios-sobre-los-jovenes-profesionales-diario-los-andes-24-8-2022\/"},"modified":"2022-08-30T11:32:35","modified_gmt":"2022-08-30T09:32:35","slug":"prensa-cual-es-la-mirada-que-tienen-los-empresarios-sobre-los-jovenes-profesionales-diario-los-andes-24-8-2022","status":"publish","type":"new","link":"https:\/\/aurenweb-stg.servidortemporal.net\/ar\/noticias\/prensa-cual-es-la-mirada-que-tienen-los-empresarios-sobre-los-jovenes-profesionales-diario-los-andes-24-8-2022\/","title":{"rendered":"Prensa | Cu\u00e1l es la mirada que tienen los empresarios sobre los j\u00f3venes profesionales (Diario Los Andes 24.8.2022)"},"content":{"rendered":"<h2 class=\"wp-block-heading\">Una consultora realiz\u00f3 una encuesta a m\u00e1s de 400 empleadores, pregunt\u00e1ndoles por su mirada sobre el trabajo, actitudes, intereses y futuro de la nueva generaci\u00f3n.<\/h2>\n<p>Todav\u00eda bajo el impacto de la pandemia y la crisis econ\u00f3mica, el\u00a0mercado laboral\u00a0contin\u00faa atravesando grandes transformaciones, nuevos modelos de trabajo, nuevas habilidades,\u00a0<strong>revoluci\u00f3n tecnol\u00f3gica<\/strong>\u00a0y globalizaci\u00f3n. Sumado a este panorama, las nuevas generaciones de j\u00f3venes profesionales imponen desaf\u00edos, riesgos, nuevos intereses y tendencias. \u201cNos enfrenta a un cambio de paradigma en torno al concepto y al modo tradicional de trabajar\u201d, reconoce Luis Salerno, Director de BPO de Auren Argentina.<\/p>\n<p>La consultora realiz\u00f3 una encuesta a m\u00e1s de 400 empresarios, para conocer su mirada sobre el trabajo y futuro de los j\u00f3venes profesionales \u00a0y entender la nueva generaci\u00f3n de talentos.<\/p>\n<p>Todav\u00eda bajo el impacto de la pandemia y la crisis econ\u00f3mica, el mercado laboral contin\u00faa atravesando grandes transformaciones, nuevos modelos de trabajo, nuevas habilidades, revoluci\u00f3n tecnol\u00f3gica \u00a0y globalizaci\u00f3n. Sumado a este panorama, las nuevas generaciones de j\u00f3venes profesionales imponen desaf\u00edos, riesgos, nuevos intereses y tendencias. \u201cNos enfrenta a un cambio de paradigma en torno al concepto y al modo tradicional de trabajar\u201d, reconoce Luis Salerno, Director de BPO de Auren Argentina.<\/p>\n<p>La consultora realiz\u00f3 una encuesta a m\u00e1s de 400 empresarios, para conocer su mirada sobre el trabajo y futuro de los j\u00f3venes profesionales \u00a0y entender la nueva generaci\u00f3n de talentos.<\/p>\n<h2 class=\"wp-block-heading\">Canales de b\u00fasqueda y selecci\u00f3n<\/h2>\n<p>Todav\u00eda bajo el impacto de la pandemia y la crisis econ\u00f3mica, el mercado laboral \u00a0contin\u00faa atravesando grandes transformaciones, nuevos modelos de trabajo, nuevas habilidades, revoluci\u00f3n tecnol\u00f3gica y globalizaci\u00f3n. Sumado a este panorama, las nuevas generaciones de j\u00f3venes profesionales imponen desaf\u00edos, riesgos, nuevos intereses y tendencias. \u201cNos enfrenta a un cambio de paradigma en torno al concepto y al modo tradicional de trabajar\u201d, reconoce <a href=\"https:\/\/www.linkedin.com\/in\/salernoluis\/\">Luis Salerno<\/a>, Director de <a href=\"https:\/\/aurenweb-stg.servidortemporal.net\/ar\/servicios\/outsourcing\/bpo-business-process-outsourcing\/\">BPO<\/a> de <a href=\"https:\/\/aurenweb-stg.servidortemporal.net\/ar\/\">Auren Argentina<\/a>.<\/p>\n<p>La consultora realiz\u00f3 una encuesta a m\u00e1s de 400 empresarios, para conocer su mirada sobre el trabajo y futuro de los j\u00f3venes profesionales \u00a0y entender la nueva generaci\u00f3n de talentos.<a href=\"https:\/\/www.losandes.com.ar\/economia\/buenas-noticias-para-jubilados-anses-pagara-otro-extra-de-cuanto-es-y-quienes-lo-cobran\/\"><\/a><\/p>\n<h2 class=\"wp-block-heading\"><strong>CANALES DE B\u00daSQUEDA Y SELECCI\u00d3N<\/strong><\/h2>\n<p>El reclutamiento ha atravesado una transformaci\u00f3n, asociada a las nuevas generaciones, tecnolog\u00edas, la velocidad de evoluci\u00f3n de los procesos y demandas, y los modos de entender la cultura del trabajo. En el mercado hay una gran variedad de plataformas y recursos para ofrecer las propuestas laborales activas. La mayor\u00eda de las empresas encuestadas eligen hacerlo a trav\u00e9s de las redes sociales (casi el 70%) y los portales de empleo (51%); m\u00e1s del 34% a trav\u00e9s de consultoras; y alrededor del 25% utiliza las bolsas de trabajo de las universidades y su web corporativa. Es notable que s\u00f3lo un poco m\u00e1s del 5% elige las ferias de empleo.<\/p>\n<p>A la hora de llevar a cabo un proceso de reclutamiento, el 50% se encuentra frente a la dificultad de que los salarios ofrecidos son bajos ante las expectativas de los candidatos. Cerca del 50% enfrenta la carencia de perfiles t\u00e9cnicos y profesionales, y m\u00e1s del 33% observa falta de experiencia en los postulantes. El mercado en general hoy se encuentra con la incompatibilidad entre las condiciones de contrataci\u00f3n y salarios, y las expectativas del candidato.<\/p>\n<p>Las organizaciones se vieron obligadas a emplear nuevas formas de operar. M\u00e1s del 70% de la generaci\u00f3n joven prefiere el trabajo h\u00edbrido. Ante a esta clara demanda y realidad, el 65% de los empresarios expresaron adaptarse y ofrecer el modelo h\u00edbrido de trabajo, mientras solo el 28% de las empresas encuestadas exigen hoy la presencialidad total y apenas el 6,5% solo virtual.<\/p>\n<h2 class=\"wp-block-heading\">El diferencial de las empresas<\/h2>\n<p>Respecto a la hora de decidirse por un empleo, seg\u00fan los empresarios la mayor\u00eda de los j\u00f3venes (casi 68%) valora las condiciones de contrataci\u00f3n que ofrece la empresa, cerca del 54% el clima laboral y el 45% la oportunidad de aprendizaje y crecimiento profesional. Esto refleja las exigencias de la nueva generaci\u00f3n en relaci\u00f3n a la contrataci\u00f3n y pone a los empresarios ante el desaf\u00edo de disminuir la rotaci\u00f3n y fidelizar los talentos. Es importante destacar que la imagen y reputaci\u00f3n de la empresa, sus valores y responsabilidad social son fundamentales a la hora de atraer talentos.<\/p>\n<p>Por <a href=\"https:\/\/www.linkedin.com\/in\/salernoluis\/\">Luis Salerno<\/a>, Director de BPO de<a href=\"https:\/\/aurenweb-stg.servidortemporal.net\/ar\/\"> Auren Argentina<\/a><\/p>\n<p>Leer la nota completa en <a href=\"https:\/\/www.losandes.com.ar\/economia\/cual-es-la-mirada-que-tienen-los-empresarios-de-los-jovenes-profesionales\/\">Diario Los Andes<\/a><\/p>\n<p><!-- AddThis Advanced Settings generic via filter on the_content --><!-- AddThis Share Buttons generic via filter on the_content --><\/p>\n","protected":false},"excerpt":{"rendered":"<p>Una consultora realiz\u00f3 una encuesta a m\u00e1s de 400 empleadores, pregunt\u00e1ndoles por su mirada sobre el trabajo, actitudes, intereses y futuro de la nueva generaci\u00f3n. Todav\u00eda bajo el impacto de [&hellip;]<\/p>\n","protected":false},"featured_media":14239,"template":"","meta":{"_acf_changed":false,"footnotes":""},"new-category":[],"class_list":["post-14238","new","type-new","status-publish","has-post-thumbnail","hentry"],"acf":[],"_links":{"self":[{"href":"https:\/\/aurenweb-stg.servidortemporal.net\/ar\/wp-json\/wp\/v2\/new\/14238","targetHints":{"allow":["GET"]}}],"collection":[{"href":"https:\/\/aurenweb-stg.servidortemporal.net\/ar\/wp-json\/wp\/v2\/new"}],"about":[{"href":"https:\/\/aurenweb-stg.servidortemporal.net\/ar\/wp-json\/wp\/v2\/types\/new"}],"version-history":[{"count":0,"href":"https:\/\/aurenweb-stg.servidortemporal.net\/ar\/wp-json\/wp\/v2\/new\/14238\/revisions"}],"wp:featuredmedia":[{"embeddable":true,"href":"https:\/\/aurenweb-stg.servidortemporal.net\/ar\/wp-json\/wp\/v2\/media\/14239"}],"wp:attachment":[{"href":"https:\/\/aurenweb-stg.servidortemporal.net\/ar\/wp-json\/wp\/v2\/media?parent=14238"}],"wp:term":[{"taxonomy":"new-category","embeddable":true,"href":"https:\/\/aurenweb-stg.servidortemporal.net\/ar\/wp-json\/wp\/v2\/new-category?post=14238"}],"curies":[{"name":"wp","href":"https:\/\/api.w.org\/{rel}","templated":true}]}}

Prensa | Cuál es la mirada que tienen los empresarios sobre los jóvenes profesionales (Diario Los Andes 24.8.2022)

<h2 class="wp-block-heading">Una consultora realizó una encuesta a más de 400 empleadores, preguntándoles por su mirada sobre el trabajo, actitudes, intereses y futuro de la nueva generación.</h2>
<p>Todavía bajo el impacto de la pandemia y la crisis económica, el mercado laboral continúa atravesando grandes transformaciones, nuevos modelos de trabajo, nuevas habilidades, <strong>revolución tecnológica</strong> y globalización. Sumado a este panorama, las nuevas generaciones de jóvenes profesionales imponen desafíos, riesgos, nuevos intereses y tendencias. “Nos enfrenta a un cambio de paradigma en torno al concepto y al modo tradicional de trabajar”, reconoce Luis Salerno, Director de BPO de Auren Argentina.</p>
<p>La consultora realizó una encuesta a más de 400 empresarios, para conocer su mirada sobre el trabajo y futuro de los jóvenes profesionales  y entender la nueva generación de talentos.</p>
<p>Todavía bajo el impacto de la pandemia y la crisis económica, el mercado laboral continúa atravesando grandes transformaciones, nuevos modelos de trabajo, nuevas habilidades, revolución tecnológica  y globalización. Sumado a este panorama, las nuevas generaciones de jóvenes profesionales imponen desafíos, riesgos, nuevos intereses y tendencias. “Nos enfrenta a un cambio de paradigma en torno al concepto y al modo tradicional de trabajar”, reconoce Luis Salerno, Director de BPO de Auren Argentina.</p>
<p>La consultora realizó una encuesta a más de 400 empresarios, para conocer su mirada sobre el trabajo y futuro de los jóvenes profesionales  y entender la nueva generación de talentos.</p>
<h2 class="wp-block-heading">Canales de búsqueda y selección</h2>
<p>Todavía bajo el impacto de la pandemia y la crisis económica, el mercado laboral  continúa atravesando grandes transformaciones, nuevos modelos de trabajo, nuevas habilidades, revolución tecnológica y globalización. Sumado a este panorama, las nuevas generaciones de jóvenes profesionales imponen desafíos, riesgos, nuevos intereses y tendencias. “Nos enfrenta a un cambio de paradigma en torno al concepto y al modo tradicional de trabajar”, reconoce <a href="https://www.linkedin.com/in/salernoluis/">Luis Salerno</a>, Director de <a href="https://aurenweb-stg.servidortemporal.net/ar/servicios/outsourcing/bpo-business-process-outsourcing/">BPO</a> de <a href="https://aurenweb-stg.servidortemporal.net/ar/">Auren Argentina</a>.</p>
<p>La consultora realizó una encuesta a más de 400 empresarios, para conocer su mirada sobre el trabajo y futuro de los jóvenes profesionales  y entender la nueva generación de talentos.<a href="https://www.losandes.com.ar/economia/buenas-noticias-para-jubilados-anses-pagara-otro-extra-de-cuanto-es-y-quienes-lo-cobran/"></a></p>
<h2 class="wp-block-heading"><strong>CANALES DE BÚSQUEDA Y SELECCIÓN</strong></h2>
<p>El reclutamiento ha atravesado una transformación, asociada a las nuevas generaciones, tecnologías, la velocidad de evolución de los procesos y demandas, y los modos de entender la cultura del trabajo. En el mercado hay una gran variedad de plataformas y recursos para ofrecer las propuestas laborales activas. La mayoría de las empresas encuestadas eligen hacerlo a través de las redes sociales (casi el 70%) y los portales de empleo (51%); más del 34% a través de consultoras; y alrededor del 25% utiliza las bolsas de trabajo de las universidades y su web corporativa. Es notable que sólo un poco más del 5% elige las ferias de empleo.</p>
<p>A la hora de llevar a cabo un proceso de reclutamiento, el 50% se encuentra frente a la dificultad de que los salarios ofrecidos son bajos ante las expectativas de los candidatos. Cerca del 50% enfrenta la carencia de perfiles técnicos y profesionales, y más del 33% observa falta de experiencia en los postulantes. El mercado en general hoy se encuentra con la incompatibilidad entre las condiciones de contratación y salarios, y las expectativas del candidato.</p>
<p>Las organizaciones se vieron obligadas a emplear nuevas formas de operar. Más del 70% de la generación joven prefiere el trabajo híbrido. Ante a esta clara demanda y realidad, el 65% de los empresarios expresaron adaptarse y ofrecer el modelo híbrido de trabajo, mientras solo el 28% de las empresas encuestadas exigen hoy la presencialidad total y apenas el 6,5% solo virtual.</p>
<h2 class="wp-block-heading">El diferencial de las empresas</h2>
<p>Respecto a la hora de decidirse por un empleo, según los empresarios la mayoría de los jóvenes (casi 68%) valora las condiciones de contratación que ofrece la empresa, cerca del 54% el clima laboral y el 45% la oportunidad de aprendizaje y crecimiento profesional. Esto refleja las exigencias de la nueva generación en relación a la contratación y pone a los empresarios ante el desafío de disminuir la rotación y fidelizar los talentos. Es importante destacar que la imagen y reputación de la empresa, sus valores y responsabilidad social son fundamentales a la hora de atraer talentos.</p>
<p>Por <a href="https://www.linkedin.com/in/salernoluis/">Luis Salerno</a>, Director de BPO de<a href="https://aurenweb-stg.servidortemporal.net/ar/"> Auren Argentina</a></p>
<p>Leer la nota completa en <a href="https://www.losandes.com.ar/economia/cual-es-la-mirada-que-tienen-los-empresarios-de-los-jovenes-profesionales/">Diario Los Andes</a></p>
<p><!-- AddThis Advanced Settings generic via filter on the_content --><!-- AddThis Share Buttons generic via filter on the_content --></p>

<p>Una consultora realizó una encuesta a más de 400 empleadores, preguntándoles por su mirada sobre el trabajo, actitudes, intereses y futuro de la nueva generación. Todavía bajo el impacto de [&hellip;]</p>
