{"id":14266,"date":"2022-08-11T14:21:29","date_gmt":"2022-08-11T12:21:29","guid":{"rendered":"https:\/\/auren.com\/ar\/new\/eventos-auren-estara-presente-en-la-feria-de-empresas-up-2022\/"},"modified":"2022-08-11T14:21:29","modified_gmt":"2022-08-11T12:21:29","slug":"eventos-auren-estara-presente-en-la-feria-de-empresas-up-2022","status":"publish","type":"new","link":"https:\/\/aurenweb-stg.servidortemporal.net\/ar\/noticias\/eventos-auren-estara-presente-en-la-feria-de-empresas-up-2022\/","title":{"rendered":"Eventos | Auren estar\u00e1 presente en la Feria de Empresas UP 2022"},"content":{"rendered":"<p><a href=\"https:\/\/aurenweb-stg.servidortemporal.net\/ar\/\">Auren<\/a> estar\u00e1 presente con su stand en la <a href=\"https:\/\/www.palermo.edu\/feria-de-empresas\/\"><strong>Feria de Empresas UP 2022<\/strong> <\/a>organizada por el Departamento de Desarrollo Profesional de la <a href=\"https:\/\/www.palermo.edu\/\">Universidad de Palermo<\/a> el pr\u00f3ximo 6 de septiembre de 9 a 19hs.<\/p>\n<p>En el encuentro estar\u00e1n los responsables de Recursos Humanos  junto a importantes organizaciones que recibir\u00e1n a los alumnos y graduados de la Universidad para compartir las b\u00fasquedas laborales activas y oportunidades del mercado.<\/p>\n<p>Tambi\u00e9n profesionales de recursos humanos de Auren estar\u00e1n con un espacio ayudando y asesorando a los participantes en el armado de su CV.<\/p>\n<p><strong>Actividad exclusiva para alumnos y graduados UP, requiere inscripci\u00f3n previa.<\/strong> <\/p>\n<p>Informaci\u00f3n en <a href=\"https:\/\/www.palermo.edu\/feria-de-empresas\/\">https:\/\/www.palermo.edu\/feria-de-empresas\/<\/a><\/p>\n<div class=\"wp-block-image\">\n<figure class=\"aligncenter size-large\"><img decoding=\"async\" loading=\"lazy\" width=\"1024\" height=\"576\" src=\"https:\/\/aurenweb-stg.servidortemporal.net\/ar\/wp-content\/uploads\/migration\/2022\/08\/220906-Feria-Empresas-LK-1024x576.jpg\" alt=\"\" class=\"wp-image-15163\" srcset=\"https:\/\/aurenweb-stg.servidortemporal.net\/ar\/wp-content\/uploads\/migration\/2022\/08\/220906-Feria-Empresas-LK-1024x576.jpg 1024w, https:\/\/aurenweb-stg.servidortemporal.net\/ar\/wp-content\/uploads\/migration\/2022\/08\/220906-Feria-Empresas-LK-300x169.jpg 300w, https:\/\/aurenweb-stg.servidortemporal.net\/ar\/wp-content\/uploads\/migration\/2022\/08\/220906-Feria-Empresas-LK-768x432.jpg 768w, https:\/\/aurenweb-stg.servidortemporal.net\/ar\/wp-content\/uploads\/migration\/2022\/08\/220906-Feria-Empresas-LK.jpg 1200w\" sizes=\"auto, (max-width: 1024px) 100vw, 1024px\" \/><\/figure>\n<\/div>\n<p><!-- AddThis Advanced Settings generic via filter on the_content --><!-- AddThis Share Buttons generic via filter on the_content --><\/p>\n","protected":false},"excerpt":{"rendered":"<p>Auren estar\u00e1 presente con su stand en la Feria de Empresas UP 2022 organizada por el Departamento de Desarrollo Profesional de la Universidad de Palermo el pr\u00f3ximo 6 de septiembre [&hellip;]<\/p>\n","protected":false},"featured_media":14270,"template":"","meta":{"_acf_changed":false,"footnotes":""},"new-category":[],"class_list":["post-14266","new","type-new","status-publish","has-post-thumbnail","hentry"],"acf":[],"_links":{"self":[{"href":"https:\/\/aurenweb-stg.servidortemporal.net\/ar\/wp-json\/wp\/v2\/new\/14266","targetHints":{"allow":["GET"]}}],"collection":[{"href":"https:\/\/aurenweb-stg.servidortemporal.net\/ar\/wp-json\/wp\/v2\/new"}],"about":[{"href":"https:\/\/aurenweb-stg.servidortemporal.net\/ar\/wp-json\/wp\/v2\/types\/new"}],"version-history":[{"count":0,"href":"https:\/\/aurenweb-stg.servidortemporal.net\/ar\/wp-json\/wp\/v2\/new\/14266\/revisions"}],"wp:featuredmedia":[{"embeddable":true,"href":"https:\/\/aurenweb-stg.servidortemporal.net\/ar\/wp-json\/wp\/v2\/media\/14270"}],"wp:attachment":[{"href":"https:\/\/aurenweb-stg.servidortemporal.net\/ar\/wp-json\/wp\/v2\/media?parent=14266"}],"wp:term":[{"taxonomy":"new-category","embeddable":true,"href":"https:\/\/aurenweb-stg.servidortemporal.net\/ar\/wp-json\/wp\/v2\/new-category?post=14266"}],"curies":[{"name":"wp","href":"https:\/\/api.w.org\/{rel}","templated":true}]}}

Eventos | Auren estará presente en la Feria de Empresas UP 2022

<p><a href="https://aurenweb-stg.servidortemporal.net/ar/">Auren</a> estará presente con su stand en la <a href="https://www.palermo.edu/feria-de-empresas/"><strong>Feria de Empresas UP 2022</strong> </a>organizada por el Departamento de Desarrollo Profesional de la <a href="https://www.palermo.edu/">Universidad de Palermo</a> el próximo 6 de septiembre de 9 a 19hs.</p>
<p>En el encuentro estarán los responsables de Recursos Humanos  junto a importantes organizaciones que recibirán a los alumnos y graduados de la Universidad para compartir las búsquedas laborales activas y oportunidades del mercado.</p>
<p>También profesionales de recursos humanos de Auren estarán con un espacio ayudando y asesorando a los participantes en el armado de su CV.</p>
<p><strong>Actividad exclusiva para alumnos y graduados UP, requiere inscripción previa.</strong> </p>
<p>Información en <a href="https://www.palermo.edu/feria-de-empresas/">https://www.palermo.edu/feria-de-empresas/</a></p>
<div class="wp-block-image">
<figure class="aligncenter size-large"><img decoding="async" loading="lazy" width="1024" height="576" src="https://aurenweb-stg.servidortemporal.net/ar/wp-content/uploads/migration/2022/08/220906-Feria-Empresas-LK-1024x576.jpg" alt="" class="wp-image-15163" srcset="https://aurenweb-stg.servidortemporal.net/ar/wp-content/uploads/migration/2022/08/220906-Feria-Empresas-LK-1024x576.jpg 1024w, https://aurenweb-stg.servidortemporal.net/ar/wp-content/uploads/migration/2022/08/220906-Feria-Empresas-LK-300x169.jpg 300w, https://aurenweb-stg.servidortemporal.net/ar/wp-content/uploads/migration/2022/08/220906-Feria-Empresas-LK-768x432.jpg 768w, https://aurenweb-stg.servidortemporal.net/ar/wp-content/uploads/migration/2022/08/220906-Feria-Empresas-LK.jpg 1200w" sizes="auto, (max-width: 1024px) 100vw, 1024px" /></figure>
</div>
<p><!-- AddThis Advanced Settings generic via filter on the_content --><!-- AddThis Share Buttons generic via filter on the_content --></p>

<p>Auren estará presente con su stand en la Feria de Empresas UP 2022 organizada por el Departamento de Desarrollo Profesional de la Universidad de Palermo el próximo 6 de septiembre [&hellip;]</p>
