{"id":14308,"date":"2022-07-15T08:29:38","date_gmt":"2022-07-15T06:29:38","guid":{"rendered":"https:\/\/auren.com\/ar\/new\/prensa-el-gobierno-aumenta-el-dolar-turista-y-ajusta-el-cepo-cambiario-la-nacion-14-7-2022\/"},"modified":"2022-07-15T08:29:38","modified_gmt":"2022-07-15T06:29:38","slug":"prensa-el-gobierno-aumenta-el-dolar-turista-y-ajusta-el-cepo-cambiario-la-nacion-14-7-2022","status":"publish","type":"new","link":"https:\/\/aurenweb-stg.servidortemporal.net\/ar\/noticias\/prensa-el-gobierno-aumenta-el-dolar-turista-y-ajusta-el-cepo-cambiario-la-nacion-14-7-2022\/","title":{"rendered":"Prensa | El gobierno aumenta el d\u00f3lar turista y ajusta el cepo cambiario (La Naci\u00f3n 14.7.2022)"},"content":{"rendered":"<h2 class=\"wp-block-heading\">La percepci\u00f3n a cuenta de los impuestos a las Ganancias y sobre los Bienes Personales pasar\u00e1 del 35% al 45%; no afecta a las divisas para el atesoramiento; seg\u00fan la AFIP, comenzar\u00e1 a regir desde este jueves; busca reducir la brecha; este tipo de cambio pasar\u00eda de $223 a $236,5.<\/h2>\n<p>En medio del faltante de d\u00f3lares en las reservas internacionales del <a href=\"http:\/\/www.bcra.gov.ar\/\">Banco Central (BCRA)<\/a> y d\u00edas antes de que comiencen las vacaciones de invierno,\u00a0<strong>el Gobierno anunci\u00f3 anoche el aumento del d\u00f3lar turista a partir de este jueves, pese a que reiteradamente sus principales referentes econ\u00f3micas hab\u00edan negado que tal posibilidad existiese.<\/strong><\/p>\n<p>Seg\u00fan confirmaron en la <a href=\"https:\/\/www.afip.gob.ar\/\">AFIP<\/a>,\u00a0<strong>la percepci\u00f3n a cuenta de los impuestos a las Ganancias y sobre los Bienes Personales pasa del 35% al 45%, lo que har\u00e1 subir autom\u00e1ticamente el llamado \u201cd\u00f3lar turista\u201d.<\/strong>\u00a0<mark>No incluir\u00e1 al llamado \u201cd\u00f3lar ahorro\u201d,<\/mark>\u00a0seg\u00fan inform\u00f3 la entidad que conduce Mercedes Marc\u00f3 del Pont.\u00a0<strong>S\u00ed, en cambio, golpea a todos los pagos en d\u00f3lares realizados con tarjeta de cr\u00e9dito en el exterior, vinculados a aplicaciones o servicios de streaming.<\/strong><\/p>\n<p>El d\u00f3lar turista -compuesto por un 30% del impuesto PAIS m\u00e1s el 35% de percepci\u00f3n a cuenta de Ganancias y Bienes Personales- cerr\u00f3 hoy a $223. Con esta alza, su cotizaci\u00f3n llegar\u00eda hoy a $236,51, desincentivando las operaciones vinculadas particularmente al turismo emisivo -en el exterior- y achicando la brecha cambiaria con los d\u00f3lares \u201clibres\u201d.&nbsp;<strong>El llamado impuesto PAIS introducido a comienzos de la gesti\u00f3n de Alberto Fern\u00e1ndez no sufrir\u00e1 cambios.<\/strong><\/p>\n<p>La semana pasada, el BCRA prohibi\u00f3 el financiamiento en pesos para compras en d\u00f3lares con tarjeta de cr\u00e9dito en los\u00a0<em>free shops<\/em>. D\u00edas atr\u00e1s hab\u00eda decidido lo mismo para los servicios \u201cpuerta a puerta\u201d. Esa misma medida reg\u00eda ya para los pasajes y los servicios en el exterior. \u201cNo estamos estudiando m\u00e1s medidas sobre los d\u00f3lares para viajes al exterior\u201d, hab\u00eda dicho el presidente del BCRA, Miguel Angel Pesce, d\u00edas atr\u00e1s en una entrevista con TN. Lo mismo hab\u00eda dicho el presidente Alberto Fern\u00e1ndez desde Alemania. Todav\u00eda Mart\u00edn Guzm\u00e1n era su ministro de Econom\u00eda.<\/p>\n<h2 class=\"wp-block-heading\">Las repercusiones<\/h2>\n<p><a href=\"https:\/\/www.linkedin.com\/in\/gabrielhermida\/\">Gabriel Hermida<\/a>, Socio de <a href=\"https:\/\/aurenweb-stg.servidortemporal.net\/ar\/servicios\/tax-legal\/impuestos\/\">impuestos<\/a> de <a href=\"https:\/\/aurenweb-stg.servidortemporal.net\/ar\/\">Auren Argentina<\/a>, dijo que esto\u00a0<strong>es \u201cseguir cazando en el zool\u00f3gico y adelantando dinero al fisco por parte de los contribuyentes\u201d,<\/strong>\u00a0porque al final del d\u00eda es un pago a cuenta del impuesto a las ganancias. \u201cAhora ese pago a cuenta que me retienen hoy, sobre todo a las personas f\u00edsicas, se lo van a poder computar en la declaraci\u00f3n jurada de diciembre de 2022, que van a presentar en mayo de 2023; con lo cual el costo financiero para cada persona, con la inflaci\u00f3n que hay, es enorme. Estamos financiando al Estado m\u00e1s de lo que ya lo hacemos\u201d, dijo.<\/p>\n<p>Leer la nota completa en <a href=\"https:\/\/www.lanacion.com.ar\/economia\/nuevo-ajuste-del-cepo-cambiario-el-gobierno-aumenta-un-10-el-dolar-turista-nid13072022\/\">La Naci\u00f3n<\/a><\/p>\n<p><!-- AddThis Advanced Settings generic via filter on the_content --><!-- AddThis Share Buttons generic via filter on the_content --><\/p>\n","protected":false},"excerpt":{"rendered":"<p>La percepci\u00f3n a cuenta de los impuestos a las Ganancias y sobre los Bienes Personales pasar\u00e1 del 35% al 45%; no afecta a las divisas para el atesoramiento; seg\u00fan la [&hellip;]<\/p>\n","protected":false},"featured_media":14309,"template":"","meta":{"_acf_changed":false,"footnotes":""},"new-category":[],"class_list":["post-14308","new","type-new","status-publish","has-post-thumbnail","hentry"],"acf":[],"_links":{"self":[{"href":"https:\/\/aurenweb-stg.servidortemporal.net\/ar\/wp-json\/wp\/v2\/new\/14308","targetHints":{"allow":["GET"]}}],"collection":[{"href":"https:\/\/aurenweb-stg.servidortemporal.net\/ar\/wp-json\/wp\/v2\/new"}],"about":[{"href":"https:\/\/aurenweb-stg.servidortemporal.net\/ar\/wp-json\/wp\/v2\/types\/new"}],"version-history":[{"count":0,"href":"https:\/\/aurenweb-stg.servidortemporal.net\/ar\/wp-json\/wp\/v2\/new\/14308\/revisions"}],"wp:featuredmedia":[{"embeddable":true,"href":"https:\/\/aurenweb-stg.servidortemporal.net\/ar\/wp-json\/wp\/v2\/media\/14309"}],"wp:attachment":[{"href":"https:\/\/aurenweb-stg.servidortemporal.net\/ar\/wp-json\/wp\/v2\/media?parent=14308"}],"wp:term":[{"taxonomy":"new-category","embeddable":true,"href":"https:\/\/aurenweb-stg.servidortemporal.net\/ar\/wp-json\/wp\/v2\/new-category?post=14308"}],"curies":[{"name":"wp","href":"https:\/\/api.w.org\/{rel}","templated":true}]}}

Prensa | El gobierno aumenta el dólar turista y ajusta el cepo cambiario (La Nación 14.7.2022)

<h2 class="wp-block-heading">La percepción a cuenta de los impuestos a las Ganancias y sobre los Bienes Personales pasará del 35% al 45%; no afecta a las divisas para el atesoramiento; según la AFIP, comenzará a regir desde este jueves; busca reducir la brecha; este tipo de cambio pasaría de $223 a $236,5.</h2>
<p>En medio del faltante de dólares en las reservas internacionales del <a href="http://www.bcra.gov.ar/">Banco Central (BCRA)</a> y días antes de que comiencen las vacaciones de invierno, <strong>el Gobierno anunció anoche el aumento del dólar turista a partir de este jueves, pese a que reiteradamente sus principales referentes económicas habían negado que tal posibilidad existiese.</strong></p>
<p>Según confirmaron en la <a href="https://www.afip.gob.ar/">AFIP</a>, <strong>la percepción a cuenta de los impuestos a las Ganancias y sobre los Bienes Personales pasa del 35% al 45%, lo que hará subir automáticamente el llamado “dólar turista”.</strong> <mark>No incluirá al llamado “dólar ahorro”,</mark> según informó la entidad que conduce Mercedes Marcó del Pont. <strong>Sí, en cambio, golpea a todos los pagos en dólares realizados con tarjeta de crédito en el exterior, vinculados a aplicaciones o servicios de streaming.</strong></p>
<p>El dólar turista -compuesto por un 30% del impuesto PAIS más el 35% de percepción a cuenta de Ganancias y Bienes Personales- cerró hoy a $223. Con esta alza, su cotización llegaría hoy a $236,51, desincentivando las operaciones vinculadas particularmente al turismo emisivo -en el exterior- y achicando la brecha cambiaria con los dólares “libres”.&nbsp;<strong>El llamado impuesto PAIS introducido a comienzos de la gestión de Alberto Fernández no sufrirá cambios.</strong></p>
<p>La semana pasada, el BCRA prohibió el financiamiento en pesos para compras en dólares con tarjeta de crédito en los <em>free shops</em>. Días atrás había decidido lo mismo para los servicios “puerta a puerta”. Esa misma medida regía ya para los pasajes y los servicios en el exterior. “No estamos estudiando más medidas sobre los dólares para viajes al exterior”, había dicho el presidente del BCRA, Miguel Angel Pesce, días atrás en una entrevista con TN. Lo mismo había dicho el presidente Alberto Fernández desde Alemania. Todavía Martín Guzmán era su ministro de Economía.</p>
<h2 class="wp-block-heading">Las repercusiones</h2>
<p><a href="https://www.linkedin.com/in/gabrielhermida/">Gabriel Hermida</a>, Socio de <a href="https://aurenweb-stg.servidortemporal.net/ar/servicios/tax-legal/impuestos/">impuestos</a> de <a href="https://aurenweb-stg.servidortemporal.net/ar/">Auren Argentina</a>, dijo que esto <strong>es “seguir cazando en el zoológico y adelantando dinero al fisco por parte de los contribuyentes”,</strong> porque al final del día es un pago a cuenta del impuesto a las ganancias. “Ahora ese pago a cuenta que me retienen hoy, sobre todo a las personas físicas, se lo van a poder computar en la declaración jurada de diciembre de 2022, que van a presentar en mayo de 2023; con lo cual el costo financiero para cada persona, con la inflación que hay, es enorme. Estamos financiando al Estado más de lo que ya lo hacemos”, dijo.</p>
<p>Leer la nota completa en <a href="https://www.lanacion.com.ar/economia/nuevo-ajuste-del-cepo-cambiario-el-gobierno-aumenta-un-10-el-dolar-turista-nid13072022/">La Nación</a></p>
<p><!-- AddThis Advanced Settings generic via filter on the_content --><!-- AddThis Share Buttons generic via filter on the_content --></p>

<p>La percepción a cuenta de los impuestos a las Ganancias y sobre los Bienes Personales pasará del 35% al 45%; no afecta a las divisas para el atesoramiento; según la [&hellip;]</p>
