{"id":14368,"date":"2022-06-21T09:48:35","date_gmt":"2022-06-21T07:48:35","guid":{"rendered":"https:\/\/auren.com\/ar\/new\/prensa-amparo-judicial-para-que-la-afip-prorrogue-ganancias-la-nacion-15-6-2022\/"},"modified":"2022-06-21T09:48:35","modified_gmt":"2022-06-21T07:48:35","slug":"prensa-amparo-judicial-para-que-la-afip-prorrogue-ganancias-la-nacion-15-6-2022","status":"publish","type":"new","link":"https:\/\/aurenweb-stg.servidortemporal.net\/ar\/noticias\/prensa-amparo-judicial-para-que-la-afip-prorrogue-ganancias-la-nacion-15-6-2022\/","title":{"rendered":"Prensa | Amparo judicial para que la AFIP prorrogue Ganancias (La Naci\u00f3n 15.6.2022)"},"content":{"rendered":"<h2 class=\"wp-block-heading\"><strong>El Consejo de Ciencias Econ\u00f3micas<\/strong>&nbsp;<strong>present\u00f3 un amparo en la AFIP<\/strong>,<strong>&nbsp;solicitando que se prorroguen los vencimientos de la presentaci\u00f3n y el pago de las Declaraciones Juradas del Impuesto a las Ganancias<\/strong>.<\/h2>\n<p>Adem\u00e1s de ganancias,&nbsp;<strong>se solicit\u00f3 una medida cautelar urgente para que se suspendan los vencimientos que operan entre los d\u00edas 23 al 27 de este mes<\/strong>, con el objetivo de resguardar los leg\u00edtimos derechos de trabajar de los profesionales matriculados en esa entidad.<\/p>\n<p>El Consejo de Ciencias Econ\u00f3micas&nbsp;<strong>present\u00f3 un amparo en la <a href=\"https:\/\/www.afip.gob.ar\/\">Justicia contra la Administraci\u00f3n Federal de Ingresos P\u00fablicos (AFIP)<\/a><\/strong>,<strong>&nbsp;solicitando que se prorroguen los vencimientos de la presentaci\u00f3n y el pago de las Declaraciones Juradas del Impuesto a las Ganancias<\/strong>&nbsp;\u2013incluyendo el Impuesto Cedular\u2013 y de Bienes Personales, Personas Humanas per\u00edodo fiscal 2021. Esto hasta tanto se cumpla el plazo de 60 d\u00edas desde la puesta a disposici\u00f3n y el correcto funcionamiento de los aplicativos; es decir, a partir del 12 de julio pr\u00f3ximo.<\/p>\n<p>Adem\u00e1s,&nbsp;<strong>se solicit\u00f3 una medida cautelar urgente para que se suspendan los vencimientos que operan entre los d\u00edas 23 al 27 de este mes<\/strong>, con el objetivo de resguardar los leg\u00edtimos derechos de trabajar de los profesionales matriculados en esa entidad.<\/p>\n<p>La presentaci\u00f3n fue hecha hoy por la presidenta del <a href=\"https:\/\/www.consejo.org.ar\/\">Consejo de Ciencias Econ\u00f3micas<\/a>, Gabriela Russo, y el secretario, Julio Rotman,&nbsp;<strong>ante la C\u00e1mara Nacional de Apelaciones en lo Contencioso Administrativo Federal, donde se promueve una acci\u00f3n de amparo colectiva<\/strong>.<\/p>\n<p><a href=\"https:\/\/www.linkedin.com\/in\/gabrielhermida\/\">Gabriel Hermida<\/a>, socio de <a href=\"https:\/\/aurenweb-stg.servidortemporal.net\/ar\/servicios\/tax-legal\/impuestos\/\">Impuestos<\/a> de <a href=\"https:\/\/aurenweb-stg.servidortemporal.net\/ar\/\">Auren Argentina<\/a>, coment\u00f3 que<strong>&nbsp;este amparo se present\u00f3 porque los aplicativos de AFIP, \u201ccomo todos los a\u00f1os\u201d, estuvieron tarde y funcionando mal<\/strong>. \u201cEntonces a los profesionales les queda poco tiempo desde que contaron con esa informaci\u00f3n hasta el momento de los vencimientos de la semana pr\u00f3xima\u201d, se\u00f1al\u00f3.<\/p>\n<p>Hermida indic\u00f3 que es necesario que se haga lugar al amparo y se obligue a la AFIP a fijar una pr\u00f3rroga. \u201c<strong>En caso contrario, los vencimientos seguir\u00e1n como hoy dice la resoluci\u00f3n de AFIP (entre el 23 y el 27 de junio) y los contribuyentes que no presenten en t\u00e9rmino la declaraci\u00f3n jurada recibir\u00e1n multa autom\u00e1tica,<\/strong>&nbsp;m\u00e1s intereses resarcitorios entre el vencimiento y el d\u00eda del efectivo pago\u201d, afirm\u00f3.<\/p>\n<p>Leer la nota completa en <a href=\"https:\/\/www.lanacion.com.ar\/economia\/presentan-un-amparo-judicial-para-que-la-afip-prorrogue-el-plazo-de-ganancias-nid15062022\/\">La Naci\u00f3n<\/a> <\/p>\n<p><!-- AddThis Advanced Settings generic via filter on the_content --><!-- AddThis Share Buttons generic via filter on the_content --><\/p>\n","protected":false},"excerpt":{"rendered":"<p>El Consejo de Ciencias Econ\u00f3micas&nbsp;present\u00f3 un amparo en la AFIP,&nbsp;solicitando que se prorroguen los vencimientos de la presentaci\u00f3n y el pago de las Declaraciones Juradas del Impuesto a las Ganancias. [&hellip;]<\/p>\n","protected":false},"featured_media":14369,"template":"","meta":{"_acf_changed":false,"footnotes":""},"new-category":[],"class_list":["post-14368","new","type-new","status-publish","has-post-thumbnail","hentry"],"acf":[],"_links":{"self":[{"href":"https:\/\/aurenweb-stg.servidortemporal.net\/ar\/wp-json\/wp\/v2\/new\/14368","targetHints":{"allow":["GET"]}}],"collection":[{"href":"https:\/\/aurenweb-stg.servidortemporal.net\/ar\/wp-json\/wp\/v2\/new"}],"about":[{"href":"https:\/\/aurenweb-stg.servidortemporal.net\/ar\/wp-json\/wp\/v2\/types\/new"}],"version-history":[{"count":0,"href":"https:\/\/aurenweb-stg.servidortemporal.net\/ar\/wp-json\/wp\/v2\/new\/14368\/revisions"}],"wp:featuredmedia":[{"embeddable":true,"href":"https:\/\/aurenweb-stg.servidortemporal.net\/ar\/wp-json\/wp\/v2\/media\/14369"}],"wp:attachment":[{"href":"https:\/\/aurenweb-stg.servidortemporal.net\/ar\/wp-json\/wp\/v2\/media?parent=14368"}],"wp:term":[{"taxonomy":"new-category","embeddable":true,"href":"https:\/\/aurenweb-stg.servidortemporal.net\/ar\/wp-json\/wp\/v2\/new-category?post=14368"}],"curies":[{"name":"wp","href":"https:\/\/api.w.org\/{rel}","templated":true}]}}

Prensa | Amparo judicial para que la AFIP prorrogue Ganancias (La Nación 15.6.2022)

<h2 class="wp-block-heading"><strong>El Consejo de Ciencias Económicas</strong>&nbsp;<strong>presentó un amparo en la AFIP</strong>,<strong>&nbsp;solicitando que se prorroguen los vencimientos de la presentación y el pago de las Declaraciones Juradas del Impuesto a las Ganancias</strong>.</h2>
<p>Además de ganancias,&nbsp;<strong>se solicitó una medida cautelar urgente para que se suspendan los vencimientos que operan entre los días 23 al 27 de este mes</strong>, con el objetivo de resguardar los legítimos derechos de trabajar de los profesionales matriculados en esa entidad.</p>
<p>El Consejo de Ciencias Económicas&nbsp;<strong>presentó un amparo en la <a href="https://www.afip.gob.ar/">Justicia contra la Administración Federal de Ingresos Públicos (AFIP)</a></strong>,<strong>&nbsp;solicitando que se prorroguen los vencimientos de la presentación y el pago de las Declaraciones Juradas del Impuesto a las Ganancias</strong>&nbsp;–incluyendo el Impuesto Cedular– y de Bienes Personales, Personas Humanas período fiscal 2021. Esto hasta tanto se cumpla el plazo de 60 días desde la puesta a disposición y el correcto funcionamiento de los aplicativos; es decir, a partir del 12 de julio próximo.</p>
<p>Además,&nbsp;<strong>se solicitó una medida cautelar urgente para que se suspendan los vencimientos que operan entre los días 23 al 27 de este mes</strong>, con el objetivo de resguardar los legítimos derechos de trabajar de los profesionales matriculados en esa entidad.</p>
<p>La presentación fue hecha hoy por la presidenta del <a href="https://www.consejo.org.ar/">Consejo de Ciencias Económicas</a>, Gabriela Russo, y el secretario, Julio Rotman,&nbsp;<strong>ante la Cámara Nacional de Apelaciones en lo Contencioso Administrativo Federal, donde se promueve una acción de amparo colectiva</strong>.</p>
<p><a href="https://www.linkedin.com/in/gabrielhermida/">Gabriel Hermida</a>, socio de <a href="https://aurenweb-stg.servidortemporal.net/ar/servicios/tax-legal/impuestos/">Impuestos</a> de <a href="https://aurenweb-stg.servidortemporal.net/ar/">Auren Argentina</a>, comentó que<strong>&nbsp;este amparo se presentó porque los aplicativos de AFIP, “como todos los años”, estuvieron tarde y funcionando mal</strong>. “Entonces a los profesionales les queda poco tiempo desde que contaron con esa información hasta el momento de los vencimientos de la semana próxima”, señaló.</p>
<p>Hermida indicó que es necesario que se haga lugar al amparo y se obligue a la AFIP a fijar una prórroga. “<strong>En caso contrario, los vencimientos seguirán como hoy dice la resolución de AFIP (entre el 23 y el 27 de junio) y los contribuyentes que no presenten en término la declaración jurada recibirán multa automática,</strong>&nbsp;más intereses resarcitorios entre el vencimiento y el día del efectivo pago”, afirmó.</p>
<p>Leer la nota completa en <a href="https://www.lanacion.com.ar/economia/presentan-un-amparo-judicial-para-que-la-afip-prorrogue-el-plazo-de-ganancias-nid15062022/">La Nación</a> </p>
<p><!-- AddThis Advanced Settings generic via filter on the_content --><!-- AddThis Share Buttons generic via filter on the_content --></p>

<p>El Consejo de Ciencias Económicas&nbsp;presentó un amparo en la AFIP,&nbsp;solicitando que se prorroguen los vencimientos de la presentación y el pago de las Declaraciones Juradas del Impuesto a las Ganancias. [&hellip;]</p>
