{"id":14372,"date":"2022-06-16T10:20:56","date_gmt":"2022-06-16T08:20:56","guid":{"rendered":"https:\/\/auren.com\/ar\/new\/prensa-la-flexibilidad-es-la-clave-en-competitividad-y-productividad-mercado-14-6-2022\/"},"modified":"2022-06-16T10:20:56","modified_gmt":"2022-06-16T08:20:56","slug":"prensa-la-flexibilidad-es-la-clave-en-competitividad-y-productividad-mercado-14-6-2022","status":"publish","type":"new","link":"https:\/\/aurenweb-stg.servidortemporal.net\/ar\/noticias\/prensa-la-flexibilidad-es-la-clave-en-competitividad-y-productividad-mercado-14-6-2022\/","title":{"rendered":"Prensa | La flexibilidad es la clave en competitividad y productividad (Mercado 14.6.2022)"},"content":{"rendered":"<h2 class=\"wp-block-heading\">Como resultado de la encuesta que desde Auren realizamos a los j\u00f3venes profesionales sobre sus inquietudes y expectativas laborales, tuvimos como resultado que el 66% de los j\u00f3venes valoran y hasta priorizan la flexibilidad a la hora de buscar y elegir un trabajo.<\/h2>\n<p>En primer lugar, me pregunto \u00bfde qu\u00e9 hablamos cuando nos referimos a flexibilidad laboral? \u00bfSe trata de poder elegir d\u00f3nde, cu\u00e1ndo y c\u00f3mo trabajar?<\/p>\n<p>Es un modelo de trabajo que claramente impuls\u00f3 e instal\u00f3 la pandemia. El&nbsp;<em>home office<\/em>&nbsp;paso a ser algo natural y la modalidad m\u00e1s adoptada por las empresas en su camino a la flexibilidad. Esto nos responde la pregunta de d\u00f3nde trabajar.<\/p>\n<p>Pero \u00bfestamos preparados para el cu\u00e1ndo y c\u00f3mo? \u00bfPodemos trabajar de forma asincr\u00f3nica?<\/p>\n<p>Seg\u00fan un informe publicado por Linkedin, \u00abLos empleados que se sienten satisfechos en cuanto a la flexibilidad horaria y las opciones de teletrabajo de su organizaci\u00f3n tienen 2,6&nbsp;veces m\u00e1s probabilidades de sentirse realizados y son 2,1&nbsp;veces m\u00e1s propensos a recomendar trabajar en la empresa\u00bb.<\/p>\n<p>Aumentan 35% las interacciones en Linkedin cuando la publicaci\u00f3n de una empresa hace alusi\u00f3n a la flexibilidad. Y si hacemos foco en la generaci\u00f3n Z, aumentan un 77%.<\/p>\n<p>Est\u00e1 claro que la flexibilidad se instal\u00f3 como modelo de trabajo y recurso clave para la atracci\u00f3n de talentos. Las empresas deber\u00e1n cada vez m\u00e1s profundizar en el cu\u00e1ndo y c\u00f3mo.<\/p>\n<p>Un punto importante a futuro por parte de las empresas ser\u00e1 el trabajo por objetivos. El impacto es positivo en el nivel de productividad.<\/p>\n<p>La modalidad del trabajo por horas demostr\u00f3 que estar en el trabajo frente a un escritorio no significa siempre estar trabajando. La tendencia del trabajo por resultado avanza. En el futuro las empresas valorar\u00e1n a los empleados por su capacidad de lograr los objetivos, y no por las horas que pasan en sus escritorios.<\/p>\n<p>De esta manera dejar\u00e1 de importar d\u00f3nde, cu\u00e1ndo o c\u00f3mo lo hiciste, sino el resultado del mismo, d\u00e1ndole mayor competitividad y productividad al negocio.<\/p>\n<p><em>Fuente: <a href=\"https:\/\/aurenweb-stg.servidortemporal.net\/ar\/publicaciones\/brujula-de-negocios-2022-jovenes-profesionales\/\">Encuesta br\u00fajula de negocios Auren<\/a> + \u201cGlobal talent trends\u201d de Linkedin<\/em><\/p>\n<p>Leer la nota en <a href=\"https:\/\/mercado.com.ar\/management-marketing\/la-flexibilidad-es-la-clave-en-competitividad-y-productividad\/\">Mercado<\/a><\/p>\n<p>Por <a href=\"https:\/\/www.linkedin.com\/in\/salernoluis\/\">Luis Salerno<\/a>, Director de <a href=\"https:\/\/aurenweb-stg.servidortemporal.net\/ar\/servicios\/outsourcing\/bpo-business-process-outsourcing\/\">BPO<\/a> de <a href=\"https:\/\/aurenweb-stg.servidortemporal.net\/ar\/\">Auren Argentina<\/a>.<\/p>\n<p><!-- AddThis Advanced Settings generic via filter on the_content --><!-- AddThis Share Buttons generic via filter on the_content --><\/p>\n","protected":false},"excerpt":{"rendered":"<p>Como resultado de la encuesta que desde Auren realizamos a los j\u00f3venes profesionales sobre sus inquietudes y expectativas laborales, tuvimos como resultado que el 66% de los j\u00f3venes valoran y [&hellip;]<\/p>\n","protected":false},"featured_media":14373,"template":"","meta":{"_acf_changed":false,"footnotes":""},"new-category":[],"class_list":["post-14372","new","type-new","status-publish","has-post-thumbnail","hentry"],"acf":[],"_links":{"self":[{"href":"https:\/\/aurenweb-stg.servidortemporal.net\/ar\/wp-json\/wp\/v2\/new\/14372","targetHints":{"allow":["GET"]}}],"collection":[{"href":"https:\/\/aurenweb-stg.servidortemporal.net\/ar\/wp-json\/wp\/v2\/new"}],"about":[{"href":"https:\/\/aurenweb-stg.servidortemporal.net\/ar\/wp-json\/wp\/v2\/types\/new"}],"version-history":[{"count":0,"href":"https:\/\/aurenweb-stg.servidortemporal.net\/ar\/wp-json\/wp\/v2\/new\/14372\/revisions"}],"wp:featuredmedia":[{"embeddable":true,"href":"https:\/\/aurenweb-stg.servidortemporal.net\/ar\/wp-json\/wp\/v2\/media\/14373"}],"wp:attachment":[{"href":"https:\/\/aurenweb-stg.servidortemporal.net\/ar\/wp-json\/wp\/v2\/media?parent=14372"}],"wp:term":[{"taxonomy":"new-category","embeddable":true,"href":"https:\/\/aurenweb-stg.servidortemporal.net\/ar\/wp-json\/wp\/v2\/new-category?post=14372"}],"curies":[{"name":"wp","href":"https:\/\/api.w.org\/{rel}","templated":true}]}}

<h2 class="wp-block-heading">Como resultado de la encuesta que desde Auren realizamos a los jóvenes profesionales sobre sus inquietudes y expectativas laborales, tuvimos como resultado que el 66% de los jóvenes valoran y hasta priorizan la flexibilidad a la hora de buscar y elegir un trabajo.</h2>
<p>En primer lugar, me pregunto ¿de qué hablamos cuando nos referimos a flexibilidad laboral? ¿Se trata de poder elegir dónde, cuándo y cómo trabajar?</p>
<p>Es un modelo de trabajo que claramente impulsó e instaló la pandemia. El&nbsp;<em>home office</em>&nbsp;paso a ser algo natural y la modalidad más adoptada por las empresas en su camino a la flexibilidad. Esto nos responde la pregunta de dónde trabajar.</p>
<p>Pero ¿estamos preparados para el cuándo y cómo? ¿Podemos trabajar de forma asincrónica?</p>
<p>Según un informe publicado por Linkedin, «Los empleados que se sienten satisfechos en cuanto a la flexibilidad horaria y las opciones de teletrabajo de su organización tienen 2,6&nbsp;veces más probabilidades de sentirse realizados y son 2,1&nbsp;veces más propensos a recomendar trabajar en la empresa».</p>
<p>Aumentan 35% las interacciones en Linkedin cuando la publicación de una empresa hace alusión a la flexibilidad. Y si hacemos foco en la generación Z, aumentan un 77%.</p>
<p>Está claro que la flexibilidad se instaló como modelo de trabajo y recurso clave para la atracción de talentos. Las empresas deberán cada vez más profundizar en el cuándo y cómo.</p>
<p>Un punto importante a futuro por parte de las empresas será el trabajo por objetivos. El impacto es positivo en el nivel de productividad.</p>
<p>La modalidad del trabajo por horas demostró que estar en el trabajo frente a un escritorio no significa siempre estar trabajando. La tendencia del trabajo por resultado avanza. En el futuro las empresas valorarán a los empleados por su capacidad de lograr los objetivos, y no por las horas que pasan en sus escritorios.</p>
<p>De esta manera dejará de importar dónde, cuándo o cómo lo hiciste, sino el resultado del mismo, dándole mayor competitividad y productividad al negocio.</p>
<p><em>Fuente: <a href="https://aurenweb-stg.servidortemporal.net/ar/publicaciones/brujula-de-negocios-2022-jovenes-profesionales/">Encuesta brújula de negocios Auren</a> + “Global talent trends” de Linkedin</em></p>
<p>Leer la nota en <a href="https://mercado.com.ar/management-marketing/la-flexibilidad-es-la-clave-en-competitividad-y-productividad/">Mercado</a></p>
<p>Por <a href="https://www.linkedin.com/in/salernoluis/">Luis Salerno</a>, Director de <a href="https://aurenweb-stg.servidortemporal.net/ar/servicios/outsourcing/bpo-business-process-outsourcing/">BPO</a> de <a href="https://aurenweb-stg.servidortemporal.net/ar/">Auren Argentina</a>.</p>
<p><!-- AddThis Advanced Settings generic via filter on the_content --><!-- AddThis Share Buttons generic via filter on the_content --></p>

<p>Como resultado de la encuesta que desde Auren realizamos a los jóvenes profesionales sobre sus inquietudes y expectativas laborales, tuvimos como resultado que el 66% de los jóvenes valoran y [&hellip;]</p>
