{"id":14380,"date":"2022-06-14T09:42:50","date_gmt":"2022-06-14T07:42:50","guid":{"rendered":"https:\/\/auren.com\/ar\/new\/prensa-el-gobierno-presento-el-proyecto-de-renta-inesperada-agritotal-14-6-2022\/"},"modified":"2022-06-14T09:42:50","modified_gmt":"2022-06-14T07:42:50","slug":"prensa-el-gobierno-presento-el-proyecto-de-renta-inesperada-agritotal-14-6-2022","status":"publish","type":"new","link":"https:\/\/aurenweb-stg.servidortemporal.net\/ar\/noticias\/prensa-el-gobierno-presento-el-proyecto-de-renta-inesperada-agritotal-14-6-2022\/","title":{"rendered":"Prensa | El Gobierno present\u00f3 el proyecto de renta inesperada (Agritotal 14.6.2022)"},"content":{"rendered":"<h2 class=\"wp-block-heading\">Fue el lunes 6 en un acto que se desarroll\u00f3 en el Museo del Bicentenario de Casa Rosada, en el que participaron el presidente y su ministro de Econom\u00eda.<\/h2>\n<p>Un mes y medio despu\u00e9s de haberlo anunciado, el Gobierno nacional presentar\u00e1 este lunes un proyecto de ley de renta inesperada, con el que busca redistribuir las ganancias extraordinarias obtenidas por las empresas a partir del shock generado por la guerra entre Rusia y Ucrania.<\/p>\n<h2 class=\"wp-block-heading\">Posiciones en contra<\/h2>\n<p>Para el tributarista&nbsp;<strong>C\u00e9sar Litvin<\/strong>, \u00abhay que tener en cuenta que las empresas que sean alcanzadas ya pagan Ganancias. Adem\u00e1s, \u00bfqu\u00e9 pasa si las empresas alcanzadas tuvieron otras p\u00e9rdidas que compensan esas ganancias que se les cuentan?\u00bb. <\/p>\n<p>\u00abComo el Estado no se achica y no reduce los gastos, se inventan estos impuestos que lo \u00fanico que hacen es seguir generando total desconfianza en la seguridad jur\u00eddica del pa\u00eds y seguir impulsando a las empresas a irse del pa\u00eds, en lugar de seguir creando riqueza\u00bb, se\u00f1al\u00f3&nbsp;<strong><a href=\"https:\/\/www.linkedin.com\/in\/gabrielhermida\/\">Gabriel Hermida<\/a><\/strong>, Socio de <a href=\"https:\/\/aurenweb-stg.servidortemporal.net\/ar\/servicios\/tax-legal\/impuestos\/\">Impuestos<\/a> de <a href=\"https:\/\/aurenweb-stg.servidortemporal.net\/ar\/\">Auren Argentina<\/a><\/p>\n<p>Mientras tanto que&nbsp;<strong>Gustavo Id\u00edgoras<\/strong>&nbsp;(presidente de la C\u00e1mara de la Industria Aceitera de la Rep\u00fablica Argentina), sostuvo: \u00abEsto no hace m\u00e1s que poner m\u00e1s presi\u00f3n a las empresas que tratan de sacar al pa\u00eds adelante, sobre todo las exportadoras\u00bb.<\/p>\n<p>Leer la nota completa en <a href=\"https:\/\/www.agritotal.com\/nota\/el-gobierno-presenta-el-proyecto-de-renta-inesperada\/\">agritotal.com<\/a><\/p>\n<p><!-- AddThis Advanced Settings generic via filter on the_content --><!-- AddThis Share Buttons generic via filter on the_content --><\/p>\n","protected":false},"excerpt":{"rendered":"<p>Fue el lunes 6 en un acto que se desarroll\u00f3 en el Museo del Bicentenario de Casa Rosada, en el que participaron el presidente y su ministro de Econom\u00eda. Un [&hellip;]<\/p>\n","protected":false},"featured_media":14381,"template":"","meta":{"_acf_changed":false,"footnotes":""},"new-category":[],"class_list":["post-14380","new","type-new","status-publish","has-post-thumbnail","hentry"],"acf":[],"_links":{"self":[{"href":"https:\/\/aurenweb-stg.servidortemporal.net\/ar\/wp-json\/wp\/v2\/new\/14380","targetHints":{"allow":["GET"]}}],"collection":[{"href":"https:\/\/aurenweb-stg.servidortemporal.net\/ar\/wp-json\/wp\/v2\/new"}],"about":[{"href":"https:\/\/aurenweb-stg.servidortemporal.net\/ar\/wp-json\/wp\/v2\/types\/new"}],"version-history":[{"count":0,"href":"https:\/\/aurenweb-stg.servidortemporal.net\/ar\/wp-json\/wp\/v2\/new\/14380\/revisions"}],"wp:featuredmedia":[{"embeddable":true,"href":"https:\/\/aurenweb-stg.servidortemporal.net\/ar\/wp-json\/wp\/v2\/media\/14381"}],"wp:attachment":[{"href":"https:\/\/aurenweb-stg.servidortemporal.net\/ar\/wp-json\/wp\/v2\/media?parent=14380"}],"wp:term":[{"taxonomy":"new-category","embeddable":true,"href":"https:\/\/aurenweb-stg.servidortemporal.net\/ar\/wp-json\/wp\/v2\/new-category?post=14380"}],"curies":[{"name":"wp","href":"https:\/\/api.w.org\/{rel}","templated":true}]}}

Prensa | El Gobierno presentó el proyecto de renta inesperada (Agritotal 14.6.2022)

<h2 class="wp-block-heading">Fue el lunes 6 en un acto que se desarrolló en el Museo del Bicentenario de Casa Rosada, en el que participaron el presidente y su ministro de Economía.</h2>
<p>Un mes y medio después de haberlo anunciado, el Gobierno nacional presentará este lunes un proyecto de ley de renta inesperada, con el que busca redistribuir las ganancias extraordinarias obtenidas por las empresas a partir del shock generado por la guerra entre Rusia y Ucrania.</p>
<h2 class="wp-block-heading">Posiciones en contra</h2>
<p>Para el tributarista&nbsp;<strong>César Litvin</strong>, «hay que tener en cuenta que las empresas que sean alcanzadas ya pagan Ganancias. Además, ¿qué pasa si las empresas alcanzadas tuvieron otras pérdidas que compensan esas ganancias que se les cuentan?». </p>
<p>«Como el Estado no se achica y no reduce los gastos, se inventan estos impuestos que lo único que hacen es seguir generando total desconfianza en la seguridad jurídica del país y seguir impulsando a las empresas a irse del país, en lugar de seguir creando riqueza», señaló&nbsp;<strong><a href="https://www.linkedin.com/in/gabrielhermida/">Gabriel Hermida</a></strong>, Socio de <a href="https://aurenweb-stg.servidortemporal.net/ar/servicios/tax-legal/impuestos/">Impuestos</a> de <a href="https://aurenweb-stg.servidortemporal.net/ar/">Auren Argentina</a></p>
<p>Mientras tanto que&nbsp;<strong>Gustavo Idígoras</strong>&nbsp;(presidente de la Cámara de la Industria Aceitera de la República Argentina), sostuvo: «Esto no hace más que poner más presión a las empresas que tratan de sacar al país adelante, sobre todo las exportadoras».</p>
<p>Leer la nota completa en <a href="https://www.agritotal.com/nota/el-gobierno-presenta-el-proyecto-de-renta-inesperada/">agritotal.com</a></p>
<p><!-- AddThis Advanced Settings generic via filter on the_content --><!-- AddThis Share Buttons generic via filter on the_content --></p>

<p>Fue el lunes 6 en un acto que se desarrolló en el Museo del Bicentenario de Casa Rosada, en el que participaron el presidente y su ministro de Economía. Un [&hellip;]</p>
