{"id":14402,"date":"2022-05-31T15:13:24","date_gmt":"2022-05-31T13:13:24","guid":{"rendered":"https:\/\/auren.com\/ar\/new\/prensa-tiempo-de-capitalizar-la-crisis-el-cronista-31-5-2022\/"},"modified":"2022-05-31T15:13:24","modified_gmt":"2022-05-31T13:13:24","slug":"prensa-tiempo-de-capitalizar-la-crisis-el-cronista-31-5-2022","status":"publish","type":"new","link":"https:\/\/aurenweb-stg.servidortemporal.net\/ar\/noticias\/prensa-tiempo-de-capitalizar-la-crisis-el-cronista-31-5-2022\/","title":{"rendered":"Prensa. Tiempo de capitalizar la crisis (El Cronista 31.5.2022)"},"content":{"rendered":"<p>El\u00a0<strong>panel \u00abManagement, nuevas habilidades\u00bb<\/strong>\u00a0estuvo integrado por\u00a0<strong><a href=\"https:\/\/www.linkedin.com\/in\/salernoluis\/\">Luis Salerno<\/a><\/strong>, director de<a href=\"https:\/\/aurenweb-stg.servidortemporal.net\/ar\/servicios\/outsourcing\/bpo-business-process-outsourcing\/\"> BPO<\/a> de\u00a0<strong><a href=\"https:\/\/aurenweb-stg.servidortemporal.net\/ar\/\">Auren Argentina<\/a>; Cristina Autorino<\/strong>, presidenta de\u00a0<strong>IDEA Joven; Gustavo Aguilera<\/strong>, director de Talent Solutions y People &amp; Culture de\u00a0<strong>ManpowerGroup Argentina, y Daniel Colombo<\/strong>, especialista en RRHH. Mariana Shaalo fue la moderadora.<\/p>\n<p>Las\u00a0<strong>principales tendencias en el mercado laboral<\/strong>\u00a0fue el tema central de la charla. Aguilera dijo que una de las tendencias tiene que ver con lo que los trabajadores quieren. \u00abCambi\u00f3 la ecuaci\u00f3n de la relaci\u00f3n entre trabajadores y empleados.\u00a0<strong>Hoy el mundo del trabajo privilegia lo que los trabajadores buscan, como m\u00e1s flexibilidad<\/strong>. Hoy la cultura importa en las organizaciones. Antes los empleadores defin\u00edamos mucho m\u00e1s el mundo del trabajo, pero desde la pandemia, esto cambi\u00f3 fuertemente\u00bb.<\/p>\n<p>Salerno plante\u00f3 a su turno como ve el futuro del trabajo joven. \u00abPodemos crear talentos con los j\u00f3venes y no en funci\u00f3n de lo que nosotros creemos que piensan\u00bb. Seg\u00fan una encuesta realizada por Auren sobre \u00ab<strong>qu\u00e9 valoran los j\u00f3venes de entre 20 y 30 a\u00f1os<\/strong>\u00ab, detectaron que \u00abest\u00e1 por encima la oportunidad del crecimiento y desarrollo que el salario, despu\u00e9s vienen la flexibilidad, el clima laboral y en quinto lugar los beneficios, que hoy parecieran que los dan por hechos\u00bb.<\/p>\n<p>Leer la nota completa en <a href=\"https:\/\/www.cronista.com\/management\/tiempo-de-capitalizar-lo-que-dejo-la-crisis\/\">Diario El Cronista<\/a><\/p>\n<p><!-- AddThis Advanced Settings generic via filter on the_content --><!-- AddThis Share Buttons generic via filter on the_content --><\/p>\n","protected":false},"excerpt":{"rendered":"<p>El\u00a0panel \u00abManagement, nuevas habilidades\u00bb\u00a0estuvo integrado por\u00a0Luis Salerno, director de BPO de\u00a0Auren Argentina; Cristina Autorino, presidenta de\u00a0IDEA Joven; Gustavo Aguilera, director de Talent Solutions y People &amp; Culture de\u00a0ManpowerGroup Argentina, y [&hellip;]<\/p>\n","protected":false},"featured_media":0,"template":"","meta":{"_acf_changed":false,"footnotes":""},"new-category":[],"class_list":["post-14402","new","type-new","status-publish","hentry"],"acf":[],"_links":{"self":[{"href":"https:\/\/aurenweb-stg.servidortemporal.net\/ar\/wp-json\/wp\/v2\/new\/14402","targetHints":{"allow":["GET"]}}],"collection":[{"href":"https:\/\/aurenweb-stg.servidortemporal.net\/ar\/wp-json\/wp\/v2\/new"}],"about":[{"href":"https:\/\/aurenweb-stg.servidortemporal.net\/ar\/wp-json\/wp\/v2\/types\/new"}],"version-history":[{"count":0,"href":"https:\/\/aurenweb-stg.servidortemporal.net\/ar\/wp-json\/wp\/v2\/new\/14402\/revisions"}],"wp:attachment":[{"href":"https:\/\/aurenweb-stg.servidortemporal.net\/ar\/wp-json\/wp\/v2\/media?parent=14402"}],"wp:term":[{"taxonomy":"new-category","embeddable":true,"href":"https:\/\/aurenweb-stg.servidortemporal.net\/ar\/wp-json\/wp\/v2\/new-category?post=14402"}],"curies":[{"name":"wp","href":"https:\/\/api.w.org\/{rel}","templated":true}]}}

<p>El <strong>panel «Management, nuevas habilidades»</strong> estuvo integrado por <strong><a href="https://www.linkedin.com/in/salernoluis/">Luis Salerno</a></strong>, director de<a href="https://aurenweb-stg.servidortemporal.net/ar/servicios/outsourcing/bpo-business-process-outsourcing/"> BPO</a> de <strong><a href="https://aurenweb-stg.servidortemporal.net/ar/">Auren Argentina</a>; Cristina Autorino</strong>, presidenta de <strong>IDEA Joven; Gustavo Aguilera</strong>, director de Talent Solutions y People &amp; Culture de <strong>ManpowerGroup Argentina, y Daniel Colombo</strong>, especialista en RRHH. Mariana Shaalo fue la moderadora.</p>
<p>Las <strong>principales tendencias en el mercado laboral</strong> fue el tema central de la charla. Aguilera dijo que una de las tendencias tiene que ver con lo que los trabajadores quieren. «Cambió la ecuación de la relación entre trabajadores y empleados. <strong>Hoy el mundo del trabajo privilegia lo que los trabajadores buscan, como más flexibilidad</strong>. Hoy la cultura importa en las organizaciones. Antes los empleadores definíamos mucho más el mundo del trabajo, pero desde la pandemia, esto cambió fuertemente».</p>
<p>Salerno planteó a su turno como ve el futuro del trabajo joven. «Podemos crear talentos con los jóvenes y no en función de lo que nosotros creemos que piensan». Según una encuesta realizada por Auren sobre «<strong>qué valoran los jóvenes de entre 20 y 30 años</strong>«, detectaron que «está por encima la oportunidad del crecimiento y desarrollo que el salario, después vienen la flexibilidad, el clima laboral y en quinto lugar los beneficios, que hoy parecieran que los dan por hechos».</p>
<p>Leer la nota completa en <a href="https://www.cronista.com/management/tiempo-de-capitalizar-lo-que-dejo-la-crisis/">Diario El Cronista</a></p>
<p><!-- AddThis Advanced Settings generic via filter on the_content --><!-- AddThis Share Buttons generic via filter on the_content --></p>
