{"id":14403,"date":"2022-05-26T10:02:23","date_gmt":"2022-05-26T08:02:23","guid":{"rendered":"https:\/\/auren.com\/ar\/new\/prensa-el-trabajo-hibrido-el-reto-para-los-gestores-de-capital-humano-el-cronista-24-5-22\/"},"modified":"2022-05-26T10:02:23","modified_gmt":"2022-05-26T08:02:23","slug":"prensa-el-trabajo-hibrido-el-reto-para-los-gestores-de-capital-humano-el-cronista-24-5-22","status":"publish","type":"new","link":"https:\/\/aurenweb-stg.servidortemporal.net\/ar\/noticias\/prensa-el-trabajo-hibrido-el-reto-para-los-gestores-de-capital-humano-el-cronista-24-5-22\/","title":{"rendered":"Prensa. El trabajo h\u00edbrido, el reto para los gestores de capital humano (El Cronista 24.5.22)"},"content":{"rendered":"<p>La pandemia cambio rotundamente las formas de trabajar. Hoy, las empresas buscan un equilibrio entre la presencialidad y las tareas remotas (trabajo h\u00edbrido), clave para retener los talentos de cara a la pospandemia.<\/p>\n<p>A m\u00e1s de dos a\u00f1os de la irrupci\u00f3n del Covid-19, y tras sobreponerse a los sorpresivos desaf\u00edos iniciales que se plantearon en un contexto desconocido,\u00a0<strong>los departamentos de Recursos Humanos\u00a0ahora se concentran en dise\u00f1ar pol\u00edticas de atracci\u00f3n y retenci\u00f3n del talento de cara a la pospandemia.<\/strong><\/p>\n<p>En ese sentido,<strong>\u00a0referentes de distintas empresas compartieron sus proyectos<\/strong>, como as\u00ed tambi\u00e9n los retos que atravesaron y que actualmente se presentan para sus negocios,<strong>\u00a0convocados en el foro de Recursos Humanos que organiz\u00f3\u00a0<em>El Cronista<\/em>.<\/strong><\/p>\n<h2 class=\"wp-block-heading\"><strong>EL TRABAJO H\u00cdBRIDO LLEG\u00d3 PARA QUEDARSE<\/strong><\/h2>\n<p><strong>Gisela Romero,&nbsp;HR Associate Director South Cone &amp; Regional HRBP Medication Delivery Solutions Latam en&nbsp;Becton Dickinson (BD),<\/strong>&nbsp;afirm\u00f3 que, al comienzo de la cuarentena,&nbsp;<strong>el mayor desaf\u00edo fue continuar abasteciendo a los principales clientes&nbsp;en un formato totalmente distinto al que estaban acostumbrados.&nbsp;<\/strong><\/p>\n<p>\u00ab<strong>Experimentamos\u00a0un cambio rotundo, pasando de un esquema de presencialidad a uno 100% virtual, en el que debimos no solo asegurar el abastecimiento, sino tambi\u00e9n\u00a0cuidar a nuestros colaboradores<\/strong>, atendiendo su bienestar emocional, f\u00edsico, social\u00bb, sostuvo la ejecutiva de la firma internacional de tecnolog\u00eda m\u00e9dica, que cuenta con 70.000 empleados en todo el mundo.\u00a0\u00a0<\/p>\n<p>&#8230;<\/p>\n<p>\u00abHay que hacer que la marca se asocien a las oportunidades de crecimiento profesional. Los empleados creen que es bueno rotar en distintos empleos y tenemos por delante el desaf\u00edo de que quieran quedarse dentro de la compa\u00f1\u00eda\u00bb, agrega <a href=\"https:\/\/www.linkedin.com\/in\/salernoluis\/\">Luis Salerno<\/a>, Director de <a href=\"https:\/\/aurenweb-stg.servidortemporal.net\/ar\/servicios\/outsourcing\/bpo-business-process-outsourcing\/\">BPO<\/a> de <a href=\"https:\/\/www.linkedin.com\/company\/aurenargentina\">Auren Argentina<\/a>.<\/p>\n<figure class=\"wp-block-image size-full\"><img decoding=\"async\" loading=\"lazy\" width=\"941\" height=\"550\" src=\"https:\/\/aurenweb-stg.servidortemporal.net\/ar\/wp-content\/uploads\/migration\/2022\/05\/cronista-2.png\" alt=\"\" class=\"wp-image-14415\" srcset=\"https:\/\/aurenweb-stg.servidortemporal.net\/ar\/wp-content\/uploads\/migration\/2022\/05\/cronista-2.png 941w, https:\/\/aurenweb-stg.servidortemporal.net\/ar\/wp-content\/uploads\/migration\/2022\/05\/cronista-2-300x175.png 300w, https:\/\/aurenweb-stg.servidortemporal.net\/ar\/wp-content\/uploads\/migration\/2022\/05\/cronista-2-768x449.png 768w\" sizes=\"auto, (max-width: 941px) 100vw, 941px\" \/><\/figure>\n<figure class=\"wp-block-image size-full\"><img decoding=\"async\" loading=\"lazy\" width=\"883\" height=\"552\" src=\"https:\/\/aurenweb-stg.servidortemporal.net\/ar\/wp-content\/uploads\/migration\/2022\/05\/cronista-3.png\" alt=\"\" class=\"wp-image-14417\" srcset=\"https:\/\/aurenweb-stg.servidortemporal.net\/ar\/wp-content\/uploads\/migration\/2022\/05\/cronista-3.png 883w, https:\/\/aurenweb-stg.servidortemporal.net\/ar\/wp-content\/uploads\/migration\/2022\/05\/cronista-3-300x188.png 300w, https:\/\/aurenweb-stg.servidortemporal.net\/ar\/wp-content\/uploads\/migration\/2022\/05\/cronista-3-768x480.png 768w\" sizes=\"auto, (max-width: 883px) 100vw, 883px\" \/><figcaption>Diario El Cronista, 24.5.2022<\/figcaption><\/figure>\n<p><!-- AddThis Advanced Settings generic via filter on the_content --><!-- AddThis Share Buttons generic via filter on the_content --><\/p>\n","protected":false},"excerpt":{"rendered":"<p>La pandemia cambio rotundamente las formas de trabajar. Hoy, las empresas buscan un equilibrio entre la presencialidad y las tareas remotas (trabajo h\u00edbrido), clave para retener los talentos de cara [&hellip;]<\/p>\n","protected":false},"featured_media":0,"template":"","meta":{"_acf_changed":false,"footnotes":""},"new-category":[],"class_list":["post-14403","new","type-new","status-publish","hentry"],"acf":[],"_links":{"self":[{"href":"https:\/\/aurenweb-stg.servidortemporal.net\/ar\/wp-json\/wp\/v2\/new\/14403","targetHints":{"allow":["GET"]}}],"collection":[{"href":"https:\/\/aurenweb-stg.servidortemporal.net\/ar\/wp-json\/wp\/v2\/new"}],"about":[{"href":"https:\/\/aurenweb-stg.servidortemporal.net\/ar\/wp-json\/wp\/v2\/types\/new"}],"version-history":[{"count":0,"href":"https:\/\/aurenweb-stg.servidortemporal.net\/ar\/wp-json\/wp\/v2\/new\/14403\/revisions"}],"wp:attachment":[{"href":"https:\/\/aurenweb-stg.servidortemporal.net\/ar\/wp-json\/wp\/v2\/media?parent=14403"}],"wp:term":[{"taxonomy":"new-category","embeddable":true,"href":"https:\/\/aurenweb-stg.servidortemporal.net\/ar\/wp-json\/wp\/v2\/new-category?post=14403"}],"curies":[{"name":"wp","href":"https:\/\/api.w.org\/{rel}","templated":true}]}}

Prensa. El trabajo híbrido, el reto para los gestores de capital humano (El Cronista 24.5.22)

<p>La pandemia cambio rotundamente las formas de trabajar. Hoy, las empresas buscan un equilibrio entre la presencialidad y las tareas remotas (trabajo híbrido), clave para retener los talentos de cara a la pospandemia.</p>
<p>A más de dos años de la irrupción del Covid-19, y tras sobreponerse a los sorpresivos desafíos iniciales que se plantearon en un contexto desconocido, <strong>los departamentos de Recursos Humanos ahora se concentran en diseñar políticas de atracción y retención del talento de cara a la pospandemia.</strong></p>
<p>En ese sentido,<strong> referentes de distintas empresas compartieron sus proyectos</strong>, como así también los retos que atravesaron y que actualmente se presentan para sus negocios,<strong> convocados en el foro de Recursos Humanos que organizó <em>El Cronista</em>.</strong></p>
<h2 class="wp-block-heading"><strong>EL TRABAJO HÍBRIDO LLEGÓ PARA QUEDARSE</strong></h2>
<p><strong>Gisela Romero,&nbsp;HR Associate Director South Cone &amp; Regional HRBP Medication Delivery Solutions Latam en&nbsp;Becton Dickinson (BD),</strong>&nbsp;afirmó que, al comienzo de la cuarentena,&nbsp;<strong>el mayor desafío fue continuar abasteciendo a los principales clientes&nbsp;en un formato totalmente distinto al que estaban acostumbrados.&nbsp;</strong></p>
<p>«<strong>Experimentamos un cambio rotundo, pasando de un esquema de presencialidad a uno 100% virtual, en el que debimos no solo asegurar el abastecimiento, sino también cuidar a nuestros colaboradores</strong>, atendiendo su bienestar emocional, físico, social», sostuvo la ejecutiva de la firma internacional de tecnología médica, que cuenta con 70.000 empleados en todo el mundo.  </p>
<p>&#8230;</p>
<p>«Hay que hacer que la marca se asocien a las oportunidades de crecimiento profesional. Los empleados creen que es bueno rotar en distintos empleos y tenemos por delante el desafío de que quieran quedarse dentro de la compañía», agrega <a href="https://www.linkedin.com/in/salernoluis/">Luis Salerno</a>, Director de <a href="https://aurenweb-stg.servidortemporal.net/ar/servicios/outsourcing/bpo-business-process-outsourcing/">BPO</a> de <a href="https://www.linkedin.com/company/aurenargentina">Auren Argentina</a>.</p>
<figure class="wp-block-image size-full"><img decoding="async" loading="lazy" width="941" height="550" src="https://aurenweb-stg.servidortemporal.net/ar/wp-content/uploads/migration/2022/05/cronista-2.png" alt="" class="wp-image-14415" srcset="https://aurenweb-stg.servidortemporal.net/ar/wp-content/uploads/migration/2022/05/cronista-2.png 941w, https://aurenweb-stg.servidortemporal.net/ar/wp-content/uploads/migration/2022/05/cronista-2-300x175.png 300w, https://aurenweb-stg.servidortemporal.net/ar/wp-content/uploads/migration/2022/05/cronista-2-768x449.png 768w" sizes="auto, (max-width: 941px) 100vw, 941px" /></figure>
<figure class="wp-block-image size-full"><img decoding="async" loading="lazy" width="883" height="552" src="https://aurenweb-stg.servidortemporal.net/ar/wp-content/uploads/migration/2022/05/cronista-3.png" alt="" class="wp-image-14417" srcset="https://aurenweb-stg.servidortemporal.net/ar/wp-content/uploads/migration/2022/05/cronista-3.png 883w, https://aurenweb-stg.servidortemporal.net/ar/wp-content/uploads/migration/2022/05/cronista-3-300x188.png 300w, https://aurenweb-stg.servidortemporal.net/ar/wp-content/uploads/migration/2022/05/cronista-3-768x480.png 768w" sizes="auto, (max-width: 883px) 100vw, 883px" /><figcaption>Diario El Cronista, 24.5.2022</figcaption></figure>
<p><!-- AddThis Advanced Settings generic via filter on the_content --><!-- AddThis Share Buttons generic via filter on the_content --></p>

<p>La pandemia cambio rotundamente las formas de trabajar. Hoy, las empresas buscan un equilibrio entre la presencialidad y las tareas remotas (trabajo híbrido), clave para retener los talentos de cara [&hellip;]</p>
