{"id":14418,"date":"2022-05-17T14:55:22","date_gmt":"2022-05-17T12:55:22","guid":{"rendered":"https:\/\/auren.com\/ar\/new\/novedades-convencion-auren-latinoamericana-2022\/"},"modified":"2022-05-17T14:55:22","modified_gmt":"2022-05-17T12:55:22","slug":"novedades-convencion-auren-latinoamericana-2022","status":"publish","type":"new","link":"https:\/\/aurenweb-stg.servidortemporal.net\/ar\/noticias\/novedades-convencion-auren-latinoamericana-2022\/","title":{"rendered":"Novedades. Convenci\u00f3n Auren Latinoamericana 2022"},"content":{"rendered":"La semana del 4 al 6 de Mayo se realiz\u00f3 la <strong>Convenci\u00f3n Latinoamericana de Auren 2022<\/strong> en la ciudad Bogot\u00e1 con el fin de encontrarnos en forma presencial y charlar acerca de los objetivos y oportunidades de crecimiento.\n\n<!-- \/wp:paragraph --><!-- wp:paragraph -->\n\nCon la participaci\u00f3n de todas las oficinas de <a href=\"https:\/\/www.aurenenlatinoamerica.com\/\">Auren Latinoam\u00e9rica<\/a>, <a href=\"https:\/\/aurenweb-stg.servidortemporal.net\/ar\/\">Auren Argentina<\/a>, <a href=\"https:\/\/auren.com\/mx\/\">Auren M\u00e9xico<\/a>, <a href=\"https:\/\/auren.com\/cl\/\">Auren Chile<\/a>, Auren Colombia y Auren Paraguay intercambiamos ideas, presentamos los objetivos cumplidos y re-pensamos nuevas formas de hacer negocios.\n\n<!-- \/wp:paragraph --><!-- wp:paragraph -->\n\nLa sinergia y trabajo en equipo son los pilares que elegimos para potenciar a Auren&nbsp;en toda la regi\u00f3n.&nbsp;\n\n<!-- \/wp:paragraph -->\n\n<!-- wp:image {\"id\":14372,\"sizeSlug\":\"large\",\"linkDestination\":\"none\"} -->\n<figure class=\"wp-block-image size-large\"><img decoding=\"async\" loading=\"lazy\" width=\"1024\" height=\"663\" src=\"https:\/\/aurenweb-stg.servidortemporal.net\/ar\/wp-content\/uploads\/migration\/2022\/05\/print-2-1024x663.png\" alt=\"\" class=\"wp-image-14372\" srcset=\"https:\/\/aurenweb-stg.servidortemporal.net\/ar\/wp-content\/uploads\/migration\/2022\/05\/print-2-1024x663.png 1024w, https:\/\/aurenweb-stg.servidortemporal.net\/ar\/wp-content\/uploads\/migration\/2022\/05\/print-2-300x194.png 300w, https:\/\/aurenweb-stg.servidortemporal.net\/ar\/wp-content\/uploads\/migration\/2022\/05\/print-2-768x497.png 768w, https:\/\/aurenweb-stg.servidortemporal.net\/ar\/wp-content\/uploads\/migration\/2022\/05\/print-2.png 1074w\" sizes=\"auto, (max-width: 1024px) 100vw, 1024px\" \/><figcaption>Fernando Tezanos Pinto, Presidente de Auren Argentina<\/figcaption><\/figure>\n<!-- \/wp:image -->\n\n<!-- wp:image {\"id\":14375,\"sizeSlug\":\"large\",\"linkDestination\":\"none\"} -->\n<figure class=\"wp-block-image size-large\"><img decoding=\"async\" loading=\"lazy\" width=\"1024\" height=\"681\" src=\"https:\/\/aurenweb-stg.servidortemporal.net\/ar\/wp-content\/uploads\/migration\/2022\/05\/DSC_0270-1024x681.jpg\" alt=\"\" class=\"wp-image-14375\" srcset=\"https:\/\/aurenweb-stg.servidortemporal.net\/ar\/wp-content\/uploads\/migration\/2022\/05\/DSC_0270-1024x681.jpg 1024w, https:\/\/aurenweb-stg.servidortemporal.net\/ar\/wp-content\/uploads\/migration\/2022\/05\/DSC_0270-300x199.jpg 300w, https:\/\/aurenweb-stg.servidortemporal.net\/ar\/wp-content\/uploads\/migration\/2022\/05\/DSC_0270-768x511.jpg 768w, https:\/\/aurenweb-stg.servidortemporal.net\/ar\/wp-content\/uploads\/migration\/2022\/05\/DSC_0270-1536x1021.jpg 1536w, https:\/\/aurenweb-stg.servidortemporal.net\/ar\/wp-content\/uploads\/migration\/2022\/05\/DSC_0270-2048x1362.jpg 2048w\" sizes=\"auto, (max-width: 1024px) 100vw, 1024px\" \/><\/figure>\n<!-- \/wp:image -->\n\n<!-- wp:image {\"id\":14377,\"sizeSlug\":\"large\",\"linkDestination\":\"none\"} -->\n<figure class=\"wp-block-image size-large\"><img decoding=\"async\" loading=\"lazy\" width=\"1024\" height=\"681\" src=\"https:\/\/aurenweb-stg.servidortemporal.net\/ar\/wp-content\/uploads\/migration\/2022\/05\/DSC_0294-1024x681.jpg\" alt=\"\" class=\"wp-image-14377\" srcset=\"https:\/\/aurenweb-stg.servidortemporal.net\/ar\/wp-content\/uploads\/migration\/2022\/05\/DSC_0294-1024x681.jpg 1024w, https:\/\/aurenweb-stg.servidortemporal.net\/ar\/wp-content\/uploads\/migration\/2022\/05\/DSC_0294-300x199.jpg 300w, https:\/\/aurenweb-stg.servidortemporal.net\/ar\/wp-content\/uploads\/migration\/2022\/05\/DSC_0294-768x511.jpg 768w, https:\/\/aurenweb-stg.servidortemporal.net\/ar\/wp-content\/uploads\/migration\/2022\/05\/DSC_0294-1536x1021.jpg 1536w, https:\/\/aurenweb-stg.servidortemporal.net\/ar\/wp-content\/uploads\/migration\/2022\/05\/DSC_0294-2048x1362.jpg 2048w\" sizes=\"auto, (max-width: 1024px) 100vw, 1024px\" \/><\/figure>\n<!-- \/wp:image --><!-- AddThis Advanced Settings generic via filter on the_content --><!-- AddThis Share Buttons generic via filter on the_content -->","protected":false},"excerpt":{"rendered":"<p>La semana del 4 al 6 de Mayo se realiz\u00f3 la Convenci\u00f3n Latinoamericana de Auren 2022 en la ciudad Bogot\u00e1 con el fin de encontrarnos en forma presencial y charlar [&hellip;]<\/p>\n","protected":false},"featured_media":14431,"template":"","meta":{"_acf_changed":false,"footnotes":""},"new-category":[],"class_list":["post-14418","new","type-new","status-publish","has-post-thumbnail","hentry"],"acf":[],"_links":{"self":[{"href":"https:\/\/aurenweb-stg.servidortemporal.net\/ar\/wp-json\/wp\/v2\/new\/14418","targetHints":{"allow":["GET"]}}],"collection":[{"href":"https:\/\/aurenweb-stg.servidortemporal.net\/ar\/wp-json\/wp\/v2\/new"}],"about":[{"href":"https:\/\/aurenweb-stg.servidortemporal.net\/ar\/wp-json\/wp\/v2\/types\/new"}],"version-history":[{"count":0,"href":"https:\/\/aurenweb-stg.servidortemporal.net\/ar\/wp-json\/wp\/v2\/new\/14418\/revisions"}],"wp:featuredmedia":[{"embeddable":true,"href":"https:\/\/aurenweb-stg.servidortemporal.net\/ar\/wp-json\/wp\/v2\/media\/14431"}],"wp:attachment":[{"href":"https:\/\/aurenweb-stg.servidortemporal.net\/ar\/wp-json\/wp\/v2\/media?parent=14418"}],"wp:term":[{"taxonomy":"new-category","embeddable":true,"href":"https:\/\/aurenweb-stg.servidortemporal.net\/ar\/wp-json\/wp\/v2\/new-category?post=14418"}],"curies":[{"name":"wp","href":"https:\/\/api.w.org\/{rel}","templated":true}]}}

Novedades. Convención Auren Latinoamericana 2022

La semana del 4 al 6 de Mayo se realizó la <strong>Convención Latinoamericana de Auren 2022</strong> en la ciudad Bogotá con el fin de encontrarnos en forma presencial y charlar acerca de los objetivos y oportunidades de crecimiento.

<!-- /wp:paragraph --><!-- wp:paragraph -->

Con la participación de todas las oficinas de <a href="https://www.aurenenlatinoamerica.com/">Auren Latinoamérica</a>, <a href="https://aurenweb-stg.servidortemporal.net/ar/">Auren Argentina</a>, <a href="https://auren.com/mx/">Auren México</a>, <a href="https://auren.com/cl/">Auren Chile</a>, Auren Colombia y Auren Paraguay intercambiamos ideas, presentamos los objetivos cumplidos y re-pensamos nuevas formas de hacer negocios.

<!-- /wp:paragraph --><!-- wp:paragraph -->

La sinergia y trabajo en equipo son los pilares que elegimos para potenciar a Auren&nbsp;en toda la región.&nbsp;

<!-- /wp:paragraph -->

<!-- wp:image {"id":14372,"sizeSlug":"large","linkDestination":"none"} -->
<figure class="wp-block-image size-large"><img decoding="async" loading="lazy" width="1024" height="663" src="https://aurenweb-stg.servidortemporal.net/ar/wp-content/uploads/migration/2022/05/print-2-1024x663.png" alt="" class="wp-image-14372" srcset="https://aurenweb-stg.servidortemporal.net/ar/wp-content/uploads/migration/2022/05/print-2-1024x663.png 1024w, https://aurenweb-stg.servidortemporal.net/ar/wp-content/uploads/migration/2022/05/print-2-300x194.png 300w, https://aurenweb-stg.servidortemporal.net/ar/wp-content/uploads/migration/2022/05/print-2-768x497.png 768w, https://aurenweb-stg.servidortemporal.net/ar/wp-content/uploads/migration/2022/05/print-2.png 1074w" sizes="auto, (max-width: 1024px) 100vw, 1024px" /><figcaption>Fernando Tezanos Pinto, Presidente de Auren Argentina</figcaption></figure>
<!-- /wp:image -->

<!-- wp:image {"id":14375,"sizeSlug":"large","linkDestination":"none"} -->
<figure class="wp-block-image size-large"><img decoding="async" loading="lazy" width="1024" height="681" src="https://aurenweb-stg.servidortemporal.net/ar/wp-content/uploads/migration/2022/05/DSC_0270-1024x681.jpg" alt="" class="wp-image-14375" srcset="https://aurenweb-stg.servidortemporal.net/ar/wp-content/uploads/migration/2022/05/DSC_0270-1024x681.jpg 1024w, https://aurenweb-stg.servidortemporal.net/ar/wp-content/uploads/migration/2022/05/DSC_0270-300x199.jpg 300w, https://aurenweb-stg.servidortemporal.net/ar/wp-content/uploads/migration/2022/05/DSC_0270-768x511.jpg 768w, https://aurenweb-stg.servidortemporal.net/ar/wp-content/uploads/migration/2022/05/DSC_0270-1536x1021.jpg 1536w, https://aurenweb-stg.servidortemporal.net/ar/wp-content/uploads/migration/2022/05/DSC_0270-2048x1362.jpg 2048w" sizes="auto, (max-width: 1024px) 100vw, 1024px" /></figure>
<!-- /wp:image -->

<!-- wp:image {"id":14377,"sizeSlug":"large","linkDestination":"none"} -->
<figure class="wp-block-image size-large"><img decoding="async" loading="lazy" width="1024" height="681" src="https://aurenweb-stg.servidortemporal.net/ar/wp-content/uploads/migration/2022/05/DSC_0294-1024x681.jpg" alt="" class="wp-image-14377" srcset="https://aurenweb-stg.servidortemporal.net/ar/wp-content/uploads/migration/2022/05/DSC_0294-1024x681.jpg 1024w, https://aurenweb-stg.servidortemporal.net/ar/wp-content/uploads/migration/2022/05/DSC_0294-300x199.jpg 300w, https://aurenweb-stg.servidortemporal.net/ar/wp-content/uploads/migration/2022/05/DSC_0294-768x511.jpg 768w, https://aurenweb-stg.servidortemporal.net/ar/wp-content/uploads/migration/2022/05/DSC_0294-1536x1021.jpg 1536w, https://aurenweb-stg.servidortemporal.net/ar/wp-content/uploads/migration/2022/05/DSC_0294-2048x1362.jpg 2048w" sizes="auto, (max-width: 1024px) 100vw, 1024px" /></figure>
<!-- /wp:image --><!-- AddThis Advanced Settings generic via filter on the_content --><!-- AddThis Share Buttons generic via filter on the_content -->

<p>La semana del 4 al 6 de Mayo se realizó la Convención Latinoamericana de Auren 2022 en la ciudad Bogotá con el fin de encontrarnos en forma presencial y charlar [&hellip;]</p>
