{"id":14463,"date":"2022-04-25T12:59:56","date_gmt":"2022-04-25T10:59:56","guid":{"rendered":"https:\/\/auren.com\/ar\/new\/prensa-mercado-laboral-que-esperan-y-cuales-son-las-preocupaciones-de-los-jovenes-profesionales-perfil-18-4-2022\/"},"modified":"2022-04-25T12:59:56","modified_gmt":"2022-04-25T10:59:56","slug":"prensa-mercado-laboral-que-esperan-y-cuales-son-las-preocupaciones-de-los-jovenes-profesionales-perfil-18-4-2022","status":"publish","type":"new","link":"https:\/\/aurenweb-stg.servidortemporal.net\/ar\/noticias\/prensa-mercado-laboral-que-esperan-y-cuales-son-las-preocupaciones-de-los-jovenes-profesionales-perfil-18-4-2022\/","title":{"rendered":"Prensa. Mercado Laboral: qu\u00e9 esperan y cu\u00e1les son las preocupaciones de los j\u00f3venes profesionales (Perfil 18.4.2022)"},"content":{"rendered":"<h2 class=\"wp-block-heading\">Se realiz\u00f3 una encuesta a j\u00f3venes profesionales para conocer qu\u00e9 buscan, cu\u00e1les son sus objetivos, motivaciones, aspiraciones y expectativas en el mercado laboral. Qu\u00e9 piensan y esperan.<\/h2>\n<p>El&nbsp;mercado laboral&nbsp;se encuentra en un momento de muchos cambios,<strong>&nbsp;alta rotaci\u00f3n<\/strong>, flexibilidad,&nbsp;nuevas habilidades,&nbsp;automatizaci\u00f3n de fuerza de trabajo y procesos, revoluci\u00f3n tecnol\u00f3gica<strong>, trabajo remoto,&nbsp;<\/strong>empresas m\u00e1s competitivas, globalizaci\u00f3n,<strong>&nbsp;inmigraci\u00f3n y emigraci\u00f3n laboral.<\/strong><\/p>\n<p>Durante la pandemia, las&nbsp;<strong>empresas y postulantes no se animaron a tomar decisiones de cambios frente a la incertidumbre. La encuesta que realiz\u00f3&nbsp;<\/strong>Auren Argentina permite conocer la realidad de m\u00e1s de<strong>&nbsp;300 j\u00f3venes profesionales,&nbsp;<\/strong>qu\u00e9 piensan hoy, qu\u00e9 buscan, sus miedos, preocupaciones, intereses, valores y su visi\u00f3n de futuro.<\/p>\n<h2 class=\"wp-block-heading\">La post pandemia lleg\u00f3 al mundo laboral<\/h2>\n<p>Es relevante que&nbsp;<strong>casi el 64% de los encuestados se siente estable en su puesto de trabajo,&nbsp;<\/strong>cerca del 20% no y un 16% m\u00e1s o menos. Tambi\u00e9n<strong>&nbsp;50% expres\u00f3 que est\u00e1n por momentos satisfechos con su trabajo<\/strong>, pero&nbsp;<strong>no siempre<\/strong>. Esto nos muestra que estamos frente a un p\u00fablico cada vez m\u00e1s exigente.<\/p>\n<p>Respecto a los aspectos a la hora de decidir por un empleo, las oportunidades de desarrollo y crecimiento profesional son un valor aspiracional para m\u00e1s del 80% de los j\u00f3venes y casi en igual medida los motiva el salario, la flexibilidad, el ambiente laboral y las oportunidades de aprendizaje.<\/p>\n<p><strong>A diferencia de generaciones anteriores donde lo principal era el salario, hoy aumentan las expectativas sobre lo que debe proporcionar un trabajo.<\/strong>&nbsp;Aunque la remuneraci\u00f3n sigue siendo una de las principales prioridades, consideran adem\u00e1s las oportunidades de crecimiento y desarrollo profesional, ambiente y seguridad laboral.<\/p>\n<p>Frente a los cambios en el mundo del trabajo, las organizaciones se vieron obligadas a emplear nuevas formas de operar. Pero, \u00bfQu\u00e9 eligen los trabajadores?&nbsp;<strong>M\u00e1s del 72% de los encuestados eligen como modalidad un entorno de trabajo h\u00edbrido,<\/strong>&nbsp;el 17% espera volver a la oficina en forma presencial y solo cerca de un 10% prefiere la virtualidad total.<\/p>\n<p>Lo remoto lleg\u00f3 para quedarse. Esto lleva a las organizaciones a redise\u00f1ar espacios laborales, mantenerse conectados, continuar desarrollando la digitalizaci\u00f3n de los procesos y establecer los canales de comunicaci\u00f3n como pilares de trabajo.<\/p>\n<p><strong>El diferencial de las empresas.<\/strong>&nbsp;La \u201cimagen, reputaci\u00f3n\u201d estuvo casi a la altura de las condiciones de contrataci\u00f3n a la hora de elegir qu\u00e9 valoran de un empleo. Es decir, que para aquellas empresas que no tienen una buena imagen en el mercado, un fin sustentable y valores compartidos, les ser\u00e1 cada vez m\u00e1s dif\u00edcil retener y atraer talentos.<\/p>\n<p><strong>El 65% considera mejor para su desarrollo profesional enriquecerse con distintas experiencias en varias compa\u00f1\u00ed<\/strong>as, mientras que solo el 30% desea hacer carrera dentro de una misma organizaci\u00f3n. Esto nos enfrenta al desaf\u00edo de lograr disminuir la alta rotaci\u00f3n y la p\u00e9rdida de talentos.<\/p>\n<h2 class=\"wp-block-heading\">\u00bfCu\u00e1les son los problemas que preocupan a los j\u00f3venes?<br \/><\/h2>\n<p><strong>La expectativa de m\u00e1s del 45% es trabajar en lo que les guste, sin importar la jerarqu\u00eda ni la empresa<\/strong>. A su vez, el 32% se ve trabajando en una empresa en un cargo jer\u00e1rquico y solo el 22% con un emprendimiento propio. Respecto a sus sentimientos frente a ese futuro. si bien casi el 55% siente incertidumbre, el 31% preocupaci\u00f3n y el 15,5% inseguridad, al mismo tiempo el 35% expresa esperanza y el 27% confianza.<\/p>\n<p>Hoy frente a una crisis econ\u00f3mica y un mercado laboral a\u00fan impactado por la pandemia,&nbsp;<strong>casi el 80% de los j\u00f3venes se preocupan por la econom\u00eda en general, el 50% por la inseguridad y el 45% por el acceso a una vivienda<\/strong>. El acceso a oportunidades de crecimiento y desarrollo dentro de las empresas, as\u00ed como el acceso al trabajo tambi\u00e9n preocupa a un 40% de los encuestados. Casi el 30% expres\u00f3 su preocupaci\u00f3n por la educaci\u00f3n, un 23% por el futuro de su profesi\u00f3n y el 20% por la salud.<\/p>\n<p>Por <a href=\"https:\/\/www.linkedin.com\/in\/salernoluis\/\">Luis Salerno<\/a>, Director de <a href=\"https:\/\/aurenweb-stg.servidortemporal.net\/ar\/servicios\/outsourcing\/bpo-business-process-outsourcing\/\">BPO<\/a> de <a href=\"https:\/\/aurenweb-stg.servidortemporal.net\/ar\/\">Auren<\/a><\/p>\n<p>Leer la nota completa en <a href=\"https:\/\/www.perfil.com\/noticias\/economia\/como-enfrentar-los-cambios-en-el-mercado-laboral.phtml?\">Perfil<\/a><\/p>\n<p><!-- AddThis Advanced Settings generic via filter on the_content --><!-- AddThis Share Buttons generic via filter on the_content --><\/p>\n","protected":false},"excerpt":{"rendered":"<p>Se realiz\u00f3 una encuesta a j\u00f3venes profesionales para conocer qu\u00e9 buscan, cu\u00e1les son sus objetivos, motivaciones, aspiraciones y expectativas en el mercado laboral. Qu\u00e9 piensan y esperan. El&nbsp;mercado laboral&nbsp;se encuentra [&hellip;]<\/p>\n","protected":false},"featured_media":14464,"template":"","meta":{"_acf_changed":false,"footnotes":""},"new-category":[],"class_list":["post-14463","new","type-new","status-publish","has-post-thumbnail","hentry"],"acf":[],"_links":{"self":[{"href":"https:\/\/aurenweb-stg.servidortemporal.net\/ar\/wp-json\/wp\/v2\/new\/14463","targetHints":{"allow":["GET"]}}],"collection":[{"href":"https:\/\/aurenweb-stg.servidortemporal.net\/ar\/wp-json\/wp\/v2\/new"}],"about":[{"href":"https:\/\/aurenweb-stg.servidortemporal.net\/ar\/wp-json\/wp\/v2\/types\/new"}],"version-history":[{"count":0,"href":"https:\/\/aurenweb-stg.servidortemporal.net\/ar\/wp-json\/wp\/v2\/new\/14463\/revisions"}],"wp:featuredmedia":[{"embeddable":true,"href":"https:\/\/aurenweb-stg.servidortemporal.net\/ar\/wp-json\/wp\/v2\/media\/14464"}],"wp:attachment":[{"href":"https:\/\/aurenweb-stg.servidortemporal.net\/ar\/wp-json\/wp\/v2\/media?parent=14463"}],"wp:term":[{"taxonomy":"new-category","embeddable":true,"href":"https:\/\/aurenweb-stg.servidortemporal.net\/ar\/wp-json\/wp\/v2\/new-category?post=14463"}],"curies":[{"name":"wp","href":"https:\/\/api.w.org\/{rel}","templated":true}]}}

Prensa. Mercado Laboral: qué esperan y cuáles son las preocupaciones de los jóvenes profesionales (Perfil 18.4.2022)

<h2 class="wp-block-heading">Se realizó una encuesta a jóvenes profesionales para conocer qué buscan, cuáles son sus objetivos, motivaciones, aspiraciones y expectativas en el mercado laboral. Qué piensan y esperan.</h2>
<p>El&nbsp;mercado laboral&nbsp;se encuentra en un momento de muchos cambios,<strong>&nbsp;alta rotación</strong>, flexibilidad,&nbsp;nuevas habilidades,&nbsp;automatización de fuerza de trabajo y procesos, revolución tecnológica<strong>, trabajo remoto,&nbsp;</strong>empresas más competitivas, globalización,<strong>&nbsp;inmigración y emigración laboral.</strong></p>
<p>Durante la pandemia, las&nbsp;<strong>empresas y postulantes no se animaron a tomar decisiones de cambios frente a la incertidumbre. La encuesta que realizó&nbsp;</strong>Auren Argentina permite conocer la realidad de más de<strong>&nbsp;300 jóvenes profesionales,&nbsp;</strong>qué piensan hoy, qué buscan, sus miedos, preocupaciones, intereses, valores y su visión de futuro.</p>
<h2 class="wp-block-heading">La post pandemia llegó al mundo laboral</h2>
<p>Es relevante que&nbsp;<strong>casi el 64% de los encuestados se siente estable en su puesto de trabajo,&nbsp;</strong>cerca del 20% no y un 16% más o menos. También<strong>&nbsp;50% expresó que están por momentos satisfechos con su trabajo</strong>, pero&nbsp;<strong>no siempre</strong>. Esto nos muestra que estamos frente a un público cada vez más exigente.</p>
<p>Respecto a los aspectos a la hora de decidir por un empleo, las oportunidades de desarrollo y crecimiento profesional son un valor aspiracional para más del 80% de los jóvenes y casi en igual medida los motiva el salario, la flexibilidad, el ambiente laboral y las oportunidades de aprendizaje.</p>
<p><strong>A diferencia de generaciones anteriores donde lo principal era el salario, hoy aumentan las expectativas sobre lo que debe proporcionar un trabajo.</strong>&nbsp;Aunque la remuneración sigue siendo una de las principales prioridades, consideran además las oportunidades de crecimiento y desarrollo profesional, ambiente y seguridad laboral.</p>
<p>Frente a los cambios en el mundo del trabajo, las organizaciones se vieron obligadas a emplear nuevas formas de operar. Pero, ¿Qué eligen los trabajadores?&nbsp;<strong>Más del 72% de los encuestados eligen como modalidad un entorno de trabajo híbrido,</strong>&nbsp;el 17% espera volver a la oficina en forma presencial y solo cerca de un 10% prefiere la virtualidad total.</p>
<p>Lo remoto llegó para quedarse. Esto lleva a las organizaciones a rediseñar espacios laborales, mantenerse conectados, continuar desarrollando la digitalización de los procesos y establecer los canales de comunicación como pilares de trabajo.</p>
<p><strong>El diferencial de las empresas.</strong>&nbsp;La “imagen, reputación” estuvo casi a la altura de las condiciones de contratación a la hora de elegir qué valoran de un empleo. Es decir, que para aquellas empresas que no tienen una buena imagen en el mercado, un fin sustentable y valores compartidos, les será cada vez más difícil retener y atraer talentos.</p>
<p><strong>El 65% considera mejor para su desarrollo profesional enriquecerse con distintas experiencias en varias compañí</strong>as, mientras que solo el 30% desea hacer carrera dentro de una misma organización. Esto nos enfrenta al desafío de lograr disminuir la alta rotación y la pérdida de talentos.</p>
<h2 class="wp-block-heading">¿Cuáles son los problemas que preocupan a los jóvenes?<br /></h2>
<p><strong>La expectativa de más del 45% es trabajar en lo que les guste, sin importar la jerarquía ni la empresa</strong>. A su vez, el 32% se ve trabajando en una empresa en un cargo jerárquico y solo el 22% con un emprendimiento propio. Respecto a sus sentimientos frente a ese futuro. si bien casi el 55% siente incertidumbre, el 31% preocupación y el 15,5% inseguridad, al mismo tiempo el 35% expresa esperanza y el 27% confianza.</p>
<p>Hoy frente a una crisis económica y un mercado laboral aún impactado por la pandemia,&nbsp;<strong>casi el 80% de los jóvenes se preocupan por la economía en general, el 50% por la inseguridad y el 45% por el acceso a una vivienda</strong>. El acceso a oportunidades de crecimiento y desarrollo dentro de las empresas, así como el acceso al trabajo también preocupa a un 40% de los encuestados. Casi el 30% expresó su preocupación por la educación, un 23% por el futuro de su profesión y el 20% por la salud.</p>
<p>Por <a href="https://www.linkedin.com/in/salernoluis/">Luis Salerno</a>, Director de <a href="https://aurenweb-stg.servidortemporal.net/ar/servicios/outsourcing/bpo-business-process-outsourcing/">BPO</a> de <a href="https://aurenweb-stg.servidortemporal.net/ar/">Auren</a></p>
<p>Leer la nota completa en <a href="https://www.perfil.com/noticias/economia/como-enfrentar-los-cambios-en-el-mercado-laboral.phtml?">Perfil</a></p>
<p><!-- AddThis Advanced Settings generic via filter on the_content --><!-- AddThis Share Buttons generic via filter on the_content --></p>

<p>Se realizó una encuesta a jóvenes profesionales para conocer qué buscan, cuáles son sus objetivos, motivaciones, aspiraciones y expectativas en el mercado laboral. Qué piensan y esperan. El&nbsp;mercado laboral&nbsp;se encuentra [&hellip;]</p>
