{"id":14467,"date":"2022-04-15T16:58:45","date_gmt":"2022-04-15T14:58:45","guid":{"rendered":"https:\/\/auren.com\/ar\/new\/prensa-auren-incorpora-nuevo-socio-en-consultoria-mercado-13-4-2022\/"},"modified":"2022-04-15T16:58:45","modified_gmt":"2022-04-15T14:58:45","slug":"prensa-auren-incorpora-nuevo-socio-en-consultoria-mercado-13-4-2022","status":"publish","type":"new","link":"https:\/\/aurenweb-stg.servidortemporal.net\/ar\/noticias\/prensa-auren-incorpora-nuevo-socio-en-consultoria-mercado-13-4-2022\/","title":{"rendered":"Prensa. Auren incorpora nuevo socio en Consultor\u00eda (Mercado 13.4.2022)"},"content":{"rendered":"<h2 class=\"wp-block-heading\">La firma internacional de servicios profesionales de Auditor\u00eda, Tax &amp; Legal, Consultor\u00eda, Finanzas Corporativas y Outsourcing anuncia el nombramiento de <a href=\"https:\/\/www.linkedin.com\/in\/fabio-fabri-1540531\/\">Fabio Fabri<\/a> como nuevo socio de <a href=\"https:\/\/aurenweb-stg.servidortemporal.net\/ar\/servicios\/consultoria\/\">Consultor\u00eda<\/a>.<\/h2>\n<p>Estar\u00e1 a cargo de las \u00e1reas de&nbsp;Estrategia e Innovaci\u00f3n, IT, Procesos, Transformaci\u00f3n Digital, Gesti\u00f3n de Personas y Cambio Organizacional, con una marcada mirada integradora en los negocios.<\/p>\n<p>Fabri se incorpor\u00f3 a Auren en el 2021 como Consultor Senior. Cuenta m\u00e1s de 30 a\u00f1os de experiencia en\u00a0<em>start ups<\/em>,\u00a0gesti\u00f3n de negocios y servicios de consultor\u00eda estrat\u00e9gica, negociaciones nacionales e internacionales, desarrollo de nuevos productos y mercados, implementaci\u00f3n de herramientas para mejorar la eficiencia y el EBIT. Tambi\u00e9n su actividad se ha focalizado en la planificaci\u00f3n estrat\u00e9gica de las compa\u00f1\u00edas, an\u00e1lisis de mercado, ventas, marketing y comunicaci\u00f3n.<\/p>\n<p>Tiene una extensa trayectoria y experiencia profesional en importantes firmas como Carrefour, Procter &amp; Gamble, Dow Chemical, Imperial Chemical Industries, Trabajo en el Mercado Central y en la Secretaria de Comercio y fue Presidente de la C\u00e1mara Argentina de Supermercados.<\/p>\n<p>Es Ingeniero Industrial egresado de la Pontificia Universidad Cat\u00f3lica Argentina. Ha cursado el MBA en Marketing y Finanzas de la UCLA, graduado de los Programas de Alta Direcci\u00f3n en el IAE y la Universidad de Torcuato Di Tella.<\/p>\n<p>Se suma a los 29 socios de <a href=\"https:\/\/aurenweb-stg.servidortemporal.net\/ar\/\">Auren Argentina<\/a> para acompa\u00f1ar en las decisiones y desarrollo de la estrategia enfocada al crecimiento del negocio, ofreciendo soluciones personalizadas y adaptadas a la realidad de cada compa\u00f1\u00eda.\u00a0<em>\u201cEstoy entusiasmado de formar parte de este nuevo desaf\u00edo. Es un honor sumarme a este gran equipo de Auren con una visi\u00f3n innovadora de la prestaci\u00f3n de servicios y una mirada 360\u00aa frente a las necesidades del cliente\u201d<\/em>\u00a0expres\u00f3 Fabio.<\/p>\n<p>Leer la nota completa en <a href=\"https:\/\/mercado.com.ar\/protagonistas\/auren-incorpora-un-nuevo-socio-en-consultoria\/\">Mercado.com<\/a><\/p>\n<p><!-- AddThis Advanced Settings generic via filter on the_content --><!-- AddThis Share Buttons generic via filter on the_content --><\/p>\n","protected":false},"excerpt":{"rendered":"<p>La firma internacional de servicios profesionales de Auditor\u00eda, Tax &amp; Legal, Consultor\u00eda, Finanzas Corporativas y Outsourcing anuncia el nombramiento de Fabio Fabri como nuevo socio de Consultor\u00eda. Estar\u00e1 a cargo [&hellip;]<\/p>\n","protected":false},"featured_media":14468,"template":"","meta":{"_acf_changed":false,"footnotes":""},"new-category":[],"class_list":["post-14467","new","type-new","status-publish","has-post-thumbnail","hentry"],"acf":[],"_links":{"self":[{"href":"https:\/\/aurenweb-stg.servidortemporal.net\/ar\/wp-json\/wp\/v2\/new\/14467","targetHints":{"allow":["GET"]}}],"collection":[{"href":"https:\/\/aurenweb-stg.servidortemporal.net\/ar\/wp-json\/wp\/v2\/new"}],"about":[{"href":"https:\/\/aurenweb-stg.servidortemporal.net\/ar\/wp-json\/wp\/v2\/types\/new"}],"version-history":[{"count":0,"href":"https:\/\/aurenweb-stg.servidortemporal.net\/ar\/wp-json\/wp\/v2\/new\/14467\/revisions"}],"wp:featuredmedia":[{"embeddable":true,"href":"https:\/\/aurenweb-stg.servidortemporal.net\/ar\/wp-json\/wp\/v2\/media\/14468"}],"wp:attachment":[{"href":"https:\/\/aurenweb-stg.servidortemporal.net\/ar\/wp-json\/wp\/v2\/media?parent=14467"}],"wp:term":[{"taxonomy":"new-category","embeddable":true,"href":"https:\/\/aurenweb-stg.servidortemporal.net\/ar\/wp-json\/wp\/v2\/new-category?post=14467"}],"curies":[{"name":"wp","href":"https:\/\/api.w.org\/{rel}","templated":true}]}}

Prensa. Auren incorpora nuevo socio en Consultoría (Mercado 13.4.2022)

<h2 class="wp-block-heading">La firma internacional de servicios profesionales de Auditoría, Tax &amp; Legal, Consultoría, Finanzas Corporativas y Outsourcing anuncia el nombramiento de <a href="https://www.linkedin.com/in/fabio-fabri-1540531/">Fabio Fabri</a> como nuevo socio de <a href="https://aurenweb-stg.servidortemporal.net/ar/servicios/consultoria/">Consultoría</a>.</h2>
<p>Estará a cargo de las áreas de&nbsp;Estrategia e Innovación, IT, Procesos, Transformación Digital, Gestión de Personas y Cambio Organizacional, con una marcada mirada integradora en los negocios.</p>
<p>Fabri se incorporó a Auren en el 2021 como Consultor Senior. Cuenta más de 30 años de experiencia en <em>start ups</em>, gestión de negocios y servicios de consultoría estratégica, negociaciones nacionales e internacionales, desarrollo de nuevos productos y mercados, implementación de herramientas para mejorar la eficiencia y el EBIT. También su actividad se ha focalizado en la planificación estratégica de las compañías, análisis de mercado, ventas, marketing y comunicación.</p>
<p>Tiene una extensa trayectoria y experiencia profesional en importantes firmas como Carrefour, Procter &amp; Gamble, Dow Chemical, Imperial Chemical Industries, Trabajo en el Mercado Central y en la Secretaria de Comercio y fue Presidente de la Cámara Argentina de Supermercados.</p>
<p>Es Ingeniero Industrial egresado de la Pontificia Universidad Católica Argentina. Ha cursado el MBA en Marketing y Finanzas de la UCLA, graduado de los Programas de Alta Dirección en el IAE y la Universidad de Torcuato Di Tella.</p>
<p>Se suma a los 29 socios de <a href="https://aurenweb-stg.servidortemporal.net/ar/">Auren Argentina</a> para acompañar en las decisiones y desarrollo de la estrategia enfocada al crecimiento del negocio, ofreciendo soluciones personalizadas y adaptadas a la realidad de cada compañía. <em>“Estoy entusiasmado de formar parte de este nuevo desafío. Es un honor sumarme a este gran equipo de Auren con una visión innovadora de la prestación de servicios y una mirada 360ª frente a las necesidades del cliente”</em> expresó Fabio.</p>
<p>Leer la nota completa en <a href="https://mercado.com.ar/protagonistas/auren-incorpora-un-nuevo-socio-en-consultoria/">Mercado.com</a></p>
<p><!-- AddThis Advanced Settings generic via filter on the_content --><!-- AddThis Share Buttons generic via filter on the_content --></p>

<p>La firma internacional de servicios profesionales de Auditoría, Tax &amp; Legal, Consultoría, Finanzas Corporativas y Outsourcing anuncia el nombramiento de Fabio Fabri como nuevo socio de Consultoría. Estará a cargo [&hellip;]</p>
