{"id":14471,"date":"2022-04-15T16:51:01","date_gmt":"2022-04-15T14:51:01","guid":{"rendered":"https:\/\/auren.com\/ar\/new\/prensa-como-enfrentar-los-cambios-en-el-mercado-laboral-ahk-actualidad-13-4-2021\/"},"modified":"2022-04-15T16:51:01","modified_gmt":"2022-04-15T14:51:01","slug":"prensa-como-enfrentar-los-cambios-en-el-mercado-laboral-ahk-actualidad-13-4-2021","status":"publish","type":"new","link":"https:\/\/aurenweb-stg.servidortemporal.net\/ar\/noticias\/prensa-como-enfrentar-los-cambios-en-el-mercado-laboral-ahk-actualidad-13-4-2021\/","title":{"rendered":"Prensa. C\u00f3mo enfrentar los cambios en el mercado laboral (AHK Actualidad, 13.4.2021)"},"content":{"rendered":"<h2 class=\"wp-block-heading\">El mercado laboral se encuentra en un momento de muchos cambios, alta rotaci\u00f3n, flexibilidad, nuevas habilidades, automatizaci\u00f3n de fuerza de trabajo y procesos, revoluci\u00f3n tecnol\u00f3gica, trabajo remoto, empresas m\u00e1s competitivas, globalizaci\u00f3n, inmigraci\u00f3n y emigraci\u00f3n laboral.<\/h2>\n<p>Durante la pandemia, las empresas y postulantes no se animaron a tomar decisiones de cambios frente a la incertidumbre. La encuesta que realizamos en Auren Argentina permite conocer la realidad de m\u00e1s de 300 j\u00f3venes profesionales, qu\u00e9 piensan hoy, qu\u00e9 buscan, sus miedos, preocupaciones, intereses, valores y su visi\u00f3n de futuro.<\/p>\n<p><strong>La post pandemia lleg\u00f3 al mundo laboral<\/strong><\/p>\n<p>Las empresas y los l\u00edderes deben comprender esta nueva tendencia en el mundo laboral y las motivaciones de los trabajadores.&nbsp;Este es el desaf\u00edo frente al futuro.<\/p>\n<p>Es relevante que casi el 64% de los encuestados se siente estable en su puesto de trabajo, cerca del 20% no y un 16% m\u00e1s o menos. Tambi\u00e9n 50% expres\u00f3 que est\u00e1n por momentos satisfechos con su trabajo, pero&nbsp;<strong>no siempre<\/strong>. Esto nos muestra que estamos frente a un p\u00fablico cada vez m\u00e1s exigente.<\/p>\n<p>Respecto a los aspectos a la hora de decidir por un empleo, las oportunidades de desarrollo y crecimiento profesional son un valor aspiracional para m\u00e1s del 80% de los j\u00f3venes y casi en igual medida los motiva el salario, la flexibilidad, el ambiente laboral y las oportunidades de aprendizaje.<\/p>\n<p>A diferencia de generaciones anteriores donde lo principal era el salario, hoy aumentan las expectativas sobre lo que debe proporcionar un trabajo. Aunque la remuneraci\u00f3n sigue siendo una de las principales prioridades, consideran adem\u00e1s las oportunidades de crecimiento y desarrollo profesional, ambiente y seguridad laboral.<\/p>\n<\/p>\n<p>Por <a href=\"https:\/\/www.linkedin.com\/in\/salernoluis\/\">Luis Salerno<\/a>, Director de <a href=\"https:\/\/aurenweb-stg.servidortemporal.net\/ar\/servicios\/outsourcing\/bpo-business-process-outsourcing\/\">BPO<\/a> de <a href=\"https:\/\/aurenweb-stg.servidortemporal.net\/ar\/\">Auren<\/a><\/p>\n<p>Leer la nota completa en <a href=\"https:\/\/www.ahkargentina.com.ar\/actualidad\/news-details\/como-enfrentar-los-cambios-en-el-mercado-laboral\">AHK Actualidad<\/a> <\/p>\n<p><!-- AddThis Advanced Settings generic via filter on the_content --><!-- AddThis Share Buttons generic via filter on the_content --><\/p>\n","protected":false},"excerpt":{"rendered":"<p>El mercado laboral se encuentra en un momento de muchos cambios, alta rotaci\u00f3n, flexibilidad, nuevas habilidades, automatizaci\u00f3n de fuerza de trabajo y procesos, revoluci\u00f3n tecnol\u00f3gica, trabajo remoto, empresas m\u00e1s competitivas, [&hellip;]<\/p>\n","protected":false},"featured_media":14472,"template":"","meta":{"_acf_changed":false,"footnotes":""},"new-category":[],"class_list":["post-14471","new","type-new","status-publish","has-post-thumbnail","hentry"],"acf":[],"_links":{"self":[{"href":"https:\/\/aurenweb-stg.servidortemporal.net\/ar\/wp-json\/wp\/v2\/new\/14471","targetHints":{"allow":["GET"]}}],"collection":[{"href":"https:\/\/aurenweb-stg.servidortemporal.net\/ar\/wp-json\/wp\/v2\/new"}],"about":[{"href":"https:\/\/aurenweb-stg.servidortemporal.net\/ar\/wp-json\/wp\/v2\/types\/new"}],"version-history":[{"count":0,"href":"https:\/\/aurenweb-stg.servidortemporal.net\/ar\/wp-json\/wp\/v2\/new\/14471\/revisions"}],"wp:featuredmedia":[{"embeddable":true,"href":"https:\/\/aurenweb-stg.servidortemporal.net\/ar\/wp-json\/wp\/v2\/media\/14472"}],"wp:attachment":[{"href":"https:\/\/aurenweb-stg.servidortemporal.net\/ar\/wp-json\/wp\/v2\/media?parent=14471"}],"wp:term":[{"taxonomy":"new-category","embeddable":true,"href":"https:\/\/aurenweb-stg.servidortemporal.net\/ar\/wp-json\/wp\/v2\/new-category?post=14471"}],"curies":[{"name":"wp","href":"https:\/\/api.w.org\/{rel}","templated":true}]}}

Prensa. Cómo enfrentar los cambios en el mercado laboral (AHK Actualidad, 13.4.2021)

<h2 class="wp-block-heading">El mercado laboral se encuentra en un momento de muchos cambios, alta rotación, flexibilidad, nuevas habilidades, automatización de fuerza de trabajo y procesos, revolución tecnológica, trabajo remoto, empresas más competitivas, globalización, inmigración y emigración laboral.</h2>
<p>Durante la pandemia, las empresas y postulantes no se animaron a tomar decisiones de cambios frente a la incertidumbre. La encuesta que realizamos en Auren Argentina permite conocer la realidad de más de 300 jóvenes profesionales, qué piensan hoy, qué buscan, sus miedos, preocupaciones, intereses, valores y su visión de futuro.</p>
<p><strong>La post pandemia llegó al mundo laboral</strong></p>
<p>Las empresas y los líderes deben comprender esta nueva tendencia en el mundo laboral y las motivaciones de los trabajadores.&nbsp;Este es el desafío frente al futuro.</p>
<p>Es relevante que casi el 64% de los encuestados se siente estable en su puesto de trabajo, cerca del 20% no y un 16% más o menos. También 50% expresó que están por momentos satisfechos con su trabajo, pero&nbsp;<strong>no siempre</strong>. Esto nos muestra que estamos frente a un público cada vez más exigente.</p>
<p>Respecto a los aspectos a la hora de decidir por un empleo, las oportunidades de desarrollo y crecimiento profesional son un valor aspiracional para más del 80% de los jóvenes y casi en igual medida los motiva el salario, la flexibilidad, el ambiente laboral y las oportunidades de aprendizaje.</p>
<p>A diferencia de generaciones anteriores donde lo principal era el salario, hoy aumentan las expectativas sobre lo que debe proporcionar un trabajo. Aunque la remuneración sigue siendo una de las principales prioridades, consideran además las oportunidades de crecimiento y desarrollo profesional, ambiente y seguridad laboral.</p>
</p>
<p>Por <a href="https://www.linkedin.com/in/salernoluis/">Luis Salerno</a>, Director de <a href="https://aurenweb-stg.servidortemporal.net/ar/servicios/outsourcing/bpo-business-process-outsourcing/">BPO</a> de <a href="https://aurenweb-stg.servidortemporal.net/ar/">Auren</a></p>
<p>Leer la nota completa en <a href="https://www.ahkargentina.com.ar/actualidad/news-details/como-enfrentar-los-cambios-en-el-mercado-laboral">AHK Actualidad</a> </p>
<p><!-- AddThis Advanced Settings generic via filter on the_content --><!-- AddThis Share Buttons generic via filter on the_content --></p>

<p>El mercado laboral se encuentra en un momento de muchos cambios, alta rotación, flexibilidad, nuevas habilidades, automatización de fuerza de trabajo y procesos, revolución tecnológica, trabajo remoto, empresas más competitivas, [&hellip;]</p>
