{"id":14499,"date":"2022-03-30T09:59:49","date_gmt":"2022-03-30T07:59:49","guid":{"rendered":"https:\/\/auren.com\/ar\/new\/prensa-expertos-cuestionan-la-iniciativa-para-crear-un-nuevo-impuesto-de-bienes-no-declarados-la-nacion-29-3-2022\/"},"modified":"2022-03-30T09:59:49","modified_gmt":"2022-03-30T07:59:49","slug":"prensa-expertos-cuestionan-la-iniciativa-para-crear-un-nuevo-impuesto-de-bienes-no-declarados-la-nacion-29-3-2022","status":"publish","type":"new","link":"https:\/\/aurenweb-stg.servidortemporal.net\/ar\/noticias\/prensa-expertos-cuestionan-la-iniciativa-para-crear-un-nuevo-impuesto-de-bienes-no-declarados-la-nacion-29-3-2022\/","title":{"rendered":"Prensa. Expertos cuestionan la iniciativa para crear un nuevo impuesto de bienes no declarados (La Naci\u00f3n 29.3.2022)"},"content":{"rendered":"<h2 class=\"wp-block-heading\">\u201cInviable, absurdo e inoportuno\u201d opinan Letrados constitucionalistas y tributaristas.<\/h2>\n<p>Tras haber alcanzado&nbsp;<a href=\"https:\/\/www.lanacion.com.ar\/economia\/el-fmi-aprobo-el-nuevo-acuerdo-y-la-argentina-recibira-fondos-frescos-para-reforzar-las-reservas-nid25032022\/\">un acuerdo<\/a>&nbsp;con el Fondo Monetario Internacional (FMI), el Gobierno busca crear un&nbsp;<a href=\"https:\/\/www.lanacion.com.ar\/politica\/senadores-del-frente-de-todos-proponen-pagar-la-deuda-con-el-fmi-con-dinero-recuperado-de-la-evasion-nid28032022\/\"><strong>impuesto para cancelar la deuda<\/strong><\/a>. El plan del<strong>&nbsp;Frente de Todos<\/strong>&nbsp;es recaudar penalizando a los que tengan bienes en el exterior sin declarar. Para lograrlo solicitan que por Ley<a href=\"https:\/\/www.lanacion.com.ar\/politica\/las-10-claves-del-impuesto-oficialista-para-los-que-tengan-bienes-no-declarados-en-el-exterior-nid28032022\/\">&nbsp;se modifique el secreto bancario, adem\u00e1s de la creaci\u00f3n de una figura de \u201ccolaborador\u201d.<\/a><\/p>\n<p><mark>\u201cEs jur\u00eddicamente inviable\u201d<\/mark>, consider\u00f3 el abogado constitucionalista&nbsp;<strong>Andr\u00e9s Gil Dom\u00ednguez<\/strong>, en di\u00e1logo con&nbsp;<strong>LA NACION<\/strong>. Al analizar lo expuesto en el texto difundido por el bloque oficialista, el letrado opin\u00f3: \u201cConforme al comunicado y lo que surge del mismo, la propuesta en s\u00ed es jur\u00eddicamente inviable y, aparte, en su conjunto no tiene un sustento razonable\u201d.<\/p>\n<p><strong><a href=\"https:\/\/www.linkedin.com\/in\/gabrielhermida\/\">Gabriel Hermida<\/a><\/strong>, socio de <a href=\"https:\/\/aurenweb-stg.servidortemporal.net\/ar\/servicios\/tax-legal\/impuestos\/\">Impuestos<\/a> en <a href=\"https:\/\/www.linkedin.com\/company\/aurenargentina\">Auren Argentina<\/a>, tambi\u00e9n arremeti\u00f3 contra la propuesta del Gobierno.&nbsp;<strong>\u201cSiguen queriendo esquilmar a los contribuyentes\u201d, fustig\u00f3, y apunt\u00f3: \u201cYa no alcanza con cobrar una tasa exorbitante de Impuesto a la Ganancias sin ninguna contraprestaci\u00f3n, Bienes Personales -con una tasa agravada si tiene bienes en el exterior-, Aportes Solidarios a determinadas personas&#8230;\u201d.<\/strong><\/p>\n<p>El contador especialista en la materia indic\u00f3 que el proyecto no supone \u201cnada novedoso\u201d. \u201cSi lo que quieren hacer es otro blanqueo de bienes, no es la mejor forma porque est\u00e1n proyectando cobrar una tasa de entre 20 a 35 por ciento por esos activos no declarados\u201d, opin\u00f3 Hermida.<\/p>\n<p>El experto se\u00f1al\u00f3 que existen dos v\u00edas por las cuales el Gobierno podr\u00eda acceder a informaci\u00f3n del estilo. \u201cLa \u00fanica forma que tienen es a trav\u00e9s de los pa\u00edses con los que tienen convenio de compartir informaci\u00f3n financiera o por una investigaci\u00f3n que se inicie a un contribuyente residente argentino y que se le pida a trav\u00e9s de un juzgado a otro pa\u00eds si es que tiene un barco, una casa o lo que fuere\u201d, dijo.<\/p>\n<p>Y enfatiz\u00f3: \u201cVayamos a la realidad:&nbsp;<strong>hoy la Argentina con Estados Unidos no tiene un convenio para intercambiar informaci\u00f3n financiera<\/strong>. El que no tiene una cuenta declarada, \u00bfde qu\u00e9 forma va a acceder el Gobierno a esa informaci\u00f3n si EE.UU. nunca se la va a dar? Por lo menos por ahora\u201d.<\/p>\n<p><mark>\u201cEs la pol\u00edtica de amenaza para cazar en el zool\u00f3gico\u201d<\/mark>, consider\u00f3 <a href=\"https:\/\/aurenweb-stg.servidortemporal.net\/ar\/\">Auren<\/a>, al tiempo que consider\u00f3 que no cree que el proyecto prospere en el Senado por falta de votos.<\/p>\n<p>Leer la nota completa en <a href=\"https:\/\/www.lanacion.com.ar\/politica\/inviable-absurdo-e-inoportuno-expertos-cuestionan-la-iniciativa-del-frente-de-todos-para-crear-un-nid28032022\/\">La Naci\u00f3n <\/a><\/p>\n<p><!-- AddThis Advanced Settings generic via filter on the_content --><!-- AddThis Share Buttons generic via filter on the_content --><\/p>\n","protected":false},"excerpt":{"rendered":"<p>\u201cInviable, absurdo e inoportuno\u201d opinan Letrados constitucionalistas y tributaristas. Tras haber alcanzado&nbsp;un acuerdo&nbsp;con el Fondo Monetario Internacional (FMI), el Gobierno busca crear un&nbsp;impuesto para cancelar la deuda. El plan del&nbsp;Frente [&hellip;]<\/p>\n","protected":false},"featured_media":14500,"template":"","meta":{"_acf_changed":false,"footnotes":""},"new-category":[],"class_list":["post-14499","new","type-new","status-publish","has-post-thumbnail","hentry"],"acf":[],"_links":{"self":[{"href":"https:\/\/aurenweb-stg.servidortemporal.net\/ar\/wp-json\/wp\/v2\/new\/14499","targetHints":{"allow":["GET"]}}],"collection":[{"href":"https:\/\/aurenweb-stg.servidortemporal.net\/ar\/wp-json\/wp\/v2\/new"}],"about":[{"href":"https:\/\/aurenweb-stg.servidortemporal.net\/ar\/wp-json\/wp\/v2\/types\/new"}],"version-history":[{"count":0,"href":"https:\/\/aurenweb-stg.servidortemporal.net\/ar\/wp-json\/wp\/v2\/new\/14499\/revisions"}],"wp:featuredmedia":[{"embeddable":true,"href":"https:\/\/aurenweb-stg.servidortemporal.net\/ar\/wp-json\/wp\/v2\/media\/14500"}],"wp:attachment":[{"href":"https:\/\/aurenweb-stg.servidortemporal.net\/ar\/wp-json\/wp\/v2\/media?parent=14499"}],"wp:term":[{"taxonomy":"new-category","embeddable":true,"href":"https:\/\/aurenweb-stg.servidortemporal.net\/ar\/wp-json\/wp\/v2\/new-category?post=14499"}],"curies":[{"name":"wp","href":"https:\/\/api.w.org\/{rel}","templated":true}]}}

Prensa. Expertos cuestionan la iniciativa para crear un nuevo impuesto de bienes no declarados (La Nación 29.3.2022)

<h2 class="wp-block-heading">“Inviable, absurdo e inoportuno” opinan Letrados constitucionalistas y tributaristas.</h2>
<p>Tras haber alcanzado&nbsp;<a href="https://www.lanacion.com.ar/economia/el-fmi-aprobo-el-nuevo-acuerdo-y-la-argentina-recibira-fondos-frescos-para-reforzar-las-reservas-nid25032022/">un acuerdo</a>&nbsp;con el Fondo Monetario Internacional (FMI), el Gobierno busca crear un&nbsp;<a href="https://www.lanacion.com.ar/politica/senadores-del-frente-de-todos-proponen-pagar-la-deuda-con-el-fmi-con-dinero-recuperado-de-la-evasion-nid28032022/"><strong>impuesto para cancelar la deuda</strong></a>. El plan del<strong>&nbsp;Frente de Todos</strong>&nbsp;es recaudar penalizando a los que tengan bienes en el exterior sin declarar. Para lograrlo solicitan que por Ley<a href="https://www.lanacion.com.ar/politica/las-10-claves-del-impuesto-oficialista-para-los-que-tengan-bienes-no-declarados-en-el-exterior-nid28032022/">&nbsp;se modifique el secreto bancario, además de la creación de una figura de “colaborador”.</a></p>
<p><mark>“Es jurídicamente inviable”</mark>, consideró el abogado constitucionalista&nbsp;<strong>Andrés Gil Domínguez</strong>, en diálogo con&nbsp;<strong>LA NACION</strong>. Al analizar lo expuesto en el texto difundido por el bloque oficialista, el letrado opinó: “Conforme al comunicado y lo que surge del mismo, la propuesta en sí es jurídicamente inviable y, aparte, en su conjunto no tiene un sustento razonable”.</p>
<p><strong><a href="https://www.linkedin.com/in/gabrielhermida/">Gabriel Hermida</a></strong>, socio de <a href="https://aurenweb-stg.servidortemporal.net/ar/servicios/tax-legal/impuestos/">Impuestos</a> en <a href="https://www.linkedin.com/company/aurenargentina">Auren Argentina</a>, también arremetió contra la propuesta del Gobierno.&nbsp;<strong>“Siguen queriendo esquilmar a los contribuyentes”, fustigó, y apuntó: “Ya no alcanza con cobrar una tasa exorbitante de Impuesto a la Ganancias sin ninguna contraprestación, Bienes Personales -con una tasa agravada si tiene bienes en el exterior-, Aportes Solidarios a determinadas personas&#8230;”.</strong></p>
<p>El contador especialista en la materia indicó que el proyecto no supone “nada novedoso”. “Si lo que quieren hacer es otro blanqueo de bienes, no es la mejor forma porque están proyectando cobrar una tasa de entre 20 a 35 por ciento por esos activos no declarados”, opinó Hermida.</p>
<p>El experto señaló que existen dos vías por las cuales el Gobierno podría acceder a información del estilo. “La única forma que tienen es a través de los países con los que tienen convenio de compartir información financiera o por una investigación que se inicie a un contribuyente residente argentino y que se le pida a través de un juzgado a otro país si es que tiene un barco, una casa o lo que fuere”, dijo.</p>
<p>Y enfatizó: “Vayamos a la realidad:&nbsp;<strong>hoy la Argentina con Estados Unidos no tiene un convenio para intercambiar información financiera</strong>. El que no tiene una cuenta declarada, ¿de qué forma va a acceder el Gobierno a esa información si EE.UU. nunca se la va a dar? Por lo menos por ahora”.</p>
<p><mark>“Es la política de amenaza para cazar en el zoológico”</mark>, consideró <a href="https://aurenweb-stg.servidortemporal.net/ar/">Auren</a>, al tiempo que consideró que no cree que el proyecto prospere en el Senado por falta de votos.</p>
<p>Leer la nota completa en <a href="https://www.lanacion.com.ar/politica/inviable-absurdo-e-inoportuno-expertos-cuestionan-la-iniciativa-del-frente-de-todos-para-crear-un-nid28032022/">La Nación </a></p>
<p><!-- AddThis Advanced Settings generic via filter on the_content --><!-- AddThis Share Buttons generic via filter on the_content --></p>
