{"id":14527,"date":"2022-03-14T09:53:35","date_gmt":"2022-03-14T08:53:35","guid":{"rendered":"https:\/\/auren.com\/ar\/new\/prensa-auren-lanza-encuesta-sobre-jovenes-profesionales-ahk-7-3-2022\/"},"modified":"2022-03-14T09:53:35","modified_gmt":"2022-03-14T08:53:35","slug":"prensa-auren-lanza-encuesta-sobre-jovenes-profesionales-ahk-7-3-2022","status":"publish","type":"new","link":"https:\/\/aurenweb-stg.servidortemporal.net\/ar\/noticias\/prensa-auren-lanza-encuesta-sobre-jovenes-profesionales-ahk-7-3-2022\/","title":{"rendered":"Prensa. Auren lanza encuesta sobre J\u00f3venes profesionales (AHK 7.3.2022)"},"content":{"rendered":"<p><a href=\"https:\/\/aurenweb-stg.servidortemporal.net\/ar\/\">Auren Argentina<\/a> lanza una encuesta virtual sobre <a href=\"https:\/\/aurenweb-stg.servidortemporal.net\/ar\/carrera-profesional\/\">J\u00f3venes Profesional <\/a>para conocer qu\u00e9 buscan y qu\u00e9 les preocupa frente al mercado laboral. Cu\u00e1les son sus motivaciones, expectativas, aspiraciones, sus valores y su visi\u00f3n de futuro.<\/p>\n<p>Se trata de una nueva edici\u00f3n de \u201cBr\u00fajula de Negocios\u201d dirigida a las nuevas generaciones. El impacto de la pandemia afect\u00f3 fuerte el mundo laboral y tambi\u00e9n impact\u00f3 en los Millenials y la llamada Generaci\u00f3n Z.<\/p>\n<p>Los j\u00f3venes profesionales son hoy quienes impulsan los cambios en la sociedad y en el mundo laboral, a quienes las empresas debemos escuchar c\u00f3mo se sienten.<\/p>\n<p>La encuesta es an\u00f3nima y est\u00e1 disponible de manera on line en \u00a0<a href=\"https:\/\/bit.ly\/3p2utzV\" target=\"_blank\" rel=\"noreferrer noopener\">https:\/\/bit.ly\/3p2utzV<\/a><\/p>\n<p>Leer la nota publicada en <a href=\"https:\/\/www.ahkargentina.com.ar\/actualidad\/news-details\/auren-lanza-una-encuesta-2022-sobre-jovenes-profesionales\">AHK Actualidad<\/a> <\/p>\n<p><!-- AddThis Advanced Settings generic via filter on the_content --><!-- AddThis Share Buttons generic via filter on the_content --><\/p>\n","protected":false},"excerpt":{"rendered":"<p>Auren Argentina lanza una encuesta virtual sobre J\u00f3venes Profesional para conocer qu\u00e9 buscan y qu\u00e9 les preocupa frente al mercado laboral. Cu\u00e1les son sus motivaciones, expectativas, aspiraciones, sus valores y [&hellip;]<\/p>\n","protected":false},"featured_media":0,"template":"","meta":{"_acf_changed":false,"footnotes":""},"new-category":[],"class_list":["post-14527","new","type-new","status-publish","hentry"],"acf":[],"_links":{"self":[{"href":"https:\/\/aurenweb-stg.servidortemporal.net\/ar\/wp-json\/wp\/v2\/new\/14527","targetHints":{"allow":["GET"]}}],"collection":[{"href":"https:\/\/aurenweb-stg.servidortemporal.net\/ar\/wp-json\/wp\/v2\/new"}],"about":[{"href":"https:\/\/aurenweb-stg.servidortemporal.net\/ar\/wp-json\/wp\/v2\/types\/new"}],"version-history":[{"count":0,"href":"https:\/\/aurenweb-stg.servidortemporal.net\/ar\/wp-json\/wp\/v2\/new\/14527\/revisions"}],"wp:attachment":[{"href":"https:\/\/aurenweb-stg.servidortemporal.net\/ar\/wp-json\/wp\/v2\/media?parent=14527"}],"wp:term":[{"taxonomy":"new-category","embeddable":true,"href":"https:\/\/aurenweb-stg.servidortemporal.net\/ar\/wp-json\/wp\/v2\/new-category?post=14527"}],"curies":[{"name":"wp","href":"https:\/\/api.w.org\/{rel}","templated":true}]}}

Prensa. Auren lanza encuesta sobre Jóvenes profesionales (AHK 7.3.2022)

<p><a href="https://aurenweb-stg.servidortemporal.net/ar/">Auren Argentina</a> lanza una encuesta virtual sobre <a href="https://aurenweb-stg.servidortemporal.net/ar/carrera-profesional/">Jóvenes Profesional </a>para conocer qué buscan y qué les preocupa frente al mercado laboral. Cuáles son sus motivaciones, expectativas, aspiraciones, sus valores y su visión de futuro.</p>
<p>Se trata de una nueva edición de “Brújula de Negocios” dirigida a las nuevas generaciones. El impacto de la pandemia afectó fuerte el mundo laboral y también impactó en los Millenials y la llamada Generación Z.</p>
<p>Los jóvenes profesionales son hoy quienes impulsan los cambios en la sociedad y en el mundo laboral, a quienes las empresas debemos escuchar cómo se sienten.</p>
<p>La encuesta es anónima y está disponible de manera on line en  <a href="https://bit.ly/3p2utzV" target="_blank" rel="noreferrer noopener">https://bit.ly/3p2utzV</a></p>
<p>Leer la nota publicada en <a href="https://www.ahkargentina.com.ar/actualidad/news-details/auren-lanza-una-encuesta-2022-sobre-jovenes-profesionales">AHK Actualidad</a> </p>
<p><!-- AddThis Advanced Settings generic via filter on the_content --><!-- AddThis Share Buttons generic via filter on the_content --></p>

<p>Auren Argentina lanza una encuesta virtual sobre Jóvenes Profesional para conocer qué buscan y qué les preocupa frente al mercado laboral. Cuáles son sus motivaciones, expectativas, aspiraciones, sus valores y [&hellip;]</p>
