{"id":14534,"date":"2022-03-09T11:12:09","date_gmt":"2022-03-09T10:12:09","guid":{"rendered":"https:\/\/auren.com\/ar\/new\/prensa-afip-esta-persiguiendo-y-asfixiando-a-los-contribuyentes-mas-chicos-somos-pymes-7-3-2022\/"},"modified":"2022-03-09T11:12:09","modified_gmt":"2022-03-09T10:12:09","slug":"prensa-afip-esta-persiguiendo-y-asfixiando-a-los-contribuyentes-mas-chicos-somos-pymes-7-3-2022","status":"publish","type":"new","link":"https:\/\/aurenweb-stg.servidortemporal.net\/ar\/noticias\/prensa-afip-esta-persiguiendo-y-asfixiando-a-los-contribuyentes-mas-chicos-somos-pymes-7-3-2022\/","title":{"rendered":"Prensa. AFIP \u00abest\u00e1 persiguiendo y asfixiando a los contribuyentes m\u00e1s chicos\u00bb (Somos Pymes 7.3.2022)"},"content":{"rendered":"<p>En una entrevista con&nbsp;<a href=\"https:\/\/www.somospymes.com.ar\/\">SOMOS PYMES<\/a> Radio&nbsp;(<a href=\"https:\/\/www.lared.am\/\">La Red AM 910<\/a>, domingos de 6 a 8 hs),&nbsp;<a href=\"https:\/\/www.linkedin.com\/in\/gabrielhermida\/\">Gabriel Hermida<\/a>, socio de <a href=\"https:\/\/aurenweb-stg.servidortemporal.net\/ar\/servicios\/tax-legal\/impuestos\/\">Impuestos<\/a> de <a href=\"https:\/\/aurenweb-stg.servidortemporal.net\/ar\/\">Auren Argentina<\/a>, explic\u00f3 en d\u00f3nde est\u00e1 fallando la&nbsp;<a href=\"https:\/\/www.afip.gob.ar\/\">AFIP<\/a>&nbsp;en su af\u00e1n recaudador, generando en el camino m\u00e1s presi\u00f3n tributaria.<\/p>\n<p>Tras haber estado suspendidas casi dos a\u00f1os por la pandemia, en las \u00faltimas semanas el 3% del universo de monotributistas subi\u00f3 de categor\u00eda.<\/p>\n<p>Se trata de contribuyentes que facturaron servicios o venta de bienes por importes superiores a la categor\u00eda en la que estaban inscriptos y no se recategorizaron antes del 22 de enero de 2022.<\/p>\n<p><strong>La opini\u00f3n de un experto<\/strong><\/p>\n<p>La recategorizaci\u00f3n de oficio \u00abes otro desaguisado de la AFIP. No s\u00e9 si esto se da por inexperiencia, impericia o si es a prop\u00f3sito.&nbsp;<strong>En vez de solucionar, cada vez complican m\u00e1s las cosas\u00bb<\/strong>, mencion\u00f3 el contador p\u00fablico nacional al respecto.<\/p>\n<p>\u00abEn vez de ayudar al comerciante chico, a la peque\u00f1a empresa, al monotributista y al profesional aut\u00f3nomo, cada vez lo castigamos m\u00e1s pese a que se est\u00e1 diciendo que hay que aumentar m\u00e1s la progresividad del sistema tributario argentino, para perseguir a los grandes\u00bb, critic\u00f3.<\/p>\n<p><strong>M\u00e1s dificultades para conseguir materias primas<\/strong><\/p>\n<p>\u00abEso lo vemos cuando el Banco Central se mete en el tema de las declaraciones juradas de importaci\u00f3n. En vez de alivianar la presi\u00f3n para que las PYMES puedan conseguir materias primas y as\u00ed poder producir, y exportar con valor agregado, les metemos m\u00e1s trabas como &#8216;Grado A&#8217;, &#8216;Grado B&#8217; y cu\u00e1nto importaste en el 2020 y 2021\u00bb, grafic\u00f3 Hermida.<\/p>\n<p>\u00abCon este esquema, las empresas van a empezar a parar de producir y van seguir y\u00e9ndose de la Argentina. No van a invertir m\u00e1s\u00bb, resalt\u00f3 el representante de Auren.<\/p>\n<p><strong>Monotributistas y aut\u00f3nomos<\/strong><\/p>\n<p>\u00abUn profesional aut\u00f3nomo tiene que pagar un impuesto a las Ganancias mucho mayor al que termina pagando un empleado en relaci\u00f3n de dependencia\u00bb, describi\u00f3 el tributarista&nbsp;en&nbsp;el programa que conduce Christian D\u00e1tola.<\/p>\n<p>Leer la nota completa en <a href=\"https:\/\/www.somospymes.com.ar\/item\/56983-hermida-afip-esta-persiguiendo-y-asfixiando-a-los-contribuyentes-mas-chicos.html\">Somos Pymes<\/a><\/p>\n<p><!-- AddThis Advanced Settings generic via filter on the_content --><!-- AddThis Share Buttons generic via filter on the_content --><\/p>\n","protected":false},"excerpt":{"rendered":"<p>En una entrevista con&nbsp;SOMOS PYMES Radio&nbsp;(La Red AM 910, domingos de 6 a 8 hs),&nbsp;Gabriel Hermida, socio de Impuestos de Auren Argentina, explic\u00f3 en d\u00f3nde est\u00e1 fallando la&nbsp;AFIP&nbsp;en su af\u00e1n [&hellip;]<\/p>\n","protected":false},"featured_media":14535,"template":"","meta":{"_acf_changed":false,"footnotes":""},"new-category":[],"class_list":["post-14534","new","type-new","status-publish","has-post-thumbnail","hentry"],"acf":[],"_links":{"self":[{"href":"https:\/\/aurenweb-stg.servidortemporal.net\/ar\/wp-json\/wp\/v2\/new\/14534","targetHints":{"allow":["GET"]}}],"collection":[{"href":"https:\/\/aurenweb-stg.servidortemporal.net\/ar\/wp-json\/wp\/v2\/new"}],"about":[{"href":"https:\/\/aurenweb-stg.servidortemporal.net\/ar\/wp-json\/wp\/v2\/types\/new"}],"version-history":[{"count":0,"href":"https:\/\/aurenweb-stg.servidortemporal.net\/ar\/wp-json\/wp\/v2\/new\/14534\/revisions"}],"wp:featuredmedia":[{"embeddable":true,"href":"https:\/\/aurenweb-stg.servidortemporal.net\/ar\/wp-json\/wp\/v2\/media\/14535"}],"wp:attachment":[{"href":"https:\/\/aurenweb-stg.servidortemporal.net\/ar\/wp-json\/wp\/v2\/media?parent=14534"}],"wp:term":[{"taxonomy":"new-category","embeddable":true,"href":"https:\/\/aurenweb-stg.servidortemporal.net\/ar\/wp-json\/wp\/v2\/new-category?post=14534"}],"curies":[{"name":"wp","href":"https:\/\/api.w.org\/{rel}","templated":true}]}}

Prensa. AFIP «está persiguiendo y asfixiando a los contribuyentes más chicos» (Somos Pymes 7.3.2022)

<p>En una entrevista con&nbsp;<a href="https://www.somospymes.com.ar/">SOMOS PYMES</a> Radio&nbsp;(<a href="https://www.lared.am/">La Red AM 910</a>, domingos de 6 a 8 hs),&nbsp;<a href="https://www.linkedin.com/in/gabrielhermida/">Gabriel Hermida</a>, socio de <a href="https://aurenweb-stg.servidortemporal.net/ar/servicios/tax-legal/impuestos/">Impuestos</a> de <a href="https://aurenweb-stg.servidortemporal.net/ar/">Auren Argentina</a>, explicó en dónde está fallando la&nbsp;<a href="https://www.afip.gob.ar/">AFIP</a>&nbsp;en su afán recaudador, generando en el camino más presión tributaria.</p>
<p>Tras haber estado suspendidas casi dos años por la pandemia, en las últimas semanas el 3% del universo de monotributistas subió de categoría.</p>
<p>Se trata de contribuyentes que facturaron servicios o venta de bienes por importes superiores a la categoría en la que estaban inscriptos y no se recategorizaron antes del 22 de enero de 2022.</p>
<p><strong>La opinión de un experto</strong></p>
<p>La recategorización de oficio «es otro desaguisado de la AFIP. No sé si esto se da por inexperiencia, impericia o si es a propósito.&nbsp;<strong>En vez de solucionar, cada vez complican más las cosas»</strong>, mencionó el contador público nacional al respecto.</p>
<p>«En vez de ayudar al comerciante chico, a la pequeña empresa, al monotributista y al profesional autónomo, cada vez lo castigamos más pese a que se está diciendo que hay que aumentar más la progresividad del sistema tributario argentino, para perseguir a los grandes», criticó.</p>
<p><strong>Más dificultades para conseguir materias primas</strong></p>
<p>«Eso lo vemos cuando el Banco Central se mete en el tema de las declaraciones juradas de importación. En vez de alivianar la presión para que las PYMES puedan conseguir materias primas y así poder producir, y exportar con valor agregado, les metemos más trabas como &#8216;Grado A&#8217;, &#8216;Grado B&#8217; y cuánto importaste en el 2020 y 2021», graficó Hermida.</p>
<p>«Con este esquema, las empresas van a empezar a parar de producir y van seguir yéndose de la Argentina. No van a invertir más», resaltó el representante de Auren.</p>
<p><strong>Monotributistas y autónomos</strong></p>
<p>«Un profesional autónomo tiene que pagar un impuesto a las Ganancias mucho mayor al que termina pagando un empleado en relación de dependencia», describió el tributarista&nbsp;en&nbsp;el programa que conduce Christian Dátola.</p>
<p>Leer la nota completa en <a href="https://www.somospymes.com.ar/item/56983-hermida-afip-esta-persiguiendo-y-asfixiando-a-los-contribuyentes-mas-chicos.html">Somos Pymes</a></p>
<p><!-- AddThis Advanced Settings generic via filter on the_content --><!-- AddThis Share Buttons generic via filter on the_content --></p>

<p>En una entrevista con&nbsp;SOMOS PYMES Radio&nbsp;(La Red AM 910, domingos de 6 a 8 hs),&nbsp;Gabriel Hermida, socio de Impuestos de Auren Argentina, explicó en dónde está fallando la&nbsp;AFIP&nbsp;en su afán [&hellip;]</p>
