{"id":14538,"date":"2022-03-08T10:04:13","date_gmt":"2022-03-08T09:04:13","guid":{"rendered":"https:\/\/auren.com\/ar\/new\/prensa-presion-tributaria-radio-la-red-am-910\/"},"modified":"2022-03-08T10:04:13","modified_gmt":"2022-03-08T09:04:13","slug":"prensa-presion-tributaria-radio-la-red-am-910","status":"publish","type":"new","link":"https:\/\/aurenweb-stg.servidortemporal.net\/ar\/noticias\/prensa-presion-tributaria-radio-la-red-am-910\/","title":{"rendered":"Prensa. Presi\u00f3n tributaria (Radio La Red AM 910)"},"content":{"rendered":"<figure class=\"wp-block-embed is-type-video is-provider-youtube wp-block-embed-youtube wp-embed-aspect-16-9 wp-has-aspect-ratio\">\n<div class=\"wp-block-embed__wrapper\">\n<div class=\"auren-youtube-cookie-gate\"><div class=\"auren-youtube-cookie-placeholder cookieconsent-optout-marketing\"><img class=\"auren-youtube-cookie-logo\" src=\"https:\/\/aurenweb-stg.servidortemporal.net\/ar\/wp-content\/uploads\/2024\/10\/logo-auren.svg\" alt=\"Auren Argentina\"><p class=\"auren-youtube-cookie-message\">Please accept the marketing cookies to view this video.<\/p><\/div><iframe class=\"cookieconsent-optin-marketing\" type=\"text\/plain\" data-cookieconsent=\"marketing\" data-src=\"https:\/\/www.youtube.com\/embed\/-nRVaSnnEUs?feature=oembed&#038;rel=0\" loading=\"lazy\" title=\"Gabriel Hermida, Socio de Auren Argentina, en Pymes en La Red\" width=\"500\" height=\"281\"  frameborder=\"0\" allow=\"accelerometer; autoplay; clipboard-write; encrypted-media; gyroscope; picture-in-picture\" allowfullscreen><\/iframe><\/div>\n<\/div>\n<\/figure>\n<p>En una entrevista con&nbsp;<a href=\"https:\/\/www.somospymes.com.ar\/\">SOMOS PYMES<\/a> Radio&nbsp;(<a href=\"https:\/\/www.lared.am\/\">La Red AM 910<\/a>, domingos de 6 a 8 hs),&nbsp;<a href=\"https:\/\/www.linkedin.com\/in\/gabrielhermida\/\">Gabriel Hermida<\/a>, socio de <a href=\"https:\/\/aurenweb-stg.servidortemporal.net\/ar\/servicios\/tax-legal\/impuestos\/\">Impuestos<\/a> de  <a href=\"https:\/\/aurenweb-stg.servidortemporal.net\/ar\/\">Auren Argentina<\/a>, explic\u00f3 en d\u00f3nde est\u00e1 fallando la&nbsp;<a href=\"https:\/\/www.somospymes.com.ar\/item\/56762-la-justicia-autorizo-a-la-afip-a-embargar-cuentas-digitales.html\">AFIP<\/a>&nbsp;en su af\u00e1n recaudador, generando en el camino m\u00e1s presi\u00f3n tributaria.<\/p>\n<p>Tras haber estado suspendidas casi dos a\u00f1os por la pandemia, en las \u00faltimas semanas el 3% del universo de monotributistas subi\u00f3 de categor\u00eda.<\/p>\n<p>Se trata de contribuyentes que facturaron servicios o venta de bienes por importes superiores a la categor\u00eda en la que estaban inscriptos y no se recategorizaron antes del 22 de enero de 2022.<\/p>\n<p><strong>La opini\u00f3n de un experto<\/strong><\/p>\n<p>La recategorizaci\u00f3n de oficio \u00abes otro desaguisado de la AFIP. No s\u00e9 si esto se da por inexperiencia, impericia o si es a prop\u00f3sito.&nbsp;<strong>En vez de solucionar, cada vez complican m\u00e1s las cosas\u00bb<\/strong>, mencion\u00f3 el contador p\u00fablico nacional al respecto.<\/p>\n<\/p>\n<p><!-- AddThis Advanced Settings generic via filter on the_content --><!-- AddThis Share Buttons generic via filter on the_content --><\/p>\n","protected":false},"excerpt":{"rendered":"<p>En una entrevista con&nbsp;SOMOS PYMES Radio&nbsp;(La Red AM 910, domingos de 6 a 8 hs),&nbsp;Gabriel Hermida, socio de Impuestos de Auren Argentina, explic\u00f3 en d\u00f3nde est\u00e1 fallando la&nbsp;AFIP&nbsp;en su af\u00e1n [&hellip;]<\/p>\n","protected":false},"featured_media":0,"template":"","meta":{"_acf_changed":false,"footnotes":""},"new-category":[],"class_list":["post-14538","new","type-new","status-publish","hentry"],"acf":[],"_links":{"self":[{"href":"https:\/\/aurenweb-stg.servidortemporal.net\/ar\/wp-json\/wp\/v2\/new\/14538","targetHints":{"allow":["GET"]}}],"collection":[{"href":"https:\/\/aurenweb-stg.servidortemporal.net\/ar\/wp-json\/wp\/v2\/new"}],"about":[{"href":"https:\/\/aurenweb-stg.servidortemporal.net\/ar\/wp-json\/wp\/v2\/types\/new"}],"version-history":[{"count":0,"href":"https:\/\/aurenweb-stg.servidortemporal.net\/ar\/wp-json\/wp\/v2\/new\/14538\/revisions"}],"wp:attachment":[{"href":"https:\/\/aurenweb-stg.servidortemporal.net\/ar\/wp-json\/wp\/v2\/media?parent=14538"}],"wp:term":[{"taxonomy":"new-category","embeddable":true,"href":"https:\/\/aurenweb-stg.servidortemporal.net\/ar\/wp-json\/wp\/v2\/new-category?post=14538"}],"curies":[{"name":"wp","href":"https:\/\/api.w.org\/{rel}","templated":true}]}}

Prensa. Presión tributaria (Radio La Red AM 910)

<figure class="wp-block-embed is-type-video is-provider-youtube wp-block-embed-youtube wp-embed-aspect-16-9 wp-has-aspect-ratio">
<div class="wp-block-embed__wrapper">
<div class="auren-youtube-cookie-gate"><div class="auren-youtube-cookie-placeholder cookieconsent-optout-marketing"><img class="auren-youtube-cookie-logo" src="https://aurenweb-stg.servidortemporal.net/ar/wp-content/uploads/2024/10/logo-auren.svg" alt="Auren Argentina"><p class="auren-youtube-cookie-message">Please accept the marketing cookies to view this video.</p></div><iframe class="cookieconsent-optin-marketing" type="text/plain" data-cookieconsent="marketing" data-src="https://www.youtube.com/embed/-nRVaSnnEUs?feature=oembed&#038;rel=0" loading="lazy" title="Gabriel Hermida, Socio de Auren Argentina, en Pymes en La Red" width="500" height="281"  frameborder="0" allow="accelerometer; autoplay; clipboard-write; encrypted-media; gyroscope; picture-in-picture" allowfullscreen></iframe></div>
</div>
</figure>
<p>En una entrevista con&nbsp;<a href="https://www.somospymes.com.ar/">SOMOS PYMES</a> Radio&nbsp;(<a href="https://www.lared.am/">La Red AM 910</a>, domingos de 6 a 8 hs),&nbsp;<a href="https://www.linkedin.com/in/gabrielhermida/">Gabriel Hermida</a>, socio de <a href="https://aurenweb-stg.servidortemporal.net/ar/servicios/tax-legal/impuestos/">Impuestos</a> de  <a href="https://aurenweb-stg.servidortemporal.net/ar/">Auren Argentina</a>, explicó en dónde está fallando la&nbsp;<a href="https://www.somospymes.com.ar/item/56762-la-justicia-autorizo-a-la-afip-a-embargar-cuentas-digitales.html">AFIP</a>&nbsp;en su afán recaudador, generando en el camino más presión tributaria.</p>
<p>Tras haber estado suspendidas casi dos años por la pandemia, en las últimas semanas el 3% del universo de monotributistas subió de categoría.</p>
<p>Se trata de contribuyentes que facturaron servicios o venta de bienes por importes superiores a la categoría en la que estaban inscriptos y no se recategorizaron antes del 22 de enero de 2022.</p>
<p><strong>La opinión de un experto</strong></p>
<p>La recategorización de oficio «es otro desaguisado de la AFIP. No sé si esto se da por inexperiencia, impericia o si es a propósito.&nbsp;<strong>En vez de solucionar, cada vez complican más las cosas»</strong>, mencionó el contador público nacional al respecto.</p>
</p>
<p><!-- AddThis Advanced Settings generic via filter on the_content --><!-- AddThis Share Buttons generic via filter on the_content --></p>

<p>En una entrevista con&nbsp;SOMOS PYMES Radio&nbsp;(La Red AM 910, domingos de 6 a 8 hs),&nbsp;Gabriel Hermida, socio de Impuestos de Auren Argentina, explicó en dónde está fallando la&nbsp;AFIP&nbsp;en su afán [&hellip;]</p>
