{"id":14549,"date":"2022-03-03T15:36:57","date_gmt":"2022-03-03T14:36:57","guid":{"rendered":"https:\/\/auren.com\/ar\/new\/auren-lanza-una-encuesta-2022-sobre-jovenes-profesionales\/"},"modified":"2022-03-03T15:36:57","modified_gmt":"2022-03-03T14:36:57","slug":"auren-lanza-una-encuesta-2022-sobre-jovenes-profesionales","status":"publish","type":"new","link":"https:\/\/aurenweb-stg.servidortemporal.net\/ar\/noticias\/auren-lanza-una-encuesta-2022-sobre-jovenes-profesionales\/","title":{"rendered":"Auren lanza una encuesta 2022 sobre J\u00f3venes Profesionales"},"content":{"rendered":"<p><a href=\"https:\/\/aurenweb-stg.servidortemporal.net\/ar\/\">Auren Argentina<\/a> lanza una encuesta virtual sobre J\u00f3venes Profesional para conocer qu\u00e9 buscan y qu\u00e9 les preocupa frente al mercado laboral. Cu\u00e1les son sus motivaciones, expectativas, aspiraciones, sus valores y su visi\u00f3n de futuro.<\/p>\n<p>Se trata de una nueva edici\u00f3n de \u201cBr\u00fajula de Negocios\u201d dirigida a las nuevas generaciones. El impacto de la pandemia afect\u00f3 fuerte el mundo laboral y tambi\u00e9n impact\u00f3 en los Millenials y la llamada Generaci\u00f3n Z.<\/p>\n<p>Los j\u00f3venes profesionales son hoy quienes impulsan los cambios en la sociedad y en el mundo laboral, a quienes las empresas debemos escuchar c\u00f3mo se sienten.<\/p>\n<p>La encuesta es an\u00f3nima y est\u00e1 disponible de manera on line en &#x1f449; <a href=\"https:\/\/bit.ly\/3p2utzV\">https:\/\/bit.ly\/3p2utzV<\/a><\/p>\n<p><!-- AddThis Advanced Settings generic via filter on the_content --><!-- AddThis Share Buttons generic via filter on the_content --><\/p>\n","protected":false},"excerpt":{"rendered":"<p>Auren Argentina lanza una encuesta virtual sobre J\u00f3venes Profesional para conocer qu\u00e9 buscan y qu\u00e9 les preocupa frente al mercado laboral. Cu\u00e1les son sus motivaciones, expectativas, aspiraciones, sus valores y [&hellip;]<\/p>\n","protected":false},"featured_media":14550,"template":"","meta":{"_acf_changed":false,"footnotes":""},"new-category":[],"class_list":["post-14549","new","type-new","status-publish","has-post-thumbnail","hentry"],"acf":[],"_links":{"self":[{"href":"https:\/\/aurenweb-stg.servidortemporal.net\/ar\/wp-json\/wp\/v2\/new\/14549","targetHints":{"allow":["GET"]}}],"collection":[{"href":"https:\/\/aurenweb-stg.servidortemporal.net\/ar\/wp-json\/wp\/v2\/new"}],"about":[{"href":"https:\/\/aurenweb-stg.servidortemporal.net\/ar\/wp-json\/wp\/v2\/types\/new"}],"version-history":[{"count":0,"href":"https:\/\/aurenweb-stg.servidortemporal.net\/ar\/wp-json\/wp\/v2\/new\/14549\/revisions"}],"wp:featuredmedia":[{"embeddable":true,"href":"https:\/\/aurenweb-stg.servidortemporal.net\/ar\/wp-json\/wp\/v2\/media\/14550"}],"wp:attachment":[{"href":"https:\/\/aurenweb-stg.servidortemporal.net\/ar\/wp-json\/wp\/v2\/media?parent=14549"}],"wp:term":[{"taxonomy":"new-category","embeddable":true,"href":"https:\/\/aurenweb-stg.servidortemporal.net\/ar\/wp-json\/wp\/v2\/new-category?post=14549"}],"curies":[{"name":"wp","href":"https:\/\/api.w.org\/{rel}","templated":true}]}}

Auren lanza una encuesta 2022 sobre Jóvenes Profesionales

<p><a href="https://aurenweb-stg.servidortemporal.net/ar/">Auren Argentina</a> lanza una encuesta virtual sobre Jóvenes Profesional para conocer qué buscan y qué les preocupa frente al mercado laboral. Cuáles son sus motivaciones, expectativas, aspiraciones, sus valores y su visión de futuro.</p>
<p>Se trata de una nueva edición de “Brújula de Negocios” dirigida a las nuevas generaciones. El impacto de la pandemia afectó fuerte el mundo laboral y también impactó en los Millenials y la llamada Generación Z.</p>
<p>Los jóvenes profesionales son hoy quienes impulsan los cambios en la sociedad y en el mundo laboral, a quienes las empresas debemos escuchar cómo se sienten.</p>
<p>La encuesta es anónima y está disponible de manera on line en &#x1f449; <a href="https://bit.ly/3p2utzV">https://bit.ly/3p2utzV</a></p>
<p><!-- AddThis Advanced Settings generic via filter on the_content --><!-- AddThis Share Buttons generic via filter on the_content --></p>

<p>Auren Argentina lanza una encuesta virtual sobre Jóvenes Profesional para conocer qué buscan y qué les preocupa frente al mercado laboral. Cuáles son sus motivaciones, expectativas, aspiraciones, sus valores y [&hellip;]</p>
