{"id":15888,"date":"2019-10-30T13:18:08","date_gmt":"2019-10-30T12:18:08","guid":{"rendered":"https:\/\/auren.com\/ar\/new\/prensa-libro-iva-digital-cuidado-con-las-conciliaciones-nuevas-palabras-19-10-2019\/"},"modified":"2019-10-30T13:18:08","modified_gmt":"2019-10-30T12:18:08","slug":"prensa-libro-iva-digital-cuidado-con-las-conciliaciones-nuevas-palabras-19-10-2019","status":"publish","type":"new","link":"https:\/\/aurenweb-stg.servidortemporal.net\/ar\/noticias\/prensa-libro-iva-digital-cuidado-con-las-conciliaciones-nuevas-palabras-19-10-2019\/","title":{"rendered":"Prensa. Libro IVA Digital: Cuidado con las conciliaciones (Nuevas Palabras 19.10.2019)"},"content":{"rendered":"<p class=\"text-justify\">El tributarista Edgardo Stampone advierte que la pr\u00f3xima implementaci\u00f3n del Libro IVA Digital por parte de la AFIP podr\u00eda generar algunos problemas con las personas f\u00edsicas, en relaci\u00f3n a la conciliaci\u00f3n de facturas. El sistema podr\u00eda incluir comprobantes que no est\u00e1n relacionados a la actividad econ\u00f3mica del contribuyente.. Recientemente, funcionarios del organismo anticiparon que el proyecto comenzar\u00e1 a implementarse entre 17.000 profesionales.<\/p>\n<p class=\"text-justify\"><strong>LIBRO DE IVA DIGITAL<\/strong> <\/p>\n<p class=\"text-justify\">Mediante la RG 4597 la AFIP crea un r\u00e9gimen de registraci\u00f3n electr\u00f3nica de operaciones de venta, compra, cesiones, exportaciones e importaciones definitivas de bienes y servicios, locaciones y prestaciones. <\/p>\n<p class=\"text-justify\">Est\u00e1n obligados a registrar electr\u00f3nicamente sus operaciones a trav\u00e9s del \u201cLibro de IVA Digital\u201d: <\/p>\n<ul class=\"text-justify\">\n<li class=\"text-justify\">Responsables inscriptos en el IVA. <\/li>\n<li class=\"text-justify\">Sujetos exentos en el IVA. <\/li>\n<\/ul>\n<p class=\"text-justify\">Por el contrario no lo estar\u00e1n: <\/p>\n<ul class=\"text-justify\">\n<li class=\"text-justify\">Monotributistas. <\/li>\n<li class=\"text-justify\">Quienes presten servicios personales dom\u00e9sticos. <\/li>\n<li class=\"text-justify\">Quienes desempe\u00f1en las funciones de directores de sociedades an\u00f3nimas, s\u00edndicos, integrantes del consejo de vigilancia, socios gerentes de sociedades de responsabilidad limitada, socios administradores de sociedades en comandita simple y comandita por acciones, fideicomisarios y consejeros de sociedades cooperativas; \u00fanicamente por los honorarios o retribuciones que perciban por el desarrollo de las tareas indicadas y en tanto suscriban el correspondiente recibo expedido por la sociedad. <\/li>\n<li class=\"text-justify\">Las reparticiones centralizadas, descentralizadas o aut\u00e1rquicas del Estado Nacional, Provincial, Municipal o del Gobierno de la Ciudad Aut\u00f3noma de Buenos Aires, que no fueren empresas y\/o entidades -pertenecientes, total o parcialmente, a dichos Estados. <\/li>\n<li class=\"text-justify\">Instituciones religiosas, asociaciones, fundaciones y entidades civiles de asistencia social, salud p\u00fablica, caridad, beneficencia, educaci\u00f3n e instrucci\u00f3n, cient\u00edficas, literarias, art\u00edsticas, gremiales y las de cultura f\u00edsica o intelectual, entidades mutualistas, asociaciones deportivas y de cultura f\u00edsica. <\/li>\n<\/ul>\n<p class=\"text-justify\"><strong>Vigencia<\/strong> <\/p>\n<p class=\"text-justify\">La opci\u00f3n para la generaci\u00f3n y presentaci\u00f3n simplificada del \u201cLibro de IVA Digital\u201d estar\u00e1 disponible a partir del 1 de noviembre 2019. <\/p>\n<p class=\"text-justify\">Por su parte la AFIP establece el siguiente cronograma para su implementaci\u00f3n: <\/p>\n<ul class=\"text-justify\">\n<li class=\"text-justify\">\n<ul class=\"text-justify\">\n<li class=\"text-justify\">A partir del per\u00edodo octubre de 2019:&nbsp;para los responsables inscriptos en el IVA que hayan sido notificados de su inclusi\u00f3n en su Domicilio Fiscal Electr\u00f3nico. <\/li>\n<li class=\"text-justify\">A partir del per\u00edodo enero de 2020:&nbsp;para los responsables inscriptos en el IVA que se encuentren obligados a presentar el R\u00e9gimen de Informaci\u00f3n de Compras y Ventas con anterioridad al 30 de septiembre de 2019 y hayan realizado ventas por un monto total de operaciones (gravadas, exentas y no gravadas)declaradas en el IVA durante el 2018 por un importe igual o inferior a $ 500.000. <\/li>\n<li class=\"text-justify\">A partir del per\u00edodo marzo de 2020:&nbsp;para los responsables inscriptos en el IVA que se encuentren obligados a presentar el R\u00e9gimen de Informaci\u00f3n de Compras y Ventas con anterioridad al 30 de septiembre de 2019 y hayan realizado ventas por un monto total de operaciones (gravadas, exentas y no gravadas)declaradas en el IVA durante el 2018 por un importe superior a $ 500.000.- e inferior o igual a $ 2.000.000. <\/li>\n<li class=\"text-justify\">A partir del per\u00edodo mayo de 2020:&nbsp;para los responsables inscriptos en el IVA que se encuentren obligados a presentar el R\u00e9gimen de Informaci\u00f3n de Compras y Ventas con anterioridad al 30 de septiembre de 2019 y hayan realizado ventas por un monto total de operaciones (gravadas, exentas y no gravadas)declaradas en el IVA durante el 2018 por un importe superior a $ 2.000.000. <\/li>\n<li class=\"text-justify\">A partir del per\u00edodo julio de 2020:&nbsp;para los responsables inscriptos en el IVA que no se encuentren obligados a presentar el R\u00e9gimen de Informaci\u00f3n de Compras y Ventas con anterioridad al 30 de septiembre de 2019 <\/li>\n<li class=\"text-justify\">A partir del per\u00edodo julio de 2020:&nbsp;para los responsables exentos ante el IVA. <\/li>\n<\/ul>\n<\/li>\n<\/ul>\n<p class=\"text-justify\">Por los per\u00edodos hasta junio de 2020 inclusive, se continuar\u00e1 con la registraci\u00f3n electr\u00f3nica. <\/p>\n<p class=\"text-justify\"><strong>&nbsp;Comentarios<\/strong><\/p>\n<p class=\"text-justify\">Es muy necesario para lograr mayor eficiencia en la administraci\u00f3n tributaria que se avance en la incorporaci\u00f3n del progreso tecnol\u00f3gico en la relaci\u00f3n fisco-contribuyente. Sin duda, como todo cambio, llevar\u00e1 algunos contratiempos y demoras en el comienzo de su implementaci\u00f3n ya que el fisco pondr\u00e1 a disposici\u00f3n los comprobantes de las distintas operaciones que le surjan del sistema y ser\u00e1 el contribuyente qui\u00e9n deber\u00e1 conciliarlos (aceptando \/ sacando \/incorporando) previa a la presentaci\u00f3n.&nbsp; &nbsp; Un claro ejemplo donde debe realizarse una conciliaci\u00f3n precisa ser\u00eda en el caso de las personas f\u00edsicas dado que el sistema pondr\u00e1 a disposici\u00f3n todos los comprobantes que surjan y es probable que algunos de los mismos no se encuentren vinculados a la actividad gravada del contribuyente. <\/p>\n<p class=\"text-justify\"><strong><em>Por Edgardo Stampone, socio de Impuestos de AUREN<\/em><\/strong><\/p>\n<p>Leer la nota on line en&nbsp;<a href=\"https:\/\/nuevaspalabras.com.ar\/libro-iva-digital-cuidado-con-las-conciliaciones\/\">https:\/\/nuevaspalabras.com.ar\/libro-iva-digital-cuidado-con-las-conciliaciones\/<\/a><strong><\/strong><\/p>\n<p><!-- AddThis Advanced Settings generic via filter on the_content --><!-- AddThis Share Buttons generic via filter on the_content --><\/p>\n","protected":false},"excerpt":{"rendered":"<p>Por Edgardo Stampone: Socio de Impuestos de AUREN<\/p>\n","protected":false},"featured_media":15889,"template":"","meta":{"_acf_changed":false,"footnotes":""},"new-category":[],"class_list":["post-15888","new","type-new","status-publish","has-post-thumbnail","hentry"],"acf":[],"_links":{"self":[{"href":"https:\/\/aurenweb-stg.servidortemporal.net\/ar\/wp-json\/wp\/v2\/new\/15888","targetHints":{"allow":["GET"]}}],"collection":[{"href":"https:\/\/aurenweb-stg.servidortemporal.net\/ar\/wp-json\/wp\/v2\/new"}],"about":[{"href":"https:\/\/aurenweb-stg.servidortemporal.net\/ar\/wp-json\/wp\/v2\/types\/new"}],"version-history":[{"count":0,"href":"https:\/\/aurenweb-stg.servidortemporal.net\/ar\/wp-json\/wp\/v2\/new\/15888\/revisions"}],"wp:featuredmedia":[{"embeddable":true,"href":"https:\/\/aurenweb-stg.servidortemporal.net\/ar\/wp-json\/wp\/v2\/media\/15889"}],"wp:attachment":[{"href":"https:\/\/aurenweb-stg.servidortemporal.net\/ar\/wp-json\/wp\/v2\/media?parent=15888"}],"wp:term":[{"taxonomy":"new-category","embeddable":true,"href":"https:\/\/aurenweb-stg.servidortemporal.net\/ar\/wp-json\/wp\/v2\/new-category?post=15888"}],"curies":[{"name":"wp","href":"https:\/\/api.w.org\/{rel}","templated":true}]}}

<p class="text-justify">El tributarista Edgardo Stampone advierte que la próxima implementación del Libro IVA Digital por parte de la AFIP podría generar algunos problemas con las personas físicas, en relación a la conciliación de facturas. El sistema podría incluir comprobantes que no están relacionados a la actividad económica del contribuyente.. Recientemente, funcionarios del organismo anticiparon que el proyecto comenzará a implementarse entre 17.000 profesionales.</p>
<p class="text-justify"><strong>LIBRO DE IVA DIGITAL</strong> </p>
<p class="text-justify">Mediante la RG 4597 la AFIP crea un régimen de registración electrónica de operaciones de venta, compra, cesiones, exportaciones e importaciones definitivas de bienes y servicios, locaciones y prestaciones. </p>
<p class="text-justify">Están obligados a registrar electrónicamente sus operaciones a través del “Libro de IVA Digital”: </p>
<ul class="text-justify">
<li class="text-justify">Responsables inscriptos en el IVA. </li>
<li class="text-justify">Sujetos exentos en el IVA. </li>
</ul>
<p class="text-justify">Por el contrario no lo estarán: </p>
<ul class="text-justify">
<li class="text-justify">Monotributistas. </li>
<li class="text-justify">Quienes presten servicios personales domésticos. </li>
<li class="text-justify">Quienes desempeñen las funciones de directores de sociedades anónimas, síndicos, integrantes del consejo de vigilancia, socios gerentes de sociedades de responsabilidad limitada, socios administradores de sociedades en comandita simple y comandita por acciones, fideicomisarios y consejeros de sociedades cooperativas; únicamente por los honorarios o retribuciones que perciban por el desarrollo de las tareas indicadas y en tanto suscriban el correspondiente recibo expedido por la sociedad. </li>
<li class="text-justify">Las reparticiones centralizadas, descentralizadas o autárquicas del Estado Nacional, Provincial, Municipal o del Gobierno de la Ciudad Autónoma de Buenos Aires, que no fueren empresas y/o entidades -pertenecientes, total o parcialmente, a dichos Estados. </li>
<li class="text-justify">Instituciones religiosas, asociaciones, fundaciones y entidades civiles de asistencia social, salud pública, caridad, beneficencia, educación e instrucción, científicas, literarias, artísticas, gremiales y las de cultura física o intelectual, entidades mutualistas, asociaciones deportivas y de cultura física. </li>
</ul>
<p class="text-justify"><strong>Vigencia</strong> </p>
<p class="text-justify">La opción para la generación y presentación simplificada del “Libro de IVA Digital” estará disponible a partir del 1 de noviembre 2019. </p>
<p class="text-justify">Por su parte la AFIP establece el siguiente cronograma para su implementación: </p>
<ul class="text-justify">
<li class="text-justify">
<ul class="text-justify">
<li class="text-justify">A partir del período octubre de 2019:&nbsp;para los responsables inscriptos en el IVA que hayan sido notificados de su inclusión en su Domicilio Fiscal Electrónico. </li>
<li class="text-justify">A partir del período enero de 2020:&nbsp;para los responsables inscriptos en el IVA que se encuentren obligados a presentar el Régimen de Información de Compras y Ventas con anterioridad al 30 de septiembre de 2019 y hayan realizado ventas por un monto total de operaciones (gravadas, exentas y no gravadas)declaradas en el IVA durante el 2018 por un importe igual o inferior a $ 500.000. </li>
<li class="text-justify">A partir del período marzo de 2020:&nbsp;para los responsables inscriptos en el IVA que se encuentren obligados a presentar el Régimen de Información de Compras y Ventas con anterioridad al 30 de septiembre de 2019 y hayan realizado ventas por un monto total de operaciones (gravadas, exentas y no gravadas)declaradas en el IVA durante el 2018 por un importe superior a $ 500.000.- e inferior o igual a $ 2.000.000. </li>
<li class="text-justify">A partir del período mayo de 2020:&nbsp;para los responsables inscriptos en el IVA que se encuentren obligados a presentar el Régimen de Información de Compras y Ventas con anterioridad al 30 de septiembre de 2019 y hayan realizado ventas por un monto total de operaciones (gravadas, exentas y no gravadas)declaradas en el IVA durante el 2018 por un importe superior a $ 2.000.000. </li>
<li class="text-justify">A partir del período julio de 2020:&nbsp;para los responsables inscriptos en el IVA que no se encuentren obligados a presentar el Régimen de Información de Compras y Ventas con anterioridad al 30 de septiembre de 2019 </li>
<li class="text-justify">A partir del período julio de 2020:&nbsp;para los responsables exentos ante el IVA. </li>
</ul>
</li>
</ul>
<p class="text-justify">Por los períodos hasta junio de 2020 inclusive, se continuará con la registración electrónica. </p>
<p class="text-justify"><strong>&nbsp;Comentarios</strong></p>
<p class="text-justify">Es muy necesario para lograr mayor eficiencia en la administración tributaria que se avance en la incorporación del progreso tecnológico en la relación fisco-contribuyente. Sin duda, como todo cambio, llevará algunos contratiempos y demoras en el comienzo de su implementación ya que el fisco pondrá a disposición los comprobantes de las distintas operaciones que le surjan del sistema y será el contribuyente quién deberá conciliarlos (aceptando / sacando /incorporando) previa a la presentación.&nbsp; &nbsp; Un claro ejemplo donde debe realizarse una conciliación precisa sería en el caso de las personas físicas dado que el sistema pondrá a disposición todos los comprobantes que surjan y es probable que algunos de los mismos no se encuentren vinculados a la actividad gravada del contribuyente. </p>
<p class="text-justify"><strong><em>Por Edgardo Stampone, socio de Impuestos de AUREN</em></strong></p>
<p>Leer la nota on line en&nbsp;<a href="https://nuevaspalabras.com.ar/libro-iva-digital-cuidado-con-las-conciliaciones/">https://nuevaspalabras.com.ar/libro-iva-digital-cuidado-con-las-conciliaciones/</a><strong></strong></p>
<p><!-- AddThis Advanced Settings generic via filter on the_content --><!-- AddThis Share Buttons generic via filter on the_content --></p>
