{"id":15900,"date":"2019-10-23T13:03:29","date_gmt":"2019-10-23T11:03:29","guid":{"rendered":"https:\/\/auren.com\/ar\/new\/prensa-auren-realiza-el-tour-industrial-en-avellaneda-la-ciudad-diario-de-avellaneda-2-10-2019\/"},"modified":"2019-10-23T13:03:29","modified_gmt":"2019-10-23T11:03:29","slug":"prensa-auren-realiza-el-tour-industrial-en-avellaneda-la-ciudad-diario-de-avellaneda-2-10-2019","status":"publish","type":"new","link":"https:\/\/aurenweb-stg.servidortemporal.net\/ar\/noticias\/prensa-auren-realiza-el-tour-industrial-en-avellaneda-la-ciudad-diario-de-avellaneda-2-10-2019\/","title":{"rendered":"Prensa. Auren realiza el \u00abTour Industrial\u00bb en Avellaneda (La Ciudad. Diario de Avellaneda 2\/10\/2019)"},"content":{"rendered":"<p class=\"text-justify\">Auren, firma de servicios avanzados en Auditor\u00eda, Tax &#038; Legal, Consultor\u00eda, Finanzas Corporativas y Outsourcing realizar\u00e1 el segundo Tour de Industria en Avellaneda, junto a la Uni\u00f3n Industrial de Avellaneda y Somos Pymes, el jueves 10 de octubre de 9 a 12,30 horas en H. Yrigoyen 355, Avellaneda.<\/p>\n<p class=\"text-justify\">Auren, firma de servicios avanzados en Auditor\u00eda, Tax &#038; Legal, Consultor\u00eda, Finanzas Corporativas y Outsourcing realizar\u00e1 el segundo Tour de Industria en Avellaneda, junto a la Uni\u00f3n Industrial de Avellaneda y Somos Pymes. <\/p>\n<p class=\"text-justify\">El Tour se realizar\u00e1 el jueves 10 de octubre de 9 a 12:30hs a en la Uni\u00f3n Industrial de Avellaneda ubicada en Hip\u00f3lito Yrigoyen 355, Avellaneda, Buenos Aires. <\/p>\n<p class=\"text-justify\">Con la disertaci\u00f3n a cargo del periodista y economista Dami\u00e1n Di Pace, se expondr\u00e1n los siguientes temas: <\/p>\n<p class=\"text-justify\">\u2013 \u201cCambio de paradigma en el management de la industria\u201d. Por Sebasti\u00e1n Inchauspe, especialistas en Estrategia e Innovaci\u00f3n; <\/p>\n<p class=\"text-justify\">\u2013 \u201cLos puntos que escurren la rentabilidad del negocio\u201d. Por Dami\u00e1n Cardone, Socio de Auditor\u00eda <\/p>\n<p class=\"text-justify\">\u2013 \u201cLo \u00faltimo en tecnolog\u00eda para el rubro industrial\u201d. Por Diego Erben, especialista en IT. <\/p>\n<p class=\"text-justify\">\u2013 \u201cOptimizaci\u00f3n impositiva\u201d. Por Gabriel Hermida, Socio de Impuestos de Auren. <\/p>\n<\/p>\n<p>Leer la nota el Diario La Ciudad en&nbsp;<a href=\"https:\/\/laciudadavellaneda.com.ar\/auren-realiza-el-tour-industrial-en-avellaneda\/?utm_source=Icommarketing&#038;utm_medium=email&#038;utm_content=Prensa&#038;utm_campaign=Icommarketing+-+News+-+Auren+en+La+Ciudad+-+Diario+de+Avellaneda\"><\/a><a href=\"https:\/\/laciudadavellaneda.com.ar\/auren-realiza-el-tour-industrial-en-avellaneda\/\">https:\/\/laciudadavellaneda.com&#8230;<\/a><\/p>\n<p><!-- AddThis Advanced Settings generic via filter on the_content --><!-- AddThis Share Buttons generic via filter on the_content --><\/p>\n","protected":false},"excerpt":{"rendered":"<p>Auren realizar\u00e1 el segundo Tour Industrial en Avellaneda, junto a la Uni\u00f3n Industrial de Avellaneda y Somos Pymes.<\/p>\n","protected":false},"featured_media":15901,"template":"","meta":{"_acf_changed":false,"footnotes":""},"new-category":[],"class_list":["post-15900","new","type-new","status-publish","has-post-thumbnail","hentry"],"acf":[],"_links":{"self":[{"href":"https:\/\/aurenweb-stg.servidortemporal.net\/ar\/wp-json\/wp\/v2\/new\/15900","targetHints":{"allow":["GET"]}}],"collection":[{"href":"https:\/\/aurenweb-stg.servidortemporal.net\/ar\/wp-json\/wp\/v2\/new"}],"about":[{"href":"https:\/\/aurenweb-stg.servidortemporal.net\/ar\/wp-json\/wp\/v2\/types\/new"}],"version-history":[{"count":0,"href":"https:\/\/aurenweb-stg.servidortemporal.net\/ar\/wp-json\/wp\/v2\/new\/15900\/revisions"}],"wp:featuredmedia":[{"embeddable":true,"href":"https:\/\/aurenweb-stg.servidortemporal.net\/ar\/wp-json\/wp\/v2\/media\/15901"}],"wp:attachment":[{"href":"https:\/\/aurenweb-stg.servidortemporal.net\/ar\/wp-json\/wp\/v2\/media?parent=15900"}],"wp:term":[{"taxonomy":"new-category","embeddable":true,"href":"https:\/\/aurenweb-stg.servidortemporal.net\/ar\/wp-json\/wp\/v2\/new-category?post=15900"}],"curies":[{"name":"wp","href":"https:\/\/api.w.org\/{rel}","templated":true}]}}

<p class="text-justify">Auren, firma de servicios avanzados en Auditoría, Tax &#038; Legal, Consultoría, Finanzas Corporativas y Outsourcing realizará el segundo Tour de Industria en Avellaneda, junto a la Unión Industrial de Avellaneda y Somos Pymes, el jueves 10 de octubre de 9 a 12,30 horas en H. Yrigoyen 355, Avellaneda.</p>
<p class="text-justify">Auren, firma de servicios avanzados en Auditoría, Tax &#038; Legal, Consultoría, Finanzas Corporativas y Outsourcing realizará el segundo Tour de Industria en Avellaneda, junto a la Unión Industrial de Avellaneda y Somos Pymes. </p>
<p class="text-justify">El Tour se realizará el jueves 10 de octubre de 9 a 12:30hs a en la Unión Industrial de Avellaneda ubicada en Hipólito Yrigoyen 355, Avellaneda, Buenos Aires. </p>
<p class="text-justify">Con la disertación a cargo del periodista y economista Damián Di Pace, se expondrán los siguientes temas: </p>
<p class="text-justify">– “Cambio de paradigma en el management de la industria”. Por Sebastián Inchauspe, especialistas en Estrategia e Innovación; </p>
<p class="text-justify">– “Los puntos que escurren la rentabilidad del negocio”. Por Damián Cardone, Socio de Auditoría </p>
<p class="text-justify">– “Lo último en tecnología para el rubro industrial”. Por Diego Erben, especialista en IT. </p>
<p class="text-justify">– “Optimización impositiva”. Por Gabriel Hermida, Socio de Impuestos de Auren. </p>
</p>
<p>Leer la nota el Diario La Ciudad en&nbsp;<a href="https://laciudadavellaneda.com.ar/auren-realiza-el-tour-industrial-en-avellaneda/?utm_source=Icommarketing&#038;utm_medium=email&#038;utm_content=Prensa&#038;utm_campaign=Icommarketing+-+News+-+Auren+en+La+Ciudad+-+Diario+de+Avellaneda"></a><a href="https://laciudadavellaneda.com.ar/auren-realiza-el-tour-industrial-en-avellaneda/">https://laciudadavellaneda.com&#8230;</a></p>
<p><!-- AddThis Advanced Settings generic via filter on the_content --><!-- AddThis Share Buttons generic via filter on the_content --></p>

<p>Auren realizará el segundo Tour Industrial en Avellaneda, junto a la Unión Industrial de Avellaneda y Somos Pymes.</p>
