{"id":15904,"date":"2019-10-23T12:56:53","date_gmt":"2019-10-23T10:56:53","guid":{"rendered":"https:\/\/auren.com\/ar\/new\/prensa-auren-continua-creciendo-y-anuncia-nuevo-socio-ahk-camara-11-10-2019\/"},"modified":"2019-10-23T12:56:53","modified_gmt":"2019-10-23T10:56:53","slug":"prensa-auren-continua-creciendo-y-anuncia-nuevo-socio-ahk-camara-11-10-2019","status":"publish","type":"new","link":"https:\/\/aurenweb-stg.servidortemporal.net\/ar\/noticias\/prensa-auren-continua-creciendo-y-anuncia-nuevo-socio-ahk-camara-11-10-2019\/","title":{"rendered":"Prensa. Auren continua creciendo y anuncia nuevo socio (AHK C\u00e0mara. 11\/10\/2019)"},"content":{"rendered":"<p class=\"text-justify\">AUREN Argentina, firma internacional de servicios profesionales de Auditor\u00eda, Tax &#038; Legal, Finanzas Corporativas y outsourcing, sigue creciendo con m\u00e1s talentos y anuncia as\u00ed la incorporaci\u00f3n del nuevo socio de Impuestos Gabriel Hermida, sum\u00e1ndose a los m\u00e1s de 2000 profesional en nuestras 59 oficinas en el mundo.<\/p>\n<p class=\"text-justify\">Hermida es contador p\u00fablico (UBA) con posgrado en Derecho tributario (UBA), con amplia experiencia en el mercado y estar\u00e1 a cargo de los servicios de asesoramiento y planificaci\u00f3n tributaria y fiscal a nivel nacional e internacional. <\/p>\n<p class=\"text-justify\">Trabaj\u00f3 como Director de Impuestos para Latinoam\u00e9rica en varios Grupos empresarios Multinacionales y particip\u00f3 en varios procesos de fusiones y adquisiciones, due diligence, auditor\u00edas internas exhaustivas y an\u00e1lisis de los procesos de negocios. Profesor en la UBA de la materia Impuestos II y profesor de Fundamentos de Tributaci\u00f3n, Impuestos I y II en la facultad de Ciencias Empresariales de la Universidad Austral. <\/p>\n<p class=\"text-justify\">Es miembro activo de la Asociaci\u00f3n Argentina de Estudios Fiscales (AAEF) y de la International Fiscal Association (IFA). Miembro de la Comisi\u00f3n de Asuntos Fiscales de la C\u00e1mara de Sociedades An\u00f3nimas (CSA), del Departamento de Pol\u00edtica Tributaria de la Uni\u00f3n Industrial Argentina (UIA) y del departamento de Pol\u00edtica Fiscal de COPAL (Coordinadora de productos alimenticios). <\/p>\n<p>Leer la nota en&nbsp;<a href=\"https:\/\/www.ahkargentina.com.ar\/actualidad\/news-details\/auren-continua-creciendo-y-anuncia-nuevo-socio\/\">https:\/\/www.ahkargentina.com.ar\/actualidad\/news-details\/auren-continua-creciendo-y-anuncia-nuevo-socio\/<\/a><\/p>\n<p><!-- AddThis Advanced Settings generic via filter on the_content --><!-- AddThis Share Buttons generic via filter on the_content --><\/p>\n","protected":false},"excerpt":{"rendered":"<p>Auren Argentina&nbsp; sigue creciendo con m\u00e1s talentos y anuncia as\u00ed la incorporaci\u00f3n del nuevo socio de Impuestos Gabriel Hermida, sum\u00e1ndose a los m\u00e1s de 2000 profesional en nuestras 59 oficinas en el mundo.<\/p>\n","protected":false},"featured_media":15905,"template":"","meta":{"_acf_changed":false,"footnotes":""},"new-category":[],"class_list":["post-15904","new","type-new","status-publish","has-post-thumbnail","hentry"],"acf":[],"_links":{"self":[{"href":"https:\/\/aurenweb-stg.servidortemporal.net\/ar\/wp-json\/wp\/v2\/new\/15904","targetHints":{"allow":["GET"]}}],"collection":[{"href":"https:\/\/aurenweb-stg.servidortemporal.net\/ar\/wp-json\/wp\/v2\/new"}],"about":[{"href":"https:\/\/aurenweb-stg.servidortemporal.net\/ar\/wp-json\/wp\/v2\/types\/new"}],"version-history":[{"count":0,"href":"https:\/\/aurenweb-stg.servidortemporal.net\/ar\/wp-json\/wp\/v2\/new\/15904\/revisions"}],"wp:featuredmedia":[{"embeddable":true,"href":"https:\/\/aurenweb-stg.servidortemporal.net\/ar\/wp-json\/wp\/v2\/media\/15905"}],"wp:attachment":[{"href":"https:\/\/aurenweb-stg.servidortemporal.net\/ar\/wp-json\/wp\/v2\/media?parent=15904"}],"wp:term":[{"taxonomy":"new-category","embeddable":true,"href":"https:\/\/aurenweb-stg.servidortemporal.net\/ar\/wp-json\/wp\/v2\/new-category?post=15904"}],"curies":[{"name":"wp","href":"https:\/\/api.w.org\/{rel}","templated":true}]}}

Prensa. Auren continua creciendo y anuncia nuevo socio (AHK Càmara. 11/10/2019)

<p class="text-justify">AUREN Argentina, firma internacional de servicios profesionales de Auditoría, Tax &#038; Legal, Finanzas Corporativas y outsourcing, sigue creciendo con más talentos y anuncia así la incorporación del nuevo socio de Impuestos Gabriel Hermida, sumándose a los más de 2000 profesional en nuestras 59 oficinas en el mundo.</p>
<p class="text-justify">Hermida es contador público (UBA) con posgrado en Derecho tributario (UBA), con amplia experiencia en el mercado y estará a cargo de los servicios de asesoramiento y planificación tributaria y fiscal a nivel nacional e internacional. </p>
<p class="text-justify">Trabajó como Director de Impuestos para Latinoamérica en varios Grupos empresarios Multinacionales y participó en varios procesos de fusiones y adquisiciones, due diligence, auditorías internas exhaustivas y análisis de los procesos de negocios. Profesor en la UBA de la materia Impuestos II y profesor de Fundamentos de Tributación, Impuestos I y II en la facultad de Ciencias Empresariales de la Universidad Austral. </p>
<p class="text-justify">Es miembro activo de la Asociación Argentina de Estudios Fiscales (AAEF) y de la International Fiscal Association (IFA). Miembro de la Comisión de Asuntos Fiscales de la Cámara de Sociedades Anónimas (CSA), del Departamento de Política Tributaria de la Unión Industrial Argentina (UIA) y del departamento de Política Fiscal de COPAL (Coordinadora de productos alimenticios). </p>
<p>Leer la nota en&nbsp;<a href="https://www.ahkargentina.com.ar/actualidad/news-details/auren-continua-creciendo-y-anuncia-nuevo-socio/">https://www.ahkargentina.com.ar/actualidad/news-details/auren-continua-creciendo-y-anuncia-nuevo-socio/</a></p>
<p><!-- AddThis Advanced Settings generic via filter on the_content --><!-- AddThis Share Buttons generic via filter on the_content --></p>

<p>Auren Argentina&nbsp; sigue creciendo con más talentos y anuncia así la incorporación del nuevo socio de Impuestos Gabriel Hermida, sumándose a los más de 2000 profesional en nuestras 59 oficinas en el mundo.</p>
