{"id":15912,"date":"2019-10-16T14:23:06","date_gmt":"2019-10-16T12:23:06","guid":{"rendered":"https:\/\/auren.com\/ar\/new\/prensa-auren-abre-oficina-en-paraguay-revista-activos-octubre-2019\/"},"modified":"2019-10-16T14:23:06","modified_gmt":"2019-10-16T12:23:06","slug":"prensa-auren-abre-oficina-en-paraguay-revista-activos-octubre-2019","status":"publish","type":"new","link":"https:\/\/aurenweb-stg.servidortemporal.net\/ar\/noticias\/prensa-auren-abre-oficina-en-paraguay-revista-activos-octubre-2019\/","title":{"rendered":"Prensa. Auren abre oficina en Paraguay (Revista Activos. Octubre 2019)"},"content":{"rendered":"<p class=\"text-justify\">Auren Argentina, firma de servicios profesionales de Auditor\u00eda, Consultor\u00eda, Tax &#038; Legal, Finanzas Corporativas y outsourcing, contin\u00faa su expansi\u00f3n con la inauguraci\u00f3n de una nueva oficina en Paraguay. Esta operaci\u00f3n es el resultado de la integraci\u00f3n en Auren de la firma Logistik, empresa de servicios profesionales.<\/p>\n<p class=\"text-justify\">Gracias a la integraci\u00f3n con Logistik, Auren continuar\u00e1 brindando servicios de alta calidad en Paraguay sumando la potencialidad de los negocios globales, orientados a cubrir las necesidades exigentes del mercado local e internacional, actual y futuro.<\/p>\n<p class=\"text-justify\">La nueva oficina se encuentra ubicada estrat\u00e9gicamente en el World Trade Center, en la ciudad de Asunci\u00f3n y se suma a las 34 oficinas en 6 pa\u00edses que tiene Auren en Latinoam\u00e9rica, ubicadas en Argentina, Uruguay, Chile, Colombia y M\u00e9xico. Auren cuenta con un total de 60 oficinas en 12 pa\u00edses en el mundo con m\u00e1s de 2100 profesionales.<\/p>\n<p>Paraguay es un pa\u00eds estrat\u00e9gico para Latinoam\u00e9rica y tambi\u00e9n a nivel mundial. &nbsp;Miembro del Mercosur, con una importante expansi\u00f3n econ\u00f3mica, crecimiento del PBI e inversi\u00f3n en la generaci\u00f3n de energ\u00eda el\u00e9ctrica.<\/p>\n<p class=\"text-justify\">\u201cCon la incorporaci\u00f3n de Paraguay, fortalecemos nuestra presencia en el Mercosur, continuando la estrategia de posicionamiento de marca en LATAM en empresas medianas y grande brindando servicios multidisciplinarios con alta calidad\u201d, expres\u00f3 Fernando Tezanos Pinto, presidente de Auren Argentina y Responsable de Latinoam\u00e9rica.&nbsp; <\/p>\n<\/p>\n<figure><img decoding=\"async\" loading=\"lazy\" src=\"https:\/\/d33c2a5xmvj7uh.cloudfront.net\/images\/originals\/tapa-activos-octubre-2019.png?v=1571235741\" data-image=\"9995491\" style=\"width: 462px; height: 640px;\" width=\"462\" height=\"640\"><\/figure>\n<figure><img decoding=\"async\" loading=\"lazy\" src=\"https:\/\/d33c2a5xmvj7uh.cloudfront.net\/images\/originals\/revista-activos-octubre-2019-2.png?v=1571235765\" data-image=\"9995492\" style=\"width: 487px; height: 626px;\" width=\"487\" height=\"626\"><\/figure>\n<\/p>\n<p><!-- AddThis Advanced Settings generic via filter on the_content --><!-- AddThis Share Buttons generic via filter on the_content --><\/p>\n","protected":false},"excerpt":{"rendered":"<p>Auren Argentina contin\u00faa su expansi\u00f3n en Latinoamerica y&nbsp;y abre una nueva oficina en Paraguay.<\/p>\n","protected":false},"featured_media":15913,"template":"","meta":{"_acf_changed":false,"footnotes":""},"new-category":[],"class_list":["post-15912","new","type-new","status-publish","has-post-thumbnail","hentry"],"acf":[],"_links":{"self":[{"href":"https:\/\/aurenweb-stg.servidortemporal.net\/ar\/wp-json\/wp\/v2\/new\/15912","targetHints":{"allow":["GET"]}}],"collection":[{"href":"https:\/\/aurenweb-stg.servidortemporal.net\/ar\/wp-json\/wp\/v2\/new"}],"about":[{"href":"https:\/\/aurenweb-stg.servidortemporal.net\/ar\/wp-json\/wp\/v2\/types\/new"}],"version-history":[{"count":0,"href":"https:\/\/aurenweb-stg.servidortemporal.net\/ar\/wp-json\/wp\/v2\/new\/15912\/revisions"}],"wp:featuredmedia":[{"embeddable":true,"href":"https:\/\/aurenweb-stg.servidortemporal.net\/ar\/wp-json\/wp\/v2\/media\/15913"}],"wp:attachment":[{"href":"https:\/\/aurenweb-stg.servidortemporal.net\/ar\/wp-json\/wp\/v2\/media?parent=15912"}],"wp:term":[{"taxonomy":"new-category","embeddable":true,"href":"https:\/\/aurenweb-stg.servidortemporal.net\/ar\/wp-json\/wp\/v2\/new-category?post=15912"}],"curies":[{"name":"wp","href":"https:\/\/api.w.org\/{rel}","templated":true}]}}

<p class="text-justify">Auren Argentina, firma de servicios profesionales de Auditoría, Consultoría, Tax &#038; Legal, Finanzas Corporativas y outsourcing, continúa su expansión con la inauguración de una nueva oficina en Paraguay. Esta operación es el resultado de la integración en Auren de la firma Logistik, empresa de servicios profesionales.</p>
<p class="text-justify">Gracias a la integración con Logistik, Auren continuará brindando servicios de alta calidad en Paraguay sumando la potencialidad de los negocios globales, orientados a cubrir las necesidades exigentes del mercado local e internacional, actual y futuro.</p>
<p class="text-justify">La nueva oficina se encuentra ubicada estratégicamente en el World Trade Center, en la ciudad de Asunción y se suma a las 34 oficinas en 6 países que tiene Auren en Latinoamérica, ubicadas en Argentina, Uruguay, Chile, Colombia y México. Auren cuenta con un total de 60 oficinas en 12 países en el mundo con más de 2100 profesionales.</p>
<p>Paraguay es un país estratégico para Latinoamérica y también a nivel mundial. &nbsp;Miembro del Mercosur, con una importante expansión económica, crecimiento del PBI e inversión en la generación de energía eléctrica.</p>
<p class="text-justify">“Con la incorporación de Paraguay, fortalecemos nuestra presencia en el Mercosur, continuando la estrategia de posicionamiento de marca en LATAM en empresas medianas y grande brindando servicios multidisciplinarios con alta calidad”, expresó Fernando Tezanos Pinto, presidente de Auren Argentina y Responsable de Latinoamérica.&nbsp; </p>
</p>
<figure><img decoding="async" loading="lazy" src="https://d33c2a5xmvj7uh.cloudfront.net/images/originals/tapa-activos-octubre-2019.png?v=1571235741" data-image="9995491" style="width: 462px; height: 640px;" width="462" height="640"></figure>
<figure><img decoding="async" loading="lazy" src="https://d33c2a5xmvj7uh.cloudfront.net/images/originals/revista-activos-octubre-2019-2.png?v=1571235765" data-image="9995492" style="width: 487px; height: 626px;" width="487" height="626"></figure>
</p>
<p><!-- AddThis Advanced Settings generic via filter on the_content --><!-- AddThis Share Buttons generic via filter on the_content --></p>

<p>Auren Argentina continúa su expansión en Latinoamerica y&nbsp;y abre una nueva oficina en Paraguay.</p>
