{"id":15956,"date":"2019-09-17T15:51:25","date_gmt":"2019-09-17T13:51:25","guid":{"rendered":"https:\/\/auren.com\/ar\/new\/prensa-empresa-multinacional-desembarca-en-paraguay-diario-abc-16-9-2019\/"},"modified":"2019-09-17T15:51:25","modified_gmt":"2019-09-17T13:51:25","slug":"prensa-empresa-multinacional-desembarca-en-paraguay-diario-abc-16-9-2019","status":"publish","type":"new","link":"https:\/\/aurenweb-stg.servidortemporal.net\/ar\/noticias\/prensa-empresa-multinacional-desembarca-en-paraguay-diario-abc-16-9-2019\/","title":{"rendered":"Prensa. Empresa multinacional desembarca en Paraguay (Diario ABC 16\/9\/2019)"},"content":{"rendered":"<p class=\"text-justify\">Auren, la compa\u00f1\u00eda internacional de servicios profesionales de auditor\u00eda, consultor\u00eda, impuestos, finanzas corporativas y outsourcing, abri\u00f3 una oficina en Paraguay, resultado de la integraci\u00f3n con la firma local Logistik, empresa de servicios profesionales perteneciente a Berkemeyer.<\/p>\n<p class=\"text-justify\">La nueva oficina se encuentra ubicada en el World Trade Center Asunci\u00f3n y se suma a las 34 oficinas en ocho pa\u00edses que tiene Auren en Latinoam\u00e9rica, y al total de 60 oficinas distribuidas en 12 pa\u00edses en el mundo. <\/p>\n<p class=\"text-justify\"><strong>Crecimiento en Paraguay<\/strong> <\/p>\n<p class=\"text-justify\">Fernando de Tezanos Pinto, director ejecutivo de Auren Internacional y presidente de Auren Argentina, dijo que la alianza con Berkemeyer y Logistik es para posicionar a la marca en Paraguay, como parte de la estrategia para Latinoam\u00e9rica. <\/p>\n<p class=\"text-justify\">Dijo que \u201cvimos que Paraguay en los \u00faltimos a\u00f1os tuvo un crecimiento importante y los empresarios est\u00e1n necesitando mayor valor agregado para desarrollar o repensar sus negocios\u201d, se\u00f1al\u00f3. <\/p>\n<p>Leer la nota en&nbsp;<a href=\"https:\/\/www.abc.com.py\/edicion-impresa\/economia\/2019\/09\/16\/empresa-multinacional-desembarca-en-el-pais\/\">https:\/\/www.abc.com.py\/edicion-impresa\/economia\/2019\/09\/16\/empresa-multinacional-desembarca-en-el-pais\/<\/a><\/p>\n<p><!-- AddThis Advanced Settings generic via filter on the_content --><!-- AddThis Share Buttons generic via filter on the_content --><\/p>\n","protected":false},"excerpt":{"rendered":"<p>Auren&nbsp;bri\u00f3 una oficina en Paraguay, resultado de la integraci\u00f3n con la firma local Logistik, empresa de servicios profesionales perteneciente a Berkemeyer.<\/p>\n","protected":false},"featured_media":15957,"template":"","meta":{"_acf_changed":false,"footnotes":""},"new-category":[],"class_list":["post-15956","new","type-new","status-publish","has-post-thumbnail","hentry"],"acf":[],"_links":{"self":[{"href":"https:\/\/aurenweb-stg.servidortemporal.net\/ar\/wp-json\/wp\/v2\/new\/15956","targetHints":{"allow":["GET"]}}],"collection":[{"href":"https:\/\/aurenweb-stg.servidortemporal.net\/ar\/wp-json\/wp\/v2\/new"}],"about":[{"href":"https:\/\/aurenweb-stg.servidortemporal.net\/ar\/wp-json\/wp\/v2\/types\/new"}],"version-history":[{"count":0,"href":"https:\/\/aurenweb-stg.servidortemporal.net\/ar\/wp-json\/wp\/v2\/new\/15956\/revisions"}],"wp:featuredmedia":[{"embeddable":true,"href":"https:\/\/aurenweb-stg.servidortemporal.net\/ar\/wp-json\/wp\/v2\/media\/15957"}],"wp:attachment":[{"href":"https:\/\/aurenweb-stg.servidortemporal.net\/ar\/wp-json\/wp\/v2\/media?parent=15956"}],"wp:term":[{"taxonomy":"new-category","embeddable":true,"href":"https:\/\/aurenweb-stg.servidortemporal.net\/ar\/wp-json\/wp\/v2\/new-category?post=15956"}],"curies":[{"name":"wp","href":"https:\/\/api.w.org\/{rel}","templated":true}]}}

<p class="text-justify">Auren, la compañía internacional de servicios profesionales de auditoría, consultoría, impuestos, finanzas corporativas y outsourcing, abrió una oficina en Paraguay, resultado de la integración con la firma local Logistik, empresa de servicios profesionales perteneciente a Berkemeyer.</p>
<p class="text-justify">La nueva oficina se encuentra ubicada en el World Trade Center Asunción y se suma a las 34 oficinas en ocho países que tiene Auren en Latinoamérica, y al total de 60 oficinas distribuidas en 12 países en el mundo. </p>
<p class="text-justify"><strong>Crecimiento en Paraguay</strong> </p>
<p class="text-justify">Fernando de Tezanos Pinto, director ejecutivo de Auren Internacional y presidente de Auren Argentina, dijo que la alianza con Berkemeyer y Logistik es para posicionar a la marca en Paraguay, como parte de la estrategia para Latinoamérica. </p>
<p class="text-justify">Dijo que “vimos que Paraguay en los últimos años tuvo un crecimiento importante y los empresarios están necesitando mayor valor agregado para desarrollar o repensar sus negocios”, señaló. </p>
<p>Leer la nota en&nbsp;<a href="https://www.abc.com.py/edicion-impresa/economia/2019/09/16/empresa-multinacional-desembarca-en-el-pais/">https://www.abc.com.py/edicion-impresa/economia/2019/09/16/empresa-multinacional-desembarca-en-el-pais/</a></p>
<p><!-- AddThis Advanced Settings generic via filter on the_content --><!-- AddThis Share Buttons generic via filter on the_content --></p>

<p>Auren&nbsp;brió una oficina en Paraguay, resultado de la integración con la firma local Logistik, empresa de servicios profesionales perteneciente a Berkemeyer.</p>
