{"id":15960,"date":"2019-09-17T15:47:50","date_gmt":"2019-09-17T13:47:50","guid":{"rendered":"https:\/\/auren.com\/ar\/new\/prensa-auren-abre-oficina-en-paraguay-revista-plus-13-9-2019\/"},"modified":"2019-09-17T15:47:50","modified_gmt":"2019-09-17T13:47:50","slug":"prensa-auren-abre-oficina-en-paraguay-revista-plus-13-9-2019","status":"publish","type":"new","link":"https:\/\/aurenweb-stg.servidortemporal.net\/ar\/noticias\/prensa-auren-abre-oficina-en-paraguay-revista-plus-13-9-2019\/","title":{"rendered":"Prensa. Auren abre oficina en Paraguay (Revista Plus 13\/9\/2019)"},"content":{"rendered":"<figure><img decoding=\"async\" loading=\"lazy\" src=\"https:\/\/d33c2a5xmvj7uh.cloudfront.net\/images\/originals\/blob-90.?v=1568735236\" data-image=\"9995405\" style=\"width: 397px; height: 215px;\" width=\"397\" height=\"215\"><\/figure>\n<p class=\"text-justify\">Auren, firma internacional de servicios profesionales de auditor\u00eda, consultor\u00eda, Tax&#038;Legal, finanzas corporativas y outsourcing, contin\u00faa su expansi\u00f3n con la inauguraci\u00f3n de su nueva oficina en Paraguay.<\/p>\n<p>El evento fue realizado el pasado martes 10 de septiembre en el Word Trade Center (WTC). Esta operaci\u00f3n es el resultado de la integraci\u00f3n de Auren con la firma local Logistik, empresa de servicios profesionales perteneciente a BKM\/Berkemeyer.<\/p>\n<p class=\"text-justify\">Gracias a la integraci\u00f3n con Logistik, Auren continuar\u00e1 brindando servicios de alta calidad en Paraguay sumando la potencialidad de los negocios globales, orientados a cubrir las necesidades exigentes del mercado local e internacional, actual y futuro.&nbsp;   <\/p>\n<p class=\"text-justify\">La nueva oficina se encuentra ubicada estrat\u00e9gicamente en el WTC, en la ciudad de Asunci\u00f3n y se suma a las 34 oficinas en 8 pa\u00edses que tiene Auren en Latinoam\u00e9rica y al total de 60 oficinas distribuidas en 12 pa\u00edses en el mundo, donde trabajan m\u00e1s de 2.100 profesionales.   <\/p>\n<p class=\"text-justify\">\u201cCon la incorporaci\u00f3n de Paraguay, fortalecemos nuestra presencia en el Mercosur, continuando la estrategia de posicionamiento de marca en empresas medianas y grandes brindando servicios multidisciplinarios de alta calidad\u201d, expres\u00f3 Fernando Tezanos Pinto, director ejecutivo de Auren Internacional.   <\/p>\n<p>Leer la nota en&nbsp;<a href=\"https:\/\/www.revistaplus.com.py\/2019\/09\/13\/auren-abre-oficina-en-paraguay\/\">https:\/\/www.revistaplus.com.py\/2019\/09\/13\/auren-abre-oficina-en-paraguay\/<\/a><\/p>\n<p><!-- AddThis Advanced Settings generic via filter on the_content --><!-- AddThis Share Buttons generic via filter on the_content --><\/p>\n","protected":false},"excerpt":{"rendered":"<p>Desembarc\u00f3 en Paraguay&nbsp;una de las m\u00e1s importante firmas de servicios profesionales en l\u00ednea con su plan de expansi\u00f3n en Latinoam\u00e9rica.<\/p>\n","protected":false},"featured_media":15961,"template":"","meta":{"_acf_changed":false,"footnotes":""},"new-category":[],"class_list":["post-15960","new","type-new","status-publish","has-post-thumbnail","hentry"],"acf":[],"_links":{"self":[{"href":"https:\/\/aurenweb-stg.servidortemporal.net\/ar\/wp-json\/wp\/v2\/new\/15960","targetHints":{"allow":["GET"]}}],"collection":[{"href":"https:\/\/aurenweb-stg.servidortemporal.net\/ar\/wp-json\/wp\/v2\/new"}],"about":[{"href":"https:\/\/aurenweb-stg.servidortemporal.net\/ar\/wp-json\/wp\/v2\/types\/new"}],"version-history":[{"count":0,"href":"https:\/\/aurenweb-stg.servidortemporal.net\/ar\/wp-json\/wp\/v2\/new\/15960\/revisions"}],"wp:featuredmedia":[{"embeddable":true,"href":"https:\/\/aurenweb-stg.servidortemporal.net\/ar\/wp-json\/wp\/v2\/media\/15961"}],"wp:attachment":[{"href":"https:\/\/aurenweb-stg.servidortemporal.net\/ar\/wp-json\/wp\/v2\/media?parent=15960"}],"wp:term":[{"taxonomy":"new-category","embeddable":true,"href":"https:\/\/aurenweb-stg.servidortemporal.net\/ar\/wp-json\/wp\/v2\/new-category?post=15960"}],"curies":[{"name":"wp","href":"https:\/\/api.w.org\/{rel}","templated":true}]}}

<figure><img decoding="async" loading="lazy" src="https://d33c2a5xmvj7uh.cloudfront.net/images/originals/blob-90.?v=1568735236" data-image="9995405" style="width: 397px; height: 215px;" width="397" height="215"></figure>
<p class="text-justify">Auren, firma internacional de servicios profesionales de auditoría, consultoría, Tax&#038;Legal, finanzas corporativas y outsourcing, continúa su expansión con la inauguración de su nueva oficina en Paraguay.</p>
<p>El evento fue realizado el pasado martes 10 de septiembre en el Word Trade Center (WTC). Esta operación es el resultado de la integración de Auren con la firma local Logistik, empresa de servicios profesionales perteneciente a BKM/Berkemeyer.</p>
<p class="text-justify">Gracias a la integración con Logistik, Auren continuará brindando servicios de alta calidad en Paraguay sumando la potencialidad de los negocios globales, orientados a cubrir las necesidades exigentes del mercado local e internacional, actual y futuro.&nbsp;   </p>
<p class="text-justify">La nueva oficina se encuentra ubicada estratégicamente en el WTC, en la ciudad de Asunción y se suma a las 34 oficinas en 8 países que tiene Auren en Latinoamérica y al total de 60 oficinas distribuidas en 12 países en el mundo, donde trabajan más de 2.100 profesionales.   </p>
<p class="text-justify">“Con la incorporación de Paraguay, fortalecemos nuestra presencia en el Mercosur, continuando la estrategia de posicionamiento de marca en empresas medianas y grandes brindando servicios multidisciplinarios de alta calidad”, expresó Fernando Tezanos Pinto, director ejecutivo de Auren Internacional.   </p>
<p>Leer la nota en&nbsp;<a href="https://www.revistaplus.com.py/2019/09/13/auren-abre-oficina-en-paraguay/">https://www.revistaplus.com.py/2019/09/13/auren-abre-oficina-en-paraguay/</a></p>
<p><!-- AddThis Advanced Settings generic via filter on the_content --><!-- AddThis Share Buttons generic via filter on the_content --></p>

<p>Desembarcó en Paraguay&nbsp;una de las más importante firmas de servicios profesionales en línea con su plan de expansión en Latinoamérica.</p>
