{"id":15972,"date":"2019-08-30T13:07:18","date_gmt":"2019-08-30T11:07:18","guid":{"rendered":"https:\/\/auren.com\/ar\/new\/evento-auren-en-la-feria-de-empresas-up-2019\/"},"modified":"2019-08-30T13:07:18","modified_gmt":"2019-08-30T11:07:18","slug":"evento-auren-en-la-feria-de-empresas-up-2019","status":"publish","type":"new","link":"https:\/\/aurenweb-stg.servidortemporal.net\/ar\/noticias\/evento-auren-en-la-feria-de-empresas-up-2019\/","title":{"rendered":"Evento. Auren en la Feria de Empresas UP 2019"},"content":{"rendered":"<p>Los responsables de Recursos Humanos de las principales organizaciones del pa\u00eds estar\u00e1n entrevistando y reclutando alumnos y egresados de toda la Universidad.&nbsp;<\/p>\n<p>Adem\u00e1s, la Feria de Empresas cuenta con&nbsp;entrevistas de asesoramiento para el armado de CV y simulaci\u00f3n de entrevistas laborales. Si est\u00e1s buscando trabajo o quer\u00e9s conocer m\u00e1s del mercado laboral pod\u00e9s acercarte al stand de Auren&nbsp;en la Feria de Empresas UP 2019.<\/p>\n<p>Martes 3 de Septiembre&nbsp;de 14 y las 19 horas en la sede de Larrea 1079 Piso 2\u00ba. <\/p>\n<figure><img><\/figure>\n<figure><img decoding=\"async\" loading=\"lazy\" src=\"https:\/\/d33c2a5xmvj7uh.cloudfront.net\/images\/originals\/imagen-2.jfif?v=1567170400\" data-image=\"9995345\" style=\"width: 828px; height: 465.609px;\" width=\"828\" height=\"465.60900000000004\"><\/figure>\n<\/p>\n<\/p>\n<p><!-- AddThis Advanced Settings generic via filter on the_content --><!-- AddThis Share Buttons generic via filter on the_content --><\/p>\n","protected":false},"excerpt":{"rendered":"<p>El camino m\u00e1s corto para que te encuentren las mejores empresas.<\/p>\n","protected":false},"featured_media":15973,"template":"","meta":{"_acf_changed":false,"footnotes":""},"new-category":[],"class_list":["post-15972","new","type-new","status-publish","has-post-thumbnail","hentry"],"acf":[],"_links":{"self":[{"href":"https:\/\/aurenweb-stg.servidortemporal.net\/ar\/wp-json\/wp\/v2\/new\/15972","targetHints":{"allow":["GET"]}}],"collection":[{"href":"https:\/\/aurenweb-stg.servidortemporal.net\/ar\/wp-json\/wp\/v2\/new"}],"about":[{"href":"https:\/\/aurenweb-stg.servidortemporal.net\/ar\/wp-json\/wp\/v2\/types\/new"}],"version-history":[{"count":0,"href":"https:\/\/aurenweb-stg.servidortemporal.net\/ar\/wp-json\/wp\/v2\/new\/15972\/revisions"}],"wp:featuredmedia":[{"embeddable":true,"href":"https:\/\/aurenweb-stg.servidortemporal.net\/ar\/wp-json\/wp\/v2\/media\/15973"}],"wp:attachment":[{"href":"https:\/\/aurenweb-stg.servidortemporal.net\/ar\/wp-json\/wp\/v2\/media?parent=15972"}],"wp:term":[{"taxonomy":"new-category","embeddable":true,"href":"https:\/\/aurenweb-stg.servidortemporal.net\/ar\/wp-json\/wp\/v2\/new-category?post=15972"}],"curies":[{"name":"wp","href":"https:\/\/api.w.org\/{rel}","templated":true}]}}

<p>Los responsables de Recursos Humanos de las principales organizaciones del país estarán entrevistando y reclutando alumnos y egresados de toda la Universidad.&nbsp;</p>
<p>Además, la Feria de Empresas cuenta con&nbsp;entrevistas de asesoramiento para el armado de CV y simulación de entrevistas laborales. Si estás buscando trabajo o querés conocer más del mercado laboral podés acercarte al stand de Auren&nbsp;en la Feria de Empresas UP 2019.</p>
<p>Martes 3 de Septiembre&nbsp;de 14 y las 19 horas en la sede de Larrea 1079 Piso 2º. </p>
<figure><img></figure>
<figure><img decoding="async" loading="lazy" src="https://d33c2a5xmvj7uh.cloudfront.net/images/originals/imagen-2.jfif?v=1567170400" data-image="9995345" style="width: 828px; height: 465.609px;" width="828" height="465.60900000000004"></figure>
</p>
</p>
<p><!-- AddThis Advanced Settings generic via filter on the_content --><!-- AddThis Share Buttons generic via filter on the_content --></p>

<p>El camino más corto para que te encuentren las mejores empresas.</p>
