{"id":16009,"date":"2019-07-17T15:33:52","date_gmt":"2019-07-17T13:33:52","guid":{"rendered":"https:\/\/auren.com\/ar\/new\/prensa-el-ajuste-por-inflacion-impositivo-llegara-a-las-empresas-agropecuarias-diario-el-cronista-17-7-2019\/"},"modified":"2019-07-17T15:33:52","modified_gmt":"2019-07-17T13:33:52","slug":"prensa-el-ajuste-por-inflacion-impositivo-llegara-a-las-empresas-agropecuarias-diario-el-cronista-17-7-2019","status":"publish","type":"new","link":"https:\/\/aurenweb-stg.servidortemporal.net\/ar\/noticias\/prensa-el-ajuste-por-inflacion-impositivo-llegara-a-las-empresas-agropecuarias-diario-el-cronista-17-7-2019\/","title":{"rendered":"Prensa. El ajuste por inflaci\u00f3n impositivo llegar\u00e1 a las empresas agropecuarias (Diario El Cronista 17\/7\/2019)"},"content":{"rendered":"<p class=\"text-justify\">Con la publicaci\u00f3n del IPC&nbsp;del mes pasado, se confirm\u00f3 que&nbsp;<strong>todos los cierres de junio 2019 deber\u00e1n aplicar el ajuste por inflaci\u00f3n impositivo.<\/strong><\/p>\n<p class=\"text-justify\">Para aplicar el ajuste por inflaci\u00f3n impositivo se requiere una suba de precios anual superior al 55% en el primer ejercicio iniciado a partir del 1 de enero de 2018.   <\/p>\n<p class=\"text-justify\">Para los cierres anuales de junio de 2019, se aplicar\u00e1 el ajuste dado que el \u00edndice de inflaci\u00f3n tuvo una variaci\u00f3n interanual de 55,8%, seg\u00fan public\u00f3 el Indec.   <\/p>\n<p class=\"text-justify\">Muchas empresas eligen&nbsp;<strong>junio&nbsp;<\/strong>como fecha de cierre de su balance;&nbsp;<strong>es el segundo cierre m\u00e1s elegido<\/strong>, luego de diciembre; en especial las&nbsp;<strong>empresas agropecuarias, para que coincida con las campa\u00f1as agr\u00edcolas<\/strong>, explic\u00f3 Javier Panno, de Auren.   <\/p>\n<p class=\"text-justify\">La&nbsp;<strong>tenencia de activos monetarios<\/strong>, como por ejemplo dinero en efectivo, cuentas bancarias en pesos, y cr\u00e9ditos en pesos,&nbsp;<strong>genera una p\u00e9rdida por exposici\u00f3n a la inflaci\u00f3n<\/strong>; mientras que la<strong>&nbsp;tenencia de pasivos monetarios genera una ganancia por exposici\u00f3n a la inflaci\u00f3n<\/strong>.   <\/p>\n<p class=\"text-justify\">El impacto de esta aplicaci\u00f3n se debe analizar caso por caso, pero&nbsp;<strong>en general a la mayor\u00eda de las empresas argentinas les genera una p\u00e9rdida<\/strong>, que ahora tambi\u00e9n es&nbsp;<strong>deducible de impuesto<\/strong>s. Con lo cual disminuye la carga fiscal, opin\u00f3 Panno.   <\/p>\n<\/p>\n<p class=\"text-justify\"><strong>Leer la nota completa en&nbsp;<a href=\"https:\/\/www.cronista.com\/economiapolitica\/El-ajuste-por-inflacion-impositivo-llegara--a-las-empresas-agropecuarias-20190716-0052.html\">https:\/\/www.cronista.com\/economiapolitica\/El-ajuste-por-inflacion-impositivo-llegara&#8211;a-las-empresas-agropecuarias-20190716-0052.html<\/a><\/strong><\/p>\n<p><!-- AddThis Advanced Settings generic via filter on the_content --><!-- AddThis Share Buttons generic via filter on the_content --><\/p>\n","protected":false},"excerpt":{"rendered":"<p>Por Javier Panno, Quality Manager. Auditor\u00eda.<\/p>\n","protected":false},"featured_media":16010,"template":"","meta":{"_acf_changed":false,"footnotes":""},"new-category":[],"class_list":["post-16009","new","type-new","status-publish","has-post-thumbnail","hentry"],"acf":[],"_links":{"self":[{"href":"https:\/\/aurenweb-stg.servidortemporal.net\/ar\/wp-json\/wp\/v2\/new\/16009","targetHints":{"allow":["GET"]}}],"collection":[{"href":"https:\/\/aurenweb-stg.servidortemporal.net\/ar\/wp-json\/wp\/v2\/new"}],"about":[{"href":"https:\/\/aurenweb-stg.servidortemporal.net\/ar\/wp-json\/wp\/v2\/types\/new"}],"version-history":[{"count":0,"href":"https:\/\/aurenweb-stg.servidortemporal.net\/ar\/wp-json\/wp\/v2\/new\/16009\/revisions"}],"wp:featuredmedia":[{"embeddable":true,"href":"https:\/\/aurenweb-stg.servidortemporal.net\/ar\/wp-json\/wp\/v2\/media\/16010"}],"wp:attachment":[{"href":"https:\/\/aurenweb-stg.servidortemporal.net\/ar\/wp-json\/wp\/v2\/media?parent=16009"}],"wp:term":[{"taxonomy":"new-category","embeddable":true,"href":"https:\/\/aurenweb-stg.servidortemporal.net\/ar\/wp-json\/wp\/v2\/new-category?post=16009"}],"curies":[{"name":"wp","href":"https:\/\/api.w.org\/{rel}","templated":true}]}}

Prensa. El ajuste por inflación impositivo llegará a las empresas agropecuarias (Diario El Cronista 17/7/2019)

<p class="text-justify">Con la publicación del IPC&nbsp;del mes pasado, se confirmó que&nbsp;<strong>todos los cierres de junio 2019 deberán aplicar el ajuste por inflación impositivo.</strong></p>
<p class="text-justify">Para aplicar el ajuste por inflación impositivo se requiere una suba de precios anual superior al 55% en el primer ejercicio iniciado a partir del 1 de enero de 2018.   </p>
<p class="text-justify">Para los cierres anuales de junio de 2019, se aplicará el ajuste dado que el índice de inflación tuvo una variación interanual de 55,8%, según publicó el Indec.   </p>
<p class="text-justify">Muchas empresas eligen&nbsp;<strong>junio&nbsp;</strong>como fecha de cierre de su balance;&nbsp;<strong>es el segundo cierre más elegido</strong>, luego de diciembre; en especial las&nbsp;<strong>empresas agropecuarias, para que coincida con las campañas agrícolas</strong>, explicó Javier Panno, de Auren.   </p>
<p class="text-justify">La&nbsp;<strong>tenencia de activos monetarios</strong>, como por ejemplo dinero en efectivo, cuentas bancarias en pesos, y créditos en pesos,&nbsp;<strong>genera una pérdida por exposición a la inflación</strong>; mientras que la<strong>&nbsp;tenencia de pasivos monetarios genera una ganancia por exposición a la inflación</strong>.   </p>
<p class="text-justify">El impacto de esta aplicación se debe analizar caso por caso, pero&nbsp;<strong>en general a la mayoría de las empresas argentinas les genera una pérdida</strong>, que ahora también es&nbsp;<strong>deducible de impuesto</strong>s. Con lo cual disminuye la carga fiscal, opinó Panno.   </p>
</p>
<p class="text-justify"><strong>Leer la nota completa en&nbsp;<a href="https://www.cronista.com/economiapolitica/El-ajuste-por-inflacion-impositivo-llegara--a-las-empresas-agropecuarias-20190716-0052.html">https://www.cronista.com/economiapolitica/El-ajuste-por-inflacion-impositivo-llegara&#8211;a-las-empresas-agropecuarias-20190716-0052.html</a></strong></p>
<p><!-- AddThis Advanced Settings generic via filter on the_content --><!-- AddThis Share Buttons generic via filter on the_content --></p>

<p>Por Javier Panno, Quality Manager. Auditoría.</p>
