{"id":16033,"date":"2019-06-25T15:46:33","date_gmt":"2019-06-25T13:46:33","guid":{"rendered":"https:\/\/auren.com\/ar\/new\/prensa-los-peores-jefes-revista-apertura-junio-2019\/"},"modified":"2019-06-25T15:46:33","modified_gmt":"2019-06-25T13:46:33","slug":"prensa-los-peores-jefes-revista-apertura-junio-2019","status":"publish","type":"new","link":"https:\/\/aurenweb-stg.servidortemporal.net\/ar\/noticias\/prensa-los-peores-jefes-revista-apertura-junio-2019\/","title":{"rendered":"Prensa. Los peores Jefes (Revista Apertura Junio 2019)"},"content":{"rendered":"<p>Exige pero no da feedback positivo, no&nbsp;valora las fortalezas de su equipo ni refleja los valores de la organizaci\u00f3n. El l\u00edder negativo es el principal factor que favorece la rotaci\u00f3n de talentos. C\u00f3mo gestionarlo.<\/p>\n<\/p>\n<figure><img decoding=\"async\" loading=\"lazy\" src=\"https:\/\/d33c2a5xmvj7uh.cloudfront.net\/images\/originals\/apertura-negocios-pag-94-mayo-2019-p2-01.jpg?v=1561477408\" data-image=\"9995171\" style=\"width: 784px; height: 559.641px;\" width=\"784\" height=\"559.6410000000001\"><\/figure>\n<\/p>\n<figure><img decoding=\"async\" loading=\"lazy\" src=\"https:\/\/d33c2a5xmvj7uh.cloudfront.net\/images\/originals\/apertura-negocios-pag-96-mayo-2019-01-01.jpg?v=1561477436\" data-image=\"9995172\" style=\"width: 842px; height: 1197.53px;\" width=\"842\" height=\"1197.53\"><\/figure>\n<\/p>\n<figure><img decoding=\"async\" loading=\"lazy\" src=\"https:\/\/d33c2a5xmvj7uh.cloudfront.net\/images\/originals\/apertura-negocios-pag-97-mayo-2019-01-01-01.jpg?v=1561477548\" data-image=\"9995174\" style=\"width: 821px; height: 529.563px;\" width=\"821\" height=\"529.563\"><\/figure>\n<figure><img decoding=\"async\" loading=\"lazy\" src=\"https:\/\/d33c2a5xmvj7uh.cloudfront.net\/images\/originals\/apertura-negocios-pag-98-mayo-2019gif-1-01-01.jpg?v=1561477577\" data-image=\"9995175\" style=\"width: 793px; height: 1094.36px;\" width=\"793\" height=\"1094.36\"><\/figure>\n<\/p>\n<p><!-- AddThis Advanced Settings generic via filter on the_content --><!-- AddThis Share Buttons generic via filter on the_content --><\/p>\n","protected":false},"excerpt":{"rendered":"<p>C\u00f3mo gestionar el l\u00edder negativo. Por Jos\u00e9 Saha, Director de HR.<\/p>\n","protected":false},"featured_media":16034,"template":"","meta":{"_acf_changed":false,"footnotes":""},"new-category":[],"class_list":["post-16033","new","type-new","status-publish","has-post-thumbnail","hentry"],"acf":[],"_links":{"self":[{"href":"https:\/\/aurenweb-stg.servidortemporal.net\/ar\/wp-json\/wp\/v2\/new\/16033","targetHints":{"allow":["GET"]}}],"collection":[{"href":"https:\/\/aurenweb-stg.servidortemporal.net\/ar\/wp-json\/wp\/v2\/new"}],"about":[{"href":"https:\/\/aurenweb-stg.servidortemporal.net\/ar\/wp-json\/wp\/v2\/types\/new"}],"version-history":[{"count":0,"href":"https:\/\/aurenweb-stg.servidortemporal.net\/ar\/wp-json\/wp\/v2\/new\/16033\/revisions"}],"wp:featuredmedia":[{"embeddable":true,"href":"https:\/\/aurenweb-stg.servidortemporal.net\/ar\/wp-json\/wp\/v2\/media\/16034"}],"wp:attachment":[{"href":"https:\/\/aurenweb-stg.servidortemporal.net\/ar\/wp-json\/wp\/v2\/media?parent=16033"}],"wp:term":[{"taxonomy":"new-category","embeddable":true,"href":"https:\/\/aurenweb-stg.servidortemporal.net\/ar\/wp-json\/wp\/v2\/new-category?post=16033"}],"curies":[{"name":"wp","href":"https:\/\/api.w.org\/{rel}","templated":true}]}}

<p>Exige pero no da feedback positivo, no&nbsp;valora las fortalezas de su equipo ni refleja los valores de la organización. El líder negativo es el principal factor que favorece la rotación de talentos. Cómo gestionarlo.</p>
</p>
<figure><img decoding="async" loading="lazy" src="https://d33c2a5xmvj7uh.cloudfront.net/images/originals/apertura-negocios-pag-94-mayo-2019-p2-01.jpg?v=1561477408" data-image="9995171" style="width: 784px; height: 559.641px;" width="784" height="559.6410000000001"></figure>
</p>
<figure><img decoding="async" loading="lazy" src="https://d33c2a5xmvj7uh.cloudfront.net/images/originals/apertura-negocios-pag-96-mayo-2019-01-01.jpg?v=1561477436" data-image="9995172" style="width: 842px; height: 1197.53px;" width="842" height="1197.53"></figure>
</p>
<figure><img decoding="async" loading="lazy" src="https://d33c2a5xmvj7uh.cloudfront.net/images/originals/apertura-negocios-pag-97-mayo-2019-01-01-01.jpg?v=1561477548" data-image="9995174" style="width: 821px; height: 529.563px;" width="821" height="529.563"></figure>
<figure><img decoding="async" loading="lazy" src="https://d33c2a5xmvj7uh.cloudfront.net/images/originals/apertura-negocios-pag-98-mayo-2019gif-1-01-01.jpg?v=1561477577" data-image="9995175" style="width: 793px; height: 1094.36px;" width="793" height="1094.36"></figure>
</p>
<p><!-- AddThis Advanced Settings generic via filter on the_content --><!-- AddThis Share Buttons generic via filter on the_content --></p>

<p>Cómo gestionar el líder negativo. Por José Saha, Director de HR.</p>
