{"id":16058,"date":"2019-05-30T15:39:52","date_gmt":"2019-05-30T13:39:52","guid":{"rendered":"https:\/\/auren.com\/ar\/new\/intenta-el-gobierno-reflotar-proyecto-de-inversion-en-viviendas\/"},"modified":"2019-05-30T15:39:52","modified_gmt":"2019-05-30T13:39:52","slug":"intenta-el-gobierno-reflotar-proyecto-de-inversion-en-viviendas","status":"publish","type":"new","link":"https:\/\/aurenweb-stg.servidortemporal.net\/ar\/noticias\/intenta-el-gobierno-reflotar-proyecto-de-inversion-en-viviendas\/","title":{"rendered":"Intenta el Gobierno reflotar proyecto de inversi\u00f3n (en viviendas)"},"content":{"rendered":"<p class=\"text-justify\">\n<p class=\"text-justify\">Se estableci\u00f3 una al\u00edcuota del 15% para Impuestos a las ganancias y los fondos que se invierten en proyectos productivos.   <\/p>\n<p class=\"text-justify\">El Gobierno reglament\u00f3 con efecto retroactivo al 1 de enero de 2018 los art\u00edculos 205 y 206 de la ley de Financiamiento Productivo. El primero de ellos genera \u00abtransparencia\u00bb en materia de tributaci\u00f3n al determinar que el Impuesto a la Renta Financiera debe ser pagado por los inversores en Fondos Comunes de Inversi\u00f3n o en Fideicomisos. El segundo lugar es una parte del 15% al Impuesto a las Ganancias que tributar\u00e1n los Fondos y Fondos de Inversi\u00f3n que se dediquen a financiar proyectos de construcci\u00f3n de vivienda social, desarrollos inmobiliarios y cr\u00e9ditos hipotecarios.     <\/p>\n<p class=\"text-justify\">El correspondiente decreto, que lleva el n\u00famero 382 publicado desde ayer en el Bolet\u00edn Oficial. La medida era esperada desde hace tiempo.<\/p>\n<p class=\"text-justify\">Para poder acceder a la reducci\u00f3n de la cuota, los fondos se han convertido en una oferta p\u00fablica con la autorizaci\u00f3n de la autoridad regulatoria con un plazo no inferior a 5 a\u00f1os y distribuido entre una cantidad de inversores no inferior a 20; Ning\u00fan inversor podr\u00e1 tener una participaci\u00f3n mayor al 25% del total y en el caso de que produzca un rescate por liquidaci\u00f3n final, debe haber transcurrido un m\u00ednimo de 5 a\u00f1os.   <\/p>\n<p class=\"text-justify\">\u00abSe busca reducir el costo impositivo que tienen estas empresas que se dedican a la construcci\u00f3n de viviendas para sectores de bajos recursos, el precio final que se paga a las personas tambi\u00e9n se puede acceder a una vivienda\u00bb, coment\u00f3 El tributarista Ezequiel Passarelli.<\/p>\n<p class=\"text-justify\">ALCANCES   <\/p>\n<p class=\"text-justify\">El decreto determina que los Fondos Comunes o fideicomisos tienen el 75% de los activos en inversiones relacionadas con desarrollos inmobiliarios para los sectores de los medios de comunicaci\u00f3n y sectores; Cr\u00e9ditos hipotecarios y valores hipotecarios. Passarelli indic\u00f3 que \u201cpara esto, la CNV debe emitir una norma complementaria, aclarando la forma de medir estos porcentajes\u201d.   <\/p>\n<p class=\"text-justify\">Por otro lado, la norma sancionada reglamenta el art\u00edculo 205, que determina para el fideicomiso y la FCI, la ley de sanidad, la ley de sanidad financiera, salvo excepciones, como por ejemplo, los residentes del exterior en los cuales los administradoras deben ser agentes de retenci\u00f3n.   <\/p>\n<p class=\"text-justify\">Por su parte, el <strong>tributarista Edgardo Stampone se<\/strong> refiere a \u00abel mercado de la construcci\u00f3n se convierte en un importante momento de ca\u00edda y esta medida favorece la inversi\u00f3n y promueve el desarrollo de las viviendas y la construcci\u00f3n para establecer un beneficio impositivo para los inversores\u00bb. El especialista indic\u00f3 que \u201cse favorecer\u00e1 la expansi\u00f3n de los pr\u00e9stamos hipotecarios\u201d al fomentar el ahorro a m\u00e1s largo plazo.   <\/p>\n<p>&nbsp;Ver la nota completa en&nbsp;<a href=\"https:\/\/www.ambito.com\/intenta-el-gobierno-reflotar-proyecto-inversion-en-viviendas-n5034270\">https:\/\/www.ambito.com\/intenta-el-gobierno-reflotar-proyecto-inversion-en-viviendas-n5034270<\/a><\/p>\n<\/p>\n<p><!-- AddThis Advanced Settings generic via filter on the_content --><!-- AddThis Share Buttons generic via filter on the_content --><\/p>\n","protected":false},"excerpt":{"rendered":"<p>Prensa, Diario \u00c1mbito Financiero. Por Edgardo Stampone, Socio de Impuestos de Auren Buenos Aires<\/p>\n","protected":false},"featured_media":16059,"template":"","meta":{"_acf_changed":false,"footnotes":""},"new-category":[],"class_list":["post-16058","new","type-new","status-publish","has-post-thumbnail","hentry"],"acf":[],"_links":{"self":[{"href":"https:\/\/aurenweb-stg.servidortemporal.net\/ar\/wp-json\/wp\/v2\/new\/16058","targetHints":{"allow":["GET"]}}],"collection":[{"href":"https:\/\/aurenweb-stg.servidortemporal.net\/ar\/wp-json\/wp\/v2\/new"}],"about":[{"href":"https:\/\/aurenweb-stg.servidortemporal.net\/ar\/wp-json\/wp\/v2\/types\/new"}],"version-history":[{"count":0,"href":"https:\/\/aurenweb-stg.servidortemporal.net\/ar\/wp-json\/wp\/v2\/new\/16058\/revisions"}],"wp:featuredmedia":[{"embeddable":true,"href":"https:\/\/aurenweb-stg.servidortemporal.net\/ar\/wp-json\/wp\/v2\/media\/16059"}],"wp:attachment":[{"href":"https:\/\/aurenweb-stg.servidortemporal.net\/ar\/wp-json\/wp\/v2\/media?parent=16058"}],"wp:term":[{"taxonomy":"new-category","embeddable":true,"href":"https:\/\/aurenweb-stg.servidortemporal.net\/ar\/wp-json\/wp\/v2\/new-category?post=16058"}],"curies":[{"name":"wp","href":"https:\/\/api.w.org\/{rel}","templated":true}]}}

Intenta el Gobierno reflotar proyecto de inversión (en viviendas)

<p class="text-justify">
<p class="text-justify">Se estableció una alícuota del 15% para Impuestos a las ganancias y los fondos que se invierten en proyectos productivos.   </p>
<p class="text-justify">El Gobierno reglamentó con efecto retroactivo al 1 de enero de 2018 los artículos 205 y 206 de la ley de Financiamiento Productivo. El primero de ellos genera «transparencia» en materia de tributación al determinar que el Impuesto a la Renta Financiera debe ser pagado por los inversores en Fondos Comunes de Inversión o en Fideicomisos. El segundo lugar es una parte del 15% al Impuesto a las Ganancias que tributarán los Fondos y Fondos de Inversión que se dediquen a financiar proyectos de construcción de vivienda social, desarrollos inmobiliarios y créditos hipotecarios.     </p>
<p class="text-justify">El correspondiente decreto, que lleva el número 382 publicado desde ayer en el Boletín Oficial. La medida era esperada desde hace tiempo.</p>
<p class="text-justify">Para poder acceder a la reducción de la cuota, los fondos se han convertido en una oferta pública con la autorización de la autoridad regulatoria con un plazo no inferior a 5 años y distribuido entre una cantidad de inversores no inferior a 20; Ningún inversor podrá tener una participación mayor al 25% del total y en el caso de que produzca un rescate por liquidación final, debe haber transcurrido un mínimo de 5 años.   </p>
<p class="text-justify">«Se busca reducir el costo impositivo que tienen estas empresas que se dedican a la construcción de viviendas para sectores de bajos recursos, el precio final que se paga a las personas también se puede acceder a una vivienda», comentó El tributarista Ezequiel Passarelli.</p>
<p class="text-justify">ALCANCES   </p>
<p class="text-justify">El decreto determina que los Fondos Comunes o fideicomisos tienen el 75% de los activos en inversiones relacionadas con desarrollos inmobiliarios para los sectores de los medios de comunicación y sectores; Créditos hipotecarios y valores hipotecarios. Passarelli indicó que “para esto, la CNV debe emitir una norma complementaria, aclarando la forma de medir estos porcentajes”.   </p>
<p class="text-justify">Por otro lado, la norma sancionada reglamenta el artículo 205, que determina para el fideicomiso y la FCI, la ley de sanidad, la ley de sanidad financiera, salvo excepciones, como por ejemplo, los residentes del exterior en los cuales los administradoras deben ser agentes de retención.   </p>
<p class="text-justify">Por su parte, el <strong>tributarista Edgardo Stampone se</strong> refiere a «el mercado de la construcción se convierte en un importante momento de caída y esta medida favorece la inversión y promueve el desarrollo de las viviendas y la construcción para establecer un beneficio impositivo para los inversores». El especialista indicó que “se favorecerá la expansión de los préstamos hipotecarios” al fomentar el ahorro a más largo plazo.   </p>
<p>&nbsp;Ver la nota completa en&nbsp;<a href="https://www.ambito.com/intenta-el-gobierno-reflotar-proyecto-inversion-en-viviendas-n5034270">https://www.ambito.com/intenta-el-gobierno-reflotar-proyecto-inversion-en-viviendas-n5034270</a></p>
</p>
<p><!-- AddThis Advanced Settings generic via filter on the_content --><!-- AddThis Share Buttons generic via filter on the_content --></p>

<p>Prensa, Diario Ámbito Financiero. Por Edgardo Stampone, Socio de Impuestos de Auren Buenos Aires</p>
