{"id":16080,"date":"2019-05-23T14:36:56","date_gmt":"2019-05-23T12:36:56","guid":{"rendered":"https:\/\/auren.com\/ar\/new\/auren-en-mkt-day-2019\/"},"modified":"2019-05-23T14:36:56","modified_gmt":"2019-05-23T12:36:56","slug":"auren-en-mkt-day-2019","status":"publish","type":"new","link":"https:\/\/aurenweb-stg.servidortemporal.net\/ar\/noticias\/auren-en-mkt-day-2019\/","title":{"rendered":"Auren en MKT DAY 2019"},"content":{"rendered":"<\/p>\n<figure><img decoding=\"async\" loading=\"lazy\" src=\"https:\/\/d33c2a5xmvj7uh.cloudfront.net\/images\/originals\/foto.png?v=1558622130\" data-image=\"9995024\" style=\"width: 546px; height: 278.469px;\" width=\"546\" height=\"278.469\"><\/figure>\n<p class=\"text-center\">\n<p>Este 27, 28 y 29 de mayo se celebrar\u00e1 el Congreso del Marketing Day 2019, organizado por la <a href=\"https:\/\/www.linkedin.com\/company\/11328683\/\" target=\"_self\" id=\"ember7584\" class=\"tap-target feed-shared-text-view__mention ember-view\" rel=\"noopener noreferrer\">Asociaci\u00f3n Argentina de Marketing<\/a>, en el Centro Cultural Borges.<\/p>\n<p>Sebasti\u00e1n Inchauspe, Socio de Estrategia e Innovaci\u00f3n de Auren, estar\u00e1 participando como disertante el martes 28\/5 en el Bloque 2 de 11 a 13hs, bajo el t\u00edtulo \u00abEl Mundo Exponencial y la Disrupci\u00f3n de los Negocios\u00bb.<\/p>\n<p>Las inscripciones est\u00e1n abiertas en el siguiente link:&nbsp;<strong class=\"entity-hovercard__a11y-trigger\" aria-expanded=\"false\" aria-label=\"Ver m\u00e1s sobre Asociaci\u00f3n Argentina de Marketing\" data-entity-hovercard-id=\"urn:li:fs_miniCompany:11328683\" data-entity-hovercard-trigger=\"click\"><strong class=\"entity-hovercard__a11y-trigger\" aria-expanded=\"false\" aria-label=\"Ver m\u00e1s sobre Sebasti\u00e1n Inchauspe\" data-entity-hovercard-id=\"urn:li:fs_miniProfile:ACoAAAAD910B6HfYXinapP0GNi5wSE0hOG135uI\" data-entity-hovercard-trigger=\"click\">&nbsp;<a href=\"https:\/\/bit.ly\/2Wp5vNS\" rel=\"noopener noreferrer\" target=\"_blank\" id=\"ember7600\" class=\"feed-shared-text-view__hyperlink ember-view\">https:\/\/bit.ly\/2Wp5vNS<\/a><\/strong><\/strong><\/p>\n<p><strong class=\"entity-hovercard__a11y-trigger\" aria-expanded=\"false\" aria-label=\"Ver m\u00e1s sobre Asociaci\u00f3n Argentina de Marketing\" data-entity-hovercard-id=\"urn:li:fs_miniCompany:11328683\" data-entity-hovercard-trigger=\"click\"><strong class=\"entity-hovercard__a11y-trigger\" aria-expanded=\"false\" aria-label=\"Ver m\u00e1s sobre Sebasti\u00e1n Inchauspe\" data-entity-hovercard-id=\"urn:li:fs_miniProfile:ACoAAAAD910B6HfYXinapP0GNi5wSE0hOG135uI\" data-entity-hovercard-trigger=\"click\"><a href=\"https:\/\/bit.ly\/2Wp5vNS\" rel=\"noopener noreferrer\" target=\"_blank\" id=\"ember7600\" class=\"feed-shared-text-view__hyperlink ember-view\"><\/a><\/strong><\/strong><\/p>\n<\/p>\n<p><!-- AddThis Advanced Settings generic via filter on the_content --><!-- AddThis Share Buttons generic via filter on the_content --><\/p>\n","protected":false},"excerpt":{"rendered":"<p>Disertaci\u00f3n de Auren en el Congreso del Marketing Day 2019. El 28 de Mayo en el Centro Cultural Borges.&nbsp;<\/p>\n","protected":false},"featured_media":16081,"template":"","meta":{"_acf_changed":false,"footnotes":""},"new-category":[],"class_list":["post-16080","new","type-new","status-publish","has-post-thumbnail","hentry"],"acf":[],"_links":{"self":[{"href":"https:\/\/aurenweb-stg.servidortemporal.net\/ar\/wp-json\/wp\/v2\/new\/16080","targetHints":{"allow":["GET"]}}],"collection":[{"href":"https:\/\/aurenweb-stg.servidortemporal.net\/ar\/wp-json\/wp\/v2\/new"}],"about":[{"href":"https:\/\/aurenweb-stg.servidortemporal.net\/ar\/wp-json\/wp\/v2\/types\/new"}],"version-history":[{"count":0,"href":"https:\/\/aurenweb-stg.servidortemporal.net\/ar\/wp-json\/wp\/v2\/new\/16080\/revisions"}],"wp:featuredmedia":[{"embeddable":true,"href":"https:\/\/aurenweb-stg.servidortemporal.net\/ar\/wp-json\/wp\/v2\/media\/16081"}],"wp:attachment":[{"href":"https:\/\/aurenweb-stg.servidortemporal.net\/ar\/wp-json\/wp\/v2\/media?parent=16080"}],"wp:term":[{"taxonomy":"new-category","embeddable":true,"href":"https:\/\/aurenweb-stg.servidortemporal.net\/ar\/wp-json\/wp\/v2\/new-category?post=16080"}],"curies":[{"name":"wp","href":"https:\/\/api.w.org\/{rel}","templated":true}]}}

</p>
<figure><img decoding="async" loading="lazy" src="https://d33c2a5xmvj7uh.cloudfront.net/images/originals/foto.png?v=1558622130" data-image="9995024" style="width: 546px; height: 278.469px;" width="546" height="278.469"></figure>
<p class="text-center">
<p>Este 27, 28 y 29 de mayo se celebrará el Congreso del Marketing Day 2019, organizado por la <a href="https://www.linkedin.com/company/11328683/" target="_self" id="ember7584" class="tap-target feed-shared-text-view__mention ember-view" rel="noopener noreferrer">Asociación Argentina de Marketing</a>, en el Centro Cultural Borges.</p>
<p>Sebastián Inchauspe, Socio de Estrategia e Innovación de Auren, estará participando como disertante el martes 28/5 en el Bloque 2 de 11 a 13hs, bajo el título «El Mundo Exponencial y la Disrupción de los Negocios».</p>
<p>Las inscripciones están abiertas en el siguiente link:&nbsp;<strong class="entity-hovercard__a11y-trigger" aria-expanded="false" aria-label="Ver más sobre Asociación Argentina de Marketing" data-entity-hovercard-id="urn:li:fs_miniCompany:11328683" data-entity-hovercard-trigger="click"><strong class="entity-hovercard__a11y-trigger" aria-expanded="false" aria-label="Ver más sobre Sebastián Inchauspe" data-entity-hovercard-id="urn:li:fs_miniProfile:ACoAAAAD910B6HfYXinapP0GNi5wSE0hOG135uI" data-entity-hovercard-trigger="click">&nbsp;<a href="https://bit.ly/2Wp5vNS" rel="noopener noreferrer" target="_blank" id="ember7600" class="feed-shared-text-view__hyperlink ember-view">https://bit.ly/2Wp5vNS</a></strong></strong></p>
<p><strong class="entity-hovercard__a11y-trigger" aria-expanded="false" aria-label="Ver más sobre Asociación Argentina de Marketing" data-entity-hovercard-id="urn:li:fs_miniCompany:11328683" data-entity-hovercard-trigger="click"><strong class="entity-hovercard__a11y-trigger" aria-expanded="false" aria-label="Ver más sobre Sebastián Inchauspe" data-entity-hovercard-id="urn:li:fs_miniProfile:ACoAAAAD910B6HfYXinapP0GNi5wSE0hOG135uI" data-entity-hovercard-trigger="click"><a href="https://bit.ly/2Wp5vNS" rel="noopener noreferrer" target="_blank" id="ember7600" class="feed-shared-text-view__hyperlink ember-view"></a></strong></strong></p>
</p>
<p><!-- AddThis Advanced Settings generic via filter on the_content --><!-- AddThis Share Buttons generic via filter on the_content --></p>

<p>Disertación de Auren en el Congreso del Marketing Day 2019. El 28 de Mayo en el Centro Cultural Borges.&nbsp;</p>
