{"id":16085,"date":"2019-05-13T15:42:55","date_gmt":"2019-05-13T13:42:55","guid":{"rendered":"https:\/\/auren.com\/ar\/new\/ceos-los-n-1-opinan-sobre-el-pais-y-sus-empresas\/"},"modified":"2019-05-13T15:42:55","modified_gmt":"2019-05-13T13:42:55","slug":"ceos-los-n-1-opinan-sobre-el-pais-y-sus-empresas","status":"publish","type":"new","link":"https:\/\/aurenweb-stg.servidortemporal.net\/ar\/noticias\/ceos-los-n-1-opinan-sobre-el-pais-y-sus-empresas\/","title":{"rendered":"Ceos, los N\u00b0 1 opinan sobre el pa\u00eds y sus empresas."},"content":{"rendered":"<p>\u00abComenzamos el 2019 con grandes expectativas e importantes resultados en facturaci\u00f3n; un crecimiento del 35% logrando el s\u00e9ptimo puesto entre las firmas del ramo en Argentina y entre las 25 mejores a nivel internacional\u00bb, informa <strong>Fernando Tezanos Pinto, Presidente de Auren.<\/strong><\/p>\n<p>Por otra parte han ingresado nuevos clientes internacionales, mientras se ampl\u00eda la oferta de servicios, adicionando el \u00e1rea de legales a auditor\u00eda e impuestos, como es la tendencia mundial. La estructura de la firma sum\u00f3 un 40% de empleados. En 2019, Auren \u00abcontinuar\u00e1 incorporando nuevos talentos y especialistas, al tiempo que desarrollar\u00e1 acciones de marketing, ampliando para ello su presupuesto\u00bb.<\/p>\n<figure><img decoding=\"async\" src=\"https:\/\/d33c2a5xmvj7uh.cloudfront.net\/images\/originals\/tapa-pe-abril-2019-2.jpg?v=1557763813\" data-image=\"9995008\"><\/figure>\n<\/p>\n<figure><img decoding=\"async\" loading=\"lazy\" src=\"https:\/\/d33c2a5xmvj7uh.cloudfront.net\/images\/originals\/pe-ceos-2019-abril-2019.jpg?v=1557761389\" data-image=\"9995000\" style=\"width: 606px; height: 887.516px;\" width=\"606\" height=\"887.516\"><\/figure>\n<figure><img decoding=\"async\" loading=\"lazy\" src=\"https:\/\/d33c2a5xmvj7uh.cloudfront.net\/images\/originals\/prensa-economica-ceos-pag-49-abril-2019.jpg?v=1557761447\" data-image=\"9995002\" style=\"width: 558px; height: 767.641px;\" width=\"558\" height=\"767.641\"><\/figure>\n<\/p>\n<figure><img decoding=\"async\" loading=\"lazy\" src=\"https:\/\/d33c2a5xmvj7uh.cloudfront.net\/images\/originals\/prensa-economica-ceos-pag-50-abril-2019-2.jpg?v=1557762793\" data-image=\"9995006\" style=\"width: 595px; height: 420.438px;\" width=\"595\" height=\"420.438\"><\/figure>\n<figure><img decoding=\"async\" loading=\"lazy\" src=\"https:\/\/d33c2a5xmvj7uh.cloudfront.net\/images\/originals\/prensa-economica-ceos-pag-51-abril-2019-2.jpg?v=1557762848\" data-image=\"9995007\" style=\"width: 604px; height: 593.188px;\" width=\"604\" height=\"593.188\"><\/figure>\n<\/p>\n<p><!-- AddThis Advanced Settings generic via filter on the_content --><!-- AddThis Share Buttons generic via filter on the_content --><\/p>\n","protected":false},"excerpt":{"rendered":"<p>Consultor\u00eda y Auditor\u00eda. Adaptarse a la Coyuntura. Revista Prensa Econ\u00f3mica<\/p>\n","protected":false},"featured_media":16086,"template":"","meta":{"_acf_changed":false,"footnotes":""},"new-category":[],"class_list":["post-16085","new","type-new","status-publish","has-post-thumbnail","hentry"],"acf":[],"_links":{"self":[{"href":"https:\/\/aurenweb-stg.servidortemporal.net\/ar\/wp-json\/wp\/v2\/new\/16085","targetHints":{"allow":["GET"]}}],"collection":[{"href":"https:\/\/aurenweb-stg.servidortemporal.net\/ar\/wp-json\/wp\/v2\/new"}],"about":[{"href":"https:\/\/aurenweb-stg.servidortemporal.net\/ar\/wp-json\/wp\/v2\/types\/new"}],"version-history":[{"count":0,"href":"https:\/\/aurenweb-stg.servidortemporal.net\/ar\/wp-json\/wp\/v2\/new\/16085\/revisions"}],"wp:featuredmedia":[{"embeddable":true,"href":"https:\/\/aurenweb-stg.servidortemporal.net\/ar\/wp-json\/wp\/v2\/media\/16086"}],"wp:attachment":[{"href":"https:\/\/aurenweb-stg.servidortemporal.net\/ar\/wp-json\/wp\/v2\/media?parent=16085"}],"wp:term":[{"taxonomy":"new-category","embeddable":true,"href":"https:\/\/aurenweb-stg.servidortemporal.net\/ar\/wp-json\/wp\/v2\/new-category?post=16085"}],"curies":[{"name":"wp","href":"https:\/\/api.w.org\/{rel}","templated":true}]}}

Ceos, los N° 1 opinan sobre el país y sus empresas.

<p>«Comenzamos el 2019 con grandes expectativas e importantes resultados en facturación; un crecimiento del 35% logrando el séptimo puesto entre las firmas del ramo en Argentina y entre las 25 mejores a nivel internacional», informa <strong>Fernando Tezanos Pinto, Presidente de Auren.</strong></p>
<p>Por otra parte han ingresado nuevos clientes internacionales, mientras se amplía la oferta de servicios, adicionando el área de legales a auditoría e impuestos, como es la tendencia mundial. La estructura de la firma sumó un 40% de empleados. En 2019, Auren «continuará incorporando nuevos talentos y especialistas, al tiempo que desarrollará acciones de marketing, ampliando para ello su presupuesto».</p>
<figure><img decoding="async" src="https://d33c2a5xmvj7uh.cloudfront.net/images/originals/tapa-pe-abril-2019-2.jpg?v=1557763813" data-image="9995008"></figure>
</p>
<figure><img decoding="async" loading="lazy" src="https://d33c2a5xmvj7uh.cloudfront.net/images/originals/pe-ceos-2019-abril-2019.jpg?v=1557761389" data-image="9995000" style="width: 606px; height: 887.516px;" width="606" height="887.516"></figure>
<figure><img decoding="async" loading="lazy" src="https://d33c2a5xmvj7uh.cloudfront.net/images/originals/prensa-economica-ceos-pag-49-abril-2019.jpg?v=1557761447" data-image="9995002" style="width: 558px; height: 767.641px;" width="558" height="767.641"></figure>
</p>
<figure><img decoding="async" loading="lazy" src="https://d33c2a5xmvj7uh.cloudfront.net/images/originals/prensa-economica-ceos-pag-50-abril-2019-2.jpg?v=1557762793" data-image="9995006" style="width: 595px; height: 420.438px;" width="595" height="420.438"></figure>
<figure><img decoding="async" loading="lazy" src="https://d33c2a5xmvj7uh.cloudfront.net/images/originals/prensa-economica-ceos-pag-51-abril-2019-2.jpg?v=1557762848" data-image="9995007" style="width: 604px; height: 593.188px;" width="604" height="593.188"></figure>
</p>
<p><!-- AddThis Advanced Settings generic via filter on the_content --><!-- AddThis Share Buttons generic via filter on the_content --></p>

<p>Consultoría y Auditoría. Adaptarse a la Coyuntura. Revista Prensa Económica</p>
