{"id":16097,"date":"2019-05-08T13:52:57","date_gmt":"2019-05-08T11:52:57","guid":{"rendered":"https:\/\/auren.com\/ar\/new\/12-convencion-latinoamericana-de-auren-y-11-convencion-latinoamericana-de-antea\/"},"modified":"2019-05-08T13:52:57","modified_gmt":"2019-05-08T11:52:57","slug":"12-convencion-latinoamericana-de-auren-y-11-convencion-latinoamericana-de-antea","status":"publish","type":"new","link":"https:\/\/aurenweb-stg.servidortemporal.net\/ar\/noticias\/12-convencion-latinoamericana-de-auren-y-11-convencion-latinoamericana-de-antea\/","title":{"rendered":"12\u00b0 Convenci\u00f3n Latinoamericana de Auren y 11\u00b0 Convenci\u00f3n Latinoamericana de ANTEA"},"content":{"rendered":"<p class=\"text-justify\">Con la participaci\u00f3n de m\u00e1s de 35 personas se llevaron a cabo en Buenos Aires, Argentina el pasado 2 y 3 de Mayo la 12\u00b0 Convenci\u00f3n Latinoamericana de Auren y 11\u00b0 Convenci\u00f3n Latinoamericana de ANTEA.<\/p>\n<p class=\"text-justify\">Luego de la introducci\u00f3n al pa\u00eds y novedades internacionales a cargo del Presidente de Auren Argentina, Fernando Tezanos Pinto, se abordaron diferentes temas como el valor de medir nuestra gesti\u00f3n y negocio; modelos de negocio innovadores y su impacto en nuestra red; Impacto del modelo impositivo de EEUU en el comercio con LATAM; Estructuraci\u00f3n de inversiones internacionales en Argentina; La importancia de la gesti\u00f3n de las personas en la transformaci\u00f3n digital; Compliance legal, entre otros.<\/p>\n<figure class=\"text-justify\"><img decoding=\"async\" loading=\"lazy\" src=\"https:\/\/d33c2a5xmvj7uh.cloudfront.net\/images\/originals\/37272663-cff8-4f29-8d3f-0eac458fe414.jpg?v=1557323525\" data-image=\"9994989\" style=\"width: 716px; height: 536.813px;\" width=\"716\" height=\"536.813\"><\/figure>\n<\/p>\n<\/p>\n<\/p>\n<p><!-- AddThis Advanced Settings generic via filter on the_content --><!-- AddThis Share Buttons generic via filter on the_content --><\/p>\n","protected":false},"excerpt":{"rendered":"<p>Se llev\u00f3 a cabo en Buenos Aires la Convenci\u00f3n Latinoamericana de Auren y ANTEA.<\/p>\n","protected":false},"featured_media":16098,"template":"","meta":{"_acf_changed":false,"footnotes":""},"new-category":[],"class_list":["post-16097","new","type-new","status-publish","has-post-thumbnail","hentry"],"acf":[],"_links":{"self":[{"href":"https:\/\/aurenweb-stg.servidortemporal.net\/ar\/wp-json\/wp\/v2\/new\/16097","targetHints":{"allow":["GET"]}}],"collection":[{"href":"https:\/\/aurenweb-stg.servidortemporal.net\/ar\/wp-json\/wp\/v2\/new"}],"about":[{"href":"https:\/\/aurenweb-stg.servidortemporal.net\/ar\/wp-json\/wp\/v2\/types\/new"}],"version-history":[{"count":0,"href":"https:\/\/aurenweb-stg.servidortemporal.net\/ar\/wp-json\/wp\/v2\/new\/16097\/revisions"}],"wp:featuredmedia":[{"embeddable":true,"href":"https:\/\/aurenweb-stg.servidortemporal.net\/ar\/wp-json\/wp\/v2\/media\/16098"}],"wp:attachment":[{"href":"https:\/\/aurenweb-stg.servidortemporal.net\/ar\/wp-json\/wp\/v2\/media?parent=16097"}],"wp:term":[{"taxonomy":"new-category","embeddable":true,"href":"https:\/\/aurenweb-stg.servidortemporal.net\/ar\/wp-json\/wp\/v2\/new-category?post=16097"}],"curies":[{"name":"wp","href":"https:\/\/api.w.org\/{rel}","templated":true}]}}

12° Convención Latinoamericana de Auren y 11° Convención Latinoamericana de ANTEA

<p class="text-justify">Con la participación de más de 35 personas se llevaron a cabo en Buenos Aires, Argentina el pasado 2 y 3 de Mayo la 12° Convención Latinoamericana de Auren y 11° Convención Latinoamericana de ANTEA.</p>
<p class="text-justify">Luego de la introducción al país y novedades internacionales a cargo del Presidente de Auren Argentina, Fernando Tezanos Pinto, se abordaron diferentes temas como el valor de medir nuestra gestión y negocio; modelos de negocio innovadores y su impacto en nuestra red; Impacto del modelo impositivo de EEUU en el comercio con LATAM; Estructuración de inversiones internacionales en Argentina; La importancia de la gestión de las personas en la transformación digital; Compliance legal, entre otros.</p>
<figure class="text-justify"><img decoding="async" loading="lazy" src="https://d33c2a5xmvj7uh.cloudfront.net/images/originals/37272663-cff8-4f29-8d3f-0eac458fe414.jpg?v=1557323525" data-image="9994989" style="width: 716px; height: 536.813px;" width="716" height="536.813"></figure>
</p>
</p>
</p>
<p><!-- AddThis Advanced Settings generic via filter on the_content --><!-- AddThis Share Buttons generic via filter on the_content --></p>

<p>Se llevó a cabo en Buenos Aires la Convención Latinoamericana de Auren y ANTEA.</p>
