{"id":16139,"date":"2019-03-01T13:58:13","date_gmt":"2019-03-01T12:58:13","guid":{"rendered":"https:\/\/auren.com\/ar\/new\/auren-legal-participa-en-el-proceso-de-creacion-del-parque-nacional-traslasierra-en-cordoba\/"},"modified":"2019-03-01T13:58:13","modified_gmt":"2019-03-01T12:58:13","slug":"auren-legal-participa-en-el-proceso-de-creacion-del-parque-nacional-traslasierra-en-cordoba","status":"publish","type":"new","link":"https:\/\/aurenweb-stg.servidortemporal.net\/ar\/noticias\/auren-legal-participa-en-el-proceso-de-creacion-del-parque-nacional-traslasierra-en-cordoba\/","title":{"rendered":"Auren Legal participa en el proceso de creaci\u00f3n del Parque Nacional Traslasierra en C\u00f3rdoba"},"content":{"rendered":"<p>Con fecha 20 de septiembre de 2017, la Legislatura de la provincia de C\u00f3rdoba sancion\u00f3 la&nbsp;<strong>Ley N\u00b0 10.481<\/strong>&nbsp;por la que declaran de utilidad p\u00fablica y sujetos a expropiaci\u00f3n para el emplazamiento del \u201c<strong>Parque Nacional Pinas o la denominaci\u00f3n que en el futuro se le asigne<\/strong>\u201d a distintos inmuebles que, en su conjunto y con una superficie total aproximada de 105.000 hect\u00e1reas, constituyen la denominada \u201c<strong>Estancia Pinas<\/strong>\u201d, perteneciente a la sucesi\u00f3n de Juan Manubens Calvet. &nbsp;La ley provincial fue promulgada por el&nbsp;<strong>Decreto N\u00b0 1.542\/2017<\/strong>, del 29 de septiembre de 2017.<\/p>\n<p class=\"text-justify\">Posteriormente, el 21 de marzo de 2018 el Congreso de la Naci\u00f3n sancion\u00f3 la&nbsp;<strong>Ley N\u00b0 27.435<\/strong>, promulgada por el&nbsp;<strong>Decreto N\u00b0 311\/2018<\/strong>&nbsp;-del 17 de abril de 2018-, por la que, entre otras cuestiones:<\/p>\n<p class=\"text-justify\"><strong>(a)<\/strong>&nbsp;se acept\u00f3 la cesi\u00f3n de jurisdicci\u00f3n ambiental de los inmuebles en cuesti\u00f3n efectuada por la provincia de C\u00f3rdoba a favor del Estado Nacional mediante la normativa provincial antes se\u00f1alada; y<\/p>\n<p class=\"text-justify\"><strong>(b)<\/strong>&nbsp;se crea el&nbsp;<strong>Parque Nacional Traslasierra<\/strong>&nbsp;(el \u201cParque Nacional\u201d).<\/p>\n<p class=\"text-justify\">La cesi\u00f3n de jurisdicci\u00f3n ambiental a favor del Estado Nacional es un requisito exigido por el art\u00edculo 3 de la Ley N\u00b0 22.351 de Parques Nacionales. &nbsp;En virtud de la cesi\u00f3n efectuada, la Administraci\u00f3n de Parques Nacionales (\u201cAPN\u201d) desplegar\u00e1 sobre dicho territorio su competencia ambiental para lograr la protecci\u00f3n de la flora y fauna existente en \u00e9l, lo cual no implica una p\u00e9rdida total de competencias provinciales o municipales sobre dicho territorio. Ello en concordancia con lo dispuesto por el Art\u00edculo 75 inc. 30 de la Constituci\u00f3n Nacional y dado que los parques nacionales son considerados establecimientos de utilidad nacional.&nbsp;&nbsp;<\/p>\n<p class=\"text-justify\">El proyecto de ley nacional fue presentado por el entonces diputado nacional por la provincia de C\u00f3rdoba&nbsp;<strong>Agust\u00edn Calleri<\/strong>&nbsp;y en su redacci\u00f3n particip\u00f3 activamente su asesora legal,&nbsp;<strong>Silvana Zaninetti<\/strong>.<\/p>\n<p class=\"text-justify\">Con fecha 18 de junio de 2018 la provincia inici\u00f3 el juicio expropiatorio correspondiente, respecto de una fracci\u00f3n de aproximadamente 27.000 hect\u00e1reas del total del inmueble sujeto a expropiaci\u00f3n; consign\u00f3 judicialmente el monto de la indemnizaci\u00f3n correspondiente, conforme el procedimiento de tasaci\u00f3n establecido en la normativa aplicable en la provincia. &nbsp;Luego de ello, se le otorg\u00f3 la posesi\u00f3n del inmueble por orden del tribunal interviniente. El instituto de la expropiaci\u00f3n ha resultado en el presente caso una herramienta de gran utilidad, toda vez que, como se dijera m\u00e1s arriba, el inmueble declarado de utilidad p\u00fablica y sujeto a expropiaci\u00f3n es propiedad de la sucesi\u00f3n de Juan Manubens Calvet, en tr\u00e1mite judicial desde hace much\u00edsimos a\u00f1os, con multiplicidad de partes, raz\u00f3n por la cual arribar a un acuerdo extrajudicial o avenimiento resultaba muy dificultoso, sino imposible.&nbsp; &nbsp; &nbsp;<\/p>\n<p class=\"text-justify\">La fundaci\u00f3n privada estadounidense The Wyss Foundation (\u201cWyss Foundation\u201d), cuyo objeto es el apoyo a proyectos conservacionistas y medio-ambientales, gracias a la gesti\u00f3n e intermediaci\u00f3n de la ONG argentina Aves Argentinas Asociaci\u00f3n Ornitol\u00f3gica del Plata (\u201cAves Argentinas\u201d), ofreci\u00f3 a la provincia de C\u00f3rdoba y al Estado Nacional (a trav\u00e9s de la APN) contribuir a la creaci\u00f3n del Parque Nacional mediante la donaci\u00f3n de una suma determinada de dinero, destinada a reembolsar a la provincia de C\u00f3rdoba la suma que esta deposite (i) inicialmente en el juicio expropiatorio antes mencionado y (ii) en futuras expropiaciones de los inmuebles declarados de utilidad p\u00fablica. &nbsp;Todo ello, sujeto al cumplimiento de determinadas condiciones. Cumplidas esas condiciones, Wyss Foundation efectu\u00f3 el desembols\u00f3 comprometido para la primera etapa.<\/p>\n<p class=\"text-justify\">El Parque Nacional est\u00e1 ubicado al oeste de la provincia de C\u00f3rdoba, en el l\u00edmite con la provincia de La Rioja. &nbsp;Conserva hect\u00e1reas pertenecientes a la ecorregi\u00f3n del Chaco Seco, una de las m\u00e1s amenazadas a nivel mundial. Protege un ambiente caracterizado por bosques, arbustales, pastizales naturales y ambientes salinos que son un refugio natural para 161 especies registradas de aves, 24 de mam\u00edferos y 30 de reptiles. &nbsp;Es el segundo parque nacional en esa provincia, el otro es el parque nacional Quebrada del Condorito, y forma parte del Corredor de Conservaci\u00f3n y Turismo del Norte de C\u00f3rdoba.<\/p>\n<p class=\"text-justify\">Luego de recibida la posesi\u00f3n del inmueble por la provincia de C\u00f3rdoba, la misma fue cedida a la APN con fecha 20 de diciembre de 2018. En la entrega de posesi\u00f3n del inmueble expropiado participaron el Dr. Ing.&nbsp;<strong>Fabi\u00e1n L\u00f3pez<\/strong>, Ministro de Servicios P\u00fablicos de C\u00f3rdoba,&nbsp;<strong>Emiliano Ezcurra Estrada<\/strong>, Vicepresidente de la APN, y&nbsp;<strong>Hern\u00e1n Casa\u00f1as<\/strong>, Director Ejecutivo de Aves Argentinas.<\/p>\n<p class=\"text-justify\">La APN fue asesorada por el equipo liderado por&nbsp;<strong>Mariano Sarmiento<\/strong>, Director General de Asuntos Jur\u00eddicos, en el que participaron&nbsp;<strong>Cecilia \u00c1ngeles Mart\u00edn<\/strong>&nbsp;y&nbsp;<strong>Joaqu\u00edn Labougle<\/strong>. Inicialmente tambi\u00e9n intervino&nbsp;<strong>Nicole Jaureguiberry<\/strong>, anterior Directora General de Asuntos Jur\u00eddicos.<\/p>\n<p class=\"text-justify\">La provincia de C\u00f3rdoba, por su parte, cont\u00f3 con el asesoramiento del Director General de Asuntos Legales,&nbsp;<strong>Jos\u00e9 Ignacio Torno<\/strong>.<\/p>\n<p class=\"text-justify\"><strong>Aves Argentinas<\/strong>&nbsp;y&nbsp;<strong>Wyss Foundation<\/strong>&nbsp;fueron asesorados por&nbsp;<strong>Auren Legal<\/strong>, a trav\u00e9s del equipo encabezado por&nbsp;<strong>Ferm\u00edn O. Castro Madero<\/strong>&nbsp;y conformado por&nbsp;<strong>Isabella Diri\u00e9<\/strong>,&nbsp;<strong>Giannina De Luca<\/strong>&nbsp;y&nbsp;<strong>Clara Alarc\u00f3n<\/strong>.<\/p>\n<p>Publicado en&nbsp;<a href=\"https:\/\/abogados.com.ar\/auren-legal-participa-en-el-proceso-de-creacion-del-parque-nacional-traslasierra-en-la-provincia-de-cordoba\/23026\">https:\/\/abogados.com.ar\/auren-&#8230;<\/a><\/p>\n<\/p>\n<p class=\"text-justify\">&nbsp; <\/p>\n<p><!-- AddThis Advanced Settings generic via filter on the_content --><!-- AddThis Share Buttons generic via filter on the_content --><\/p>\n","protected":false},"excerpt":{"rendered":"<p>Publicado en Abogados.com.ar<\/p>\n","protected":false},"featured_media":0,"template":"","meta":{"_acf_changed":false,"footnotes":""},"new-category":[],"class_list":["post-16139","new","type-new","status-publish","hentry"],"acf":[],"_links":{"self":[{"href":"https:\/\/aurenweb-stg.servidortemporal.net\/ar\/wp-json\/wp\/v2\/new\/16139","targetHints":{"allow":["GET"]}}],"collection":[{"href":"https:\/\/aurenweb-stg.servidortemporal.net\/ar\/wp-json\/wp\/v2\/new"}],"about":[{"href":"https:\/\/aurenweb-stg.servidortemporal.net\/ar\/wp-json\/wp\/v2\/types\/new"}],"version-history":[{"count":0,"href":"https:\/\/aurenweb-stg.servidortemporal.net\/ar\/wp-json\/wp\/v2\/new\/16139\/revisions"}],"wp:attachment":[{"href":"https:\/\/aurenweb-stg.servidortemporal.net\/ar\/wp-json\/wp\/v2\/media?parent=16139"}],"wp:term":[{"taxonomy":"new-category","embeddable":true,"href":"https:\/\/aurenweb-stg.servidortemporal.net\/ar\/wp-json\/wp\/v2\/new-category?post=16139"}],"curies":[{"name":"wp","href":"https:\/\/api.w.org\/{rel}","templated":true}]}}

Auren Legal participa en el proceso de creación del Parque Nacional Traslasierra en Córdoba

<p>Con fecha 20 de septiembre de 2017, la Legislatura de la provincia de Córdoba sancionó la&nbsp;<strong>Ley N° 10.481</strong>&nbsp;por la que declaran de utilidad pública y sujetos a expropiación para el emplazamiento del “<strong>Parque Nacional Pinas o la denominación que en el futuro se le asigne</strong>” a distintos inmuebles que, en su conjunto y con una superficie total aproximada de 105.000 hectáreas, constituyen la denominada “<strong>Estancia Pinas</strong>”, perteneciente a la sucesión de Juan Manubens Calvet. &nbsp;La ley provincial fue promulgada por el&nbsp;<strong>Decreto N° 1.542/2017</strong>, del 29 de septiembre de 2017.</p>
<p class="text-justify">Posteriormente, el 21 de marzo de 2018 el Congreso de la Nación sancionó la&nbsp;<strong>Ley N° 27.435</strong>, promulgada por el&nbsp;<strong>Decreto N° 311/2018</strong>&nbsp;-del 17 de abril de 2018-, por la que, entre otras cuestiones:</p>
<p class="text-justify"><strong>(a)</strong>&nbsp;se aceptó la cesión de jurisdicción ambiental de los inmuebles en cuestión efectuada por la provincia de Córdoba a favor del Estado Nacional mediante la normativa provincial antes señalada; y</p>
<p class="text-justify"><strong>(b)</strong>&nbsp;se crea el&nbsp;<strong>Parque Nacional Traslasierra</strong>&nbsp;(el “Parque Nacional”).</p>
<p class="text-justify">La cesión de jurisdicción ambiental a favor del Estado Nacional es un requisito exigido por el artículo 3 de la Ley N° 22.351 de Parques Nacionales. &nbsp;En virtud de la cesión efectuada, la Administración de Parques Nacionales (“APN”) desplegará sobre dicho territorio su competencia ambiental para lograr la protección de la flora y fauna existente en él, lo cual no implica una pérdida total de competencias provinciales o municipales sobre dicho territorio. Ello en concordancia con lo dispuesto por el Artículo 75 inc. 30 de la Constitución Nacional y dado que los parques nacionales son considerados establecimientos de utilidad nacional.&nbsp;&nbsp;</p>
<p class="text-justify">El proyecto de ley nacional fue presentado por el entonces diputado nacional por la provincia de Córdoba&nbsp;<strong>Agustín Calleri</strong>&nbsp;y en su redacción participó activamente su asesora legal,&nbsp;<strong>Silvana Zaninetti</strong>.</p>
<p class="text-justify">Con fecha 18 de junio de 2018 la provincia inició el juicio expropiatorio correspondiente, respecto de una fracción de aproximadamente 27.000 hectáreas del total del inmueble sujeto a expropiación; consignó judicialmente el monto de la indemnización correspondiente, conforme el procedimiento de tasación establecido en la normativa aplicable en la provincia. &nbsp;Luego de ello, se le otorgó la posesión del inmueble por orden del tribunal interviniente. El instituto de la expropiación ha resultado en el presente caso una herramienta de gran utilidad, toda vez que, como se dijera más arriba, el inmueble declarado de utilidad pública y sujeto a expropiación es propiedad de la sucesión de Juan Manubens Calvet, en trámite judicial desde hace muchísimos años, con multiplicidad de partes, razón por la cual arribar a un acuerdo extrajudicial o avenimiento resultaba muy dificultoso, sino imposible.&nbsp; &nbsp; &nbsp;</p>
<p class="text-justify">La fundación privada estadounidense The Wyss Foundation (“Wyss Foundation”), cuyo objeto es el apoyo a proyectos conservacionistas y medio-ambientales, gracias a la gestión e intermediación de la ONG argentina Aves Argentinas Asociación Ornitológica del Plata (“Aves Argentinas”), ofreció a la provincia de Córdoba y al Estado Nacional (a través de la APN) contribuir a la creación del Parque Nacional mediante la donación de una suma determinada de dinero, destinada a reembolsar a la provincia de Córdoba la suma que esta deposite (i) inicialmente en el juicio expropiatorio antes mencionado y (ii) en futuras expropiaciones de los inmuebles declarados de utilidad pública. &nbsp;Todo ello, sujeto al cumplimiento de determinadas condiciones. Cumplidas esas condiciones, Wyss Foundation efectuó el desembolsó comprometido para la primera etapa.</p>
<p class="text-justify">El Parque Nacional está ubicado al oeste de la provincia de Córdoba, en el límite con la provincia de La Rioja. &nbsp;Conserva hectáreas pertenecientes a la ecorregión del Chaco Seco, una de las más amenazadas a nivel mundial. Protege un ambiente caracterizado por bosques, arbustales, pastizales naturales y ambientes salinos que son un refugio natural para 161 especies registradas de aves, 24 de mamíferos y 30 de reptiles. &nbsp;Es el segundo parque nacional en esa provincia, el otro es el parque nacional Quebrada del Condorito, y forma parte del Corredor de Conservación y Turismo del Norte de Córdoba.</p>
<p class="text-justify">Luego de recibida la posesión del inmueble por la provincia de Córdoba, la misma fue cedida a la APN con fecha 20 de diciembre de 2018. En la entrega de posesión del inmueble expropiado participaron el Dr. Ing.&nbsp;<strong>Fabián López</strong>, Ministro de Servicios Públicos de Córdoba,&nbsp;<strong>Emiliano Ezcurra Estrada</strong>, Vicepresidente de la APN, y&nbsp;<strong>Hernán Casañas</strong>, Director Ejecutivo de Aves Argentinas.</p>
<p class="text-justify">La APN fue asesorada por el equipo liderado por&nbsp;<strong>Mariano Sarmiento</strong>, Director General de Asuntos Jurídicos, en el que participaron&nbsp;<strong>Cecilia Ángeles Martín</strong>&nbsp;y&nbsp;<strong>Joaquín Labougle</strong>. Inicialmente también intervino&nbsp;<strong>Nicole Jaureguiberry</strong>, anterior Directora General de Asuntos Jurídicos.</p>
<p class="text-justify">La provincia de Córdoba, por su parte, contó con el asesoramiento del Director General de Asuntos Legales,&nbsp;<strong>José Ignacio Torno</strong>.</p>
<p class="text-justify"><strong>Aves Argentinas</strong>&nbsp;y&nbsp;<strong>Wyss Foundation</strong>&nbsp;fueron asesorados por&nbsp;<strong>Auren Legal</strong>, a través del equipo encabezado por&nbsp;<strong>Fermín O. Castro Madero</strong>&nbsp;y conformado por&nbsp;<strong>Isabella Dirié</strong>,&nbsp;<strong>Giannina De Luca</strong>&nbsp;y&nbsp;<strong>Clara Alarcón</strong>.</p>
<p>Publicado en&nbsp;<a href="https://abogados.com.ar/auren-legal-participa-en-el-proceso-de-creacion-del-parque-nacional-traslasierra-en-la-provincia-de-cordoba/23026">https://abogados.com.ar/auren-&#8230;</a></p>
</p>
<p class="text-justify">&nbsp; </p>
<p><!-- AddThis Advanced Settings generic via filter on the_content --><!-- AddThis Share Buttons generic via filter on the_content --></p>
