{"id":16148,"date":"2019-01-30T15:30:04","date_gmt":"2019-01-30T14:30:04","guid":{"rendered":"https:\/\/auren.com\/ar\/new\/auren-8-empresa-en-el-ranking-de-auditoria-de-argetina\/"},"modified":"2019-01-30T15:30:04","modified_gmt":"2019-01-30T14:30:04","slug":"auren-8-empresa-en-el-ranking-de-auditoria-de-argetina","status":"publish","type":"new","link":"https:\/\/aurenweb-stg.servidortemporal.net\/ar\/noticias\/auren-8-empresa-en-el-ranking-de-auditoria-de-argetina\/","title":{"rendered":"Auren 8\u00b0 Empresa en el Ranking de Auditor\u00eda de Argetina"},"content":{"rendered":"<p>Auren Argentina en el&nbsp;<strong>Ranking de Auditor\u00eda&nbsp;<\/strong>que public\u00f3 la Revista&nbsp;<strong>Prensa Econ\u00f3mica<\/strong>, donde se eval\u00faan tanto el volumen de facturaci\u00f3n como la cantidad de empresas auditadas.<\/p>\n<p>El Ranking de Auditor\u00eda re\u00fane los datos este a\u00f1o de las principales 12 compa\u00f1\u00edas del ramo.&nbsp;<strong>AUREN obtuvo el 8vo. puesto en cuanto al n\u00famero de empresas auditadas<\/strong>.<\/p>\n<p>En lo que se refiere al&nbsp;<strong>Ranking por ventas de empresas auditadas<\/strong>&nbsp;<strong>mantiene el puesto 10, al igual que en el 2018, logrando un crecimiento de las ventas de m\u00e1s de un 27%.<\/strong> <\/p>\n<\/p>\n<figure><img decoding=\"async\" src=\"https:\/\/d33c2a5xmvj7uh.cloudfront.net\/images\/originals\/prensa-economica-ranking-prestigioso-tapa-enero-2019.jpg?v=1548861256\" data-image=\"9994717\"><\/figure>\n<\/p>\n<figure><img decoding=\"async\" loading=\"lazy\" src=\"https:\/\/d33c2a5xmvj7uh.cloudfront.net\/images\/originals\/revista-prensa-economica-ranking-pag-56-enero-2019.jpg?v=1548861290\" data-image=\"9994718\" style=\"width: 736px; height: 1054.5px;\" width=\"736\" height=\"1054.5\"><\/figure>\n<\/p>\n<figure><img decoding=\"async\" loading=\"lazy\" src=\"https:\/\/d33c2a5xmvj7uh.cloudfront.net\/images\/originals\/revista-prensa-economica-ranking-pag-64-enero-2019.jpg?v=1548862141\" data-image=\"9994724\" style=\"width: 693px; height: 744px;\" width=\"693\" height=\"744\"><\/figure>\n<\/p>\n<p><!-- AddThis Advanced Settings generic via filter on the_content --><!-- AddThis Share Buttons generic via filter on the_content --><\/p>\n","protected":false},"excerpt":{"rendered":"<p>Publicado en la Revista Prensa Econ\u00f3mica.<\/p>\n","protected":false},"featured_media":16149,"template":"","meta":{"_acf_changed":false,"footnotes":""},"new-category":[],"class_list":["post-16148","new","type-new","status-publish","has-post-thumbnail","hentry"],"acf":[],"_links":{"self":[{"href":"https:\/\/aurenweb-stg.servidortemporal.net\/ar\/wp-json\/wp\/v2\/new\/16148","targetHints":{"allow":["GET"]}}],"collection":[{"href":"https:\/\/aurenweb-stg.servidortemporal.net\/ar\/wp-json\/wp\/v2\/new"}],"about":[{"href":"https:\/\/aurenweb-stg.servidortemporal.net\/ar\/wp-json\/wp\/v2\/types\/new"}],"version-history":[{"count":0,"href":"https:\/\/aurenweb-stg.servidortemporal.net\/ar\/wp-json\/wp\/v2\/new\/16148\/revisions"}],"wp:featuredmedia":[{"embeddable":true,"href":"https:\/\/aurenweb-stg.servidortemporal.net\/ar\/wp-json\/wp\/v2\/media\/16149"}],"wp:attachment":[{"href":"https:\/\/aurenweb-stg.servidortemporal.net\/ar\/wp-json\/wp\/v2\/media?parent=16148"}],"wp:term":[{"taxonomy":"new-category","embeddable":true,"href":"https:\/\/aurenweb-stg.servidortemporal.net\/ar\/wp-json\/wp\/v2\/new-category?post=16148"}],"curies":[{"name":"wp","href":"https:\/\/api.w.org\/{rel}","templated":true}]}}

Auren 8° Empresa en el Ranking de Auditoría de Argetina

<p>Auren Argentina en el&nbsp;<strong>Ranking de Auditoría&nbsp;</strong>que publicó la Revista&nbsp;<strong>Prensa Económica</strong>, donde se evalúan tanto el volumen de facturación como la cantidad de empresas auditadas.</p>
<p>El Ranking de Auditoría reúne los datos este año de las principales 12 compañías del ramo.&nbsp;<strong>AUREN obtuvo el 8vo. puesto en cuanto al número de empresas auditadas</strong>.</p>
<p>En lo que se refiere al&nbsp;<strong>Ranking por ventas de empresas auditadas</strong>&nbsp;<strong>mantiene el puesto 10, al igual que en el 2018, logrando un crecimiento de las ventas de más de un 27%.</strong> </p>
</p>
<figure><img decoding="async" src="https://d33c2a5xmvj7uh.cloudfront.net/images/originals/prensa-economica-ranking-prestigioso-tapa-enero-2019.jpg?v=1548861256" data-image="9994717"></figure>
</p>
<figure><img decoding="async" loading="lazy" src="https://d33c2a5xmvj7uh.cloudfront.net/images/originals/revista-prensa-economica-ranking-pag-56-enero-2019.jpg?v=1548861290" data-image="9994718" style="width: 736px; height: 1054.5px;" width="736" height="1054.5"></figure>
</p>
<figure><img decoding="async" loading="lazy" src="https://d33c2a5xmvj7uh.cloudfront.net/images/originals/revista-prensa-economica-ranking-pag-64-enero-2019.jpg?v=1548862141" data-image="9994724" style="width: 693px; height: 744px;" width="693" height="744"></figure>
</p>
<p><!-- AddThis Advanced Settings generic via filter on the_content --><!-- AddThis Share Buttons generic via filter on the_content --></p>

<p>Publicado en la Revista Prensa Económica.</p>
