{"id":16152,"date":"2019-01-25T14:51:12","date_gmt":"2019-01-25T13:51:12","guid":{"rendered":"https:\/\/auren.com\/ar\/new\/auren-crece-en-legales\/"},"modified":"2019-01-25T14:51:12","modified_gmt":"2019-01-25T13:51:12","slug":"auren-crece-en-legales","status":"publish","type":"new","link":"https:\/\/aurenweb-stg.servidortemporal.net\/ar\/noticias\/auren-crece-en-legales\/","title":{"rendered":"Auren crece en Legales"},"content":{"rendered":"<p>La firma internacional de auditor\u00eda, consultor\u00eda, asesor\u00eda, finanzas y legales, anuncia la incorporaci\u00f3n en su \u00e1rea de legales a los prestigiosos abogados Ferm\u00edn Castro Madero, Mart\u00edn Lanfranco y Mariano Gramajo quienes coordinar\u00e1n el servicios de legales en Argentina.<\/p>\n<\/p>\n<figure><img decoding=\"async\" loading=\"lazy\" src=\"https:\/\/d33c2a5xmvj7uh.cloudfront.net\/images\/originals\/20190124-150700.jpg?v=1548427778\" data-image=\"9994699\" style=\"width: 712px; height: 932.047px;\" width=\"712\" height=\"932.047\"><\/figure>\n<\/p>\n<figure><img decoding=\"async\" loading=\"lazy\" src=\"https:\/\/d33c2a5xmvj7uh.cloudfront.net\/images\/originals\/20190124-150335.jpg?v=1548427814\" data-image=\"9994700\" style=\"width: 570px; height: 488.594px;\" width=\"570\" height=\"488.59400000000005\"><\/figure>\n<p><!-- AddThis Advanced Settings generic via filter on the_content --><!-- AddThis Share Buttons generic via filter on the_content --><\/p>\n","protected":false},"excerpt":{"rendered":"<p>Publicado en Revista Prensa Econ\u00f3mica.<\/p>\n","protected":false},"featured_media":16153,"template":"","meta":{"_acf_changed":false,"footnotes":""},"new-category":[],"class_list":["post-16152","new","type-new","status-publish","has-post-thumbnail","hentry"],"acf":[],"_links":{"self":[{"href":"https:\/\/aurenweb-stg.servidortemporal.net\/ar\/wp-json\/wp\/v2\/new\/16152","targetHints":{"allow":["GET"]}}],"collection":[{"href":"https:\/\/aurenweb-stg.servidortemporal.net\/ar\/wp-json\/wp\/v2\/new"}],"about":[{"href":"https:\/\/aurenweb-stg.servidortemporal.net\/ar\/wp-json\/wp\/v2\/types\/new"}],"version-history":[{"count":0,"href":"https:\/\/aurenweb-stg.servidortemporal.net\/ar\/wp-json\/wp\/v2\/new\/16152\/revisions"}],"wp:featuredmedia":[{"embeddable":true,"href":"https:\/\/aurenweb-stg.servidortemporal.net\/ar\/wp-json\/wp\/v2\/media\/16153"}],"wp:attachment":[{"href":"https:\/\/aurenweb-stg.servidortemporal.net\/ar\/wp-json\/wp\/v2\/media?parent=16152"}],"wp:term":[{"taxonomy":"new-category","embeddable":true,"href":"https:\/\/aurenweb-stg.servidortemporal.net\/ar\/wp-json\/wp\/v2\/new-category?post=16152"}],"curies":[{"name":"wp","href":"https:\/\/api.w.org\/{rel}","templated":true}]}}

<p>La firma internacional de auditoría, consultoría, asesoría, finanzas y legales, anuncia la incorporación en su área de legales a los prestigiosos abogados Fermín Castro Madero, Martín Lanfranco y Mariano Gramajo quienes coordinarán el servicios de legales en Argentina.</p>
</p>
<figure><img decoding="async" loading="lazy" src="https://d33c2a5xmvj7uh.cloudfront.net/images/originals/20190124-150700.jpg?v=1548427778" data-image="9994699" style="width: 712px; height: 932.047px;" width="712" height="932.047"></figure>
</p>
<figure><img decoding="async" loading="lazy" src="https://d33c2a5xmvj7uh.cloudfront.net/images/originals/20190124-150335.jpg?v=1548427814" data-image="9994700" style="width: 570px; height: 488.594px;" width="570" height="488.59400000000005"></figure>
<p><!-- AddThis Advanced Settings generic via filter on the_content --><!-- AddThis Share Buttons generic via filter on the_content --></p>

<p>Publicado en Revista Prensa Económica.</p>
