{"id":16168,"date":"2019-01-10T12:53:12","date_gmt":"2019-01-10T11:53:12","guid":{"rendered":"https:\/\/auren.com\/ar\/new\/monotributo-como-realizar-el-tramite-de-recategorizacion-ante-la-afip\/"},"modified":"2019-01-10T12:53:12","modified_gmt":"2019-01-10T11:53:12","slug":"monotributo-como-realizar-el-tramite-de-recategorizacion-ante-la-afip","status":"publish","type":"new","link":"https:\/\/aurenweb-stg.servidortemporal.net\/ar\/noticias\/monotributo-como-realizar-el-tramite-de-recategorizacion-ante-la-afip\/","title":{"rendered":"Monotributo: C\u00f3mo realizar el tr\u00e1mite de recategorizaci\u00f3n ante la AFIP"},"content":{"rendered":"<p>El 21 de enero vence el plazo. Las escalas se actualizaron 20 puntos menos que la inflaci\u00f3n, por lo cual muchos inscriptos pasar\u00e1n a un escalaf\u00f3n superior o quedar\u00e1n fuera del impuesto.<\/p>\n<p>Dentro de poco m\u00e1s de diez d\u00edas finalizar\u00e1 el plazo establecido por la AFIP para que<strong>&nbsp;los monotributistas revean su categor\u00eda<\/strong>. Como la actualizaci\u00f3n del valor de cada escala fue de 28,46%,&nbsp;<a href=\"https:\/\/master.tn.com.ar\/economia\/para-monotributistas-que-escala-tendran-en-2019-y-cuanto-deberan-pagar-por-mes_928266\" title=\"unos 20 puntos por debajo de la inflaci\u00f3n\">unos 20 puntos por debajo de la inflaci\u00f3n<\/a>&nbsp;acumulada durante todo 2018, es muy probable que muchos inscriptos, con solo haber mantenido su facturaci\u00f3n a tono con la suba de precios general, tengan que recategorizarse. <\/p>\n<p><strong>La fecha l\u00edmite es el 21 de enero<\/strong>. Los anotados en este r\u00e9gimen que trabajen en una oficina deber\u00e1n tener en cuenta tres factores para analizar si deben quedarse en su escala o cambiarse. Por un lado,<strong>&nbsp;el monto de la facturaci\u00f3n de los \u00faltimos doce meses, el criterio para todos los monotributistas<\/strong>. Pero adem\u00e1s, cu\u00e1nto fue el gasto en alquiler y el consumo de energ\u00eda el\u00e9ctrica. Para esos tres elementos la AFIP public\u00f3 una tabla de referencia. <\/p>\n<p>Si el monotributista se excediera en el monto de cualquiera de esas tres columnas ya pasar\u00eda a estar obligado a elevar su categor\u00eda, explic\u00f3 a<strong>&nbsp;TN.com.ar<\/strong>&nbsp;el director de Impuestos del estudio Auren, Federico Costantino. A diferencia de a\u00f1os anteriores,<strong>&nbsp;en 2019 habr\u00e1 dos recategorizaciones&nbsp;<\/strong>en lugar de tres. <\/p>\n<\/p>\n<figure><img decoding=\"async\" loading=\"lazy\" src=\"https:\/\/d33c2a5xmvj7uh.cloudfront.net\/images\/originals\/monotributo-1.png?v=1547124663\" data-image=\"9994647\" style=\"width: 764px; height: 433px;\" width=\"764\" height=\"433\"><\/figure>\n<\/p>\n<p>La categor\u00eda m\u00e1s baja (la A) tendr\u00e1 un tope este a\u00f1o de $138.128 anuales (lo que equivale a unos $11.510 mensuales). En el otro extremo, un contribuyente que ofrezca servicios podr\u00e1 facturar hasta 1,15 mill\u00f3n anual (categor\u00eda H) sin pasar a ser aut\u00f3nomo y uno que venda cosas muebles tendr\u00e1 un l\u00edmite de $1,72 mill\u00f3n por a\u00f1o para operar dentro del r\u00e9gimen simplificado. <\/p>\n<p>La actualizaci\u00f3n autom\u00e1tica del impuesto que fue anunciada a fines del a\u00f1o pasado<a href=\"https:\/\/tn.com.ar\/economia\/las-escalas-del-monotributo-aumentaran-en-enero-casi-20-puntos-menos-que-la-inflacion_917995\" title=\" \">&nbsp;<\/a><strong>no sigue par\u00e1metros de inflaci\u00f3n<\/strong>, sino que toma como referencia una f\u00f3rmula que se compone en un 70% de \u00cdndice de Precios al Consumidor y otro 30% del de variaci\u00f3n salarial con un rezago de seis meses, como ocurre con las actualizaciones a jubilados y pensionados. <\/p>\n<p>Por ese atraso en los \u00edndices tomados en cuenta para la actualizaci\u00f3n es que probablemente desde este mes&nbsp;<strong>muchos inscriptos al monotributo deban recategorizarse<\/strong>. Solo con haber logrado mantener su nivel de facturaci\u00f3n durante 2018 a ritmo de la inflaci\u00f3n ese monotributista deber\u00e1 inscribirse en la escala siguiente. <\/p>\n<figure><img decoding=\"async\" loading=\"lazy\" src=\"https:\/\/d33c2a5xmvj7uh.cloudfront.net\/images\/originals\/monotributo-2.png?v=1547124705\" data-image=\"9994649\" style=\"width: 778px; height: 410px;\" width=\"778\" height=\"410\"><\/figure>\n<\/p>\n<p>Por ejemplo, si un monotributista ten\u00eda a principios de 2018 unos $100.000 de facturaci\u00f3n anual (al l\u00edmite de la categor\u00eda m\u00e1s baja) e increment\u00f3 sus ingresos un 40% (es decir, perdiendo contra la inflaci\u00f3n), tendr\u00e1 como nuevo monto a declarar ante la AFIP de $140.000.&nbsp;<strong>Esta cifra lo obligar\u00e1 a pasarse a la categor\u00eda B<\/strong>. Entonces, este inscripto pas\u00f3 de pagar $1.007 por mes a $1.447, un 43% de incremento.<\/p>\n<p>El problema mayor lo tendr\u00e1n aquellos monotributistas que ya estaban en la categor\u00eda m\u00e1s alta y que, por la misma raz\u00f3n, pasar\u00e1n a estar excluidos del r\u00e9gimen simplificado. \u00abSi qued\u00e1s afuera vas a tener que tramitar la inscripci\u00f3n en IVA, en el Impuesto a las Ganancias y en aut\u00f3nomos. Si la AFIP te excluye compulsivamente vas a recibir una notificaci\u00f3n en tu domicilio electr\u00f3nico y dar\u00e1 15 d\u00edas para una apelaci\u00f3n del contribuyente\u00bb, explic\u00f3 Costantino. <\/p>\n<p><strong>Paso a paso, C\u00f3mo hacer el tr\u00e1mite<\/strong><\/p>\n<p>En primer lugar habr\u00e1 que ingresar a la p\u00e1gina web del organismo tributario y dirigirse al sector \u00abMonotributo\u00bb. All\u00ed habr\u00e1 que ingresar el CUIT y la Clave Fiscal. <\/p>\n<p>Ver Nota completa&nbsp;&nbsp;<a href=\"https:\/\/tn.com.ar\/economia\/monotributo-paso-paso-como-realizar-el-tramite-de-recategorizacion-ante-la-afip_930494\">https:\/\/tn.com.ar\/economia\/mon&#8230;<\/a><\/p>\n<p><!-- AddThis Advanced Settings generic via filter on the_content --><!-- AddThis Share Buttons generic via filter on the_content --><\/p>\n","protected":false},"excerpt":{"rendered":"<p>Publicado en TN. Econom\u00eda. Por Federico Costantino, Director de Impuestos de Auren<\/p>\n","protected":false},"featured_media":16169,"template":"","meta":{"_acf_changed":false,"footnotes":""},"new-category":[],"class_list":["post-16168","new","type-new","status-publish","has-post-thumbnail","hentry"],"acf":[],"_links":{"self":[{"href":"https:\/\/aurenweb-stg.servidortemporal.net\/ar\/wp-json\/wp\/v2\/new\/16168","targetHints":{"allow":["GET"]}}],"collection":[{"href":"https:\/\/aurenweb-stg.servidortemporal.net\/ar\/wp-json\/wp\/v2\/new"}],"about":[{"href":"https:\/\/aurenweb-stg.servidortemporal.net\/ar\/wp-json\/wp\/v2\/types\/new"}],"version-history":[{"count":0,"href":"https:\/\/aurenweb-stg.servidortemporal.net\/ar\/wp-json\/wp\/v2\/new\/16168\/revisions"}],"wp:featuredmedia":[{"embeddable":true,"href":"https:\/\/aurenweb-stg.servidortemporal.net\/ar\/wp-json\/wp\/v2\/media\/16169"}],"wp:attachment":[{"href":"https:\/\/aurenweb-stg.servidortemporal.net\/ar\/wp-json\/wp\/v2\/media?parent=16168"}],"wp:term":[{"taxonomy":"new-category","embeddable":true,"href":"https:\/\/aurenweb-stg.servidortemporal.net\/ar\/wp-json\/wp\/v2\/new-category?post=16168"}],"curies":[{"name":"wp","href":"https:\/\/api.w.org\/{rel}","templated":true}]}}

Monotributo: Cómo realizar el trámite de recategorización ante la AFIP

<p>El 21 de enero vence el plazo. Las escalas se actualizaron 20 puntos menos que la inflación, por lo cual muchos inscriptos pasarán a un escalafón superior o quedarán fuera del impuesto.</p>
<p>Dentro de poco más de diez días finalizará el plazo establecido por la AFIP para que<strong>&nbsp;los monotributistas revean su categoría</strong>. Como la actualización del valor de cada escala fue de 28,46%,&nbsp;<a href="https://master.tn.com.ar/economia/para-monotributistas-que-escala-tendran-en-2019-y-cuanto-deberan-pagar-por-mes_928266" title="unos 20 puntos por debajo de la inflación">unos 20 puntos por debajo de la inflación</a>&nbsp;acumulada durante todo 2018, es muy probable que muchos inscriptos, con solo haber mantenido su facturación a tono con la suba de precios general, tengan que recategorizarse. </p>
<p><strong>La fecha límite es el 21 de enero</strong>. Los anotados en este régimen que trabajen en una oficina deberán tener en cuenta tres factores para analizar si deben quedarse en su escala o cambiarse. Por un lado,<strong>&nbsp;el monto de la facturación de los últimos doce meses, el criterio para todos los monotributistas</strong>. Pero además, cuánto fue el gasto en alquiler y el consumo de energía eléctrica. Para esos tres elementos la AFIP publicó una tabla de referencia. </p>
<p>Si el monotributista se excediera en el monto de cualquiera de esas tres columnas ya pasaría a estar obligado a elevar su categoría, explicó a<strong>&nbsp;TN.com.ar</strong>&nbsp;el director de Impuestos del estudio Auren, Federico Costantino. A diferencia de años anteriores,<strong>&nbsp;en 2019 habrá dos recategorizaciones&nbsp;</strong>en lugar de tres. </p>
</p>
<figure><img decoding="async" loading="lazy" src="https://d33c2a5xmvj7uh.cloudfront.net/images/originals/monotributo-1.png?v=1547124663" data-image="9994647" style="width: 764px; height: 433px;" width="764" height="433"></figure>
</p>
<p>La categoría más baja (la A) tendrá un tope este año de $138.128 anuales (lo que equivale a unos $11.510 mensuales). En el otro extremo, un contribuyente que ofrezca servicios podrá facturar hasta 1,15 millón anual (categoría H) sin pasar a ser autónomo y uno que venda cosas muebles tendrá un límite de $1,72 millón por año para operar dentro del régimen simplificado. </p>
<p>La actualización automática del impuesto que fue anunciada a fines del año pasado<a href="https://tn.com.ar/economia/las-escalas-del-monotributo-aumentaran-en-enero-casi-20-puntos-menos-que-la-inflacion_917995" title=" ">&nbsp;</a><strong>no sigue parámetros de inflación</strong>, sino que toma como referencia una fórmula que se compone en un 70% de Índice de Precios al Consumidor y otro 30% del de variación salarial con un rezago de seis meses, como ocurre con las actualizaciones a jubilados y pensionados. </p>
<p>Por ese atraso en los índices tomados en cuenta para la actualización es que probablemente desde este mes&nbsp;<strong>muchos inscriptos al monotributo deban recategorizarse</strong>. Solo con haber logrado mantener su nivel de facturación durante 2018 a ritmo de la inflación ese monotributista deberá inscribirse en la escala siguiente. </p>
<figure><img decoding="async" loading="lazy" src="https://d33c2a5xmvj7uh.cloudfront.net/images/originals/monotributo-2.png?v=1547124705" data-image="9994649" style="width: 778px; height: 410px;" width="778" height="410"></figure>
</p>
<p>Por ejemplo, si un monotributista tenía a principios de 2018 unos $100.000 de facturación anual (al límite de la categoría más baja) e incrementó sus ingresos un 40% (es decir, perdiendo contra la inflación), tendrá como nuevo monto a declarar ante la AFIP de $140.000.&nbsp;<strong>Esta cifra lo obligará a pasarse a la categoría B</strong>. Entonces, este inscripto pasó de pagar $1.007 por mes a $1.447, un 43% de incremento.</p>
<p>El problema mayor lo tendrán aquellos monotributistas que ya estaban en la categoría más alta y que, por la misma razón, pasarán a estar excluidos del régimen simplificado. «Si quedás afuera vas a tener que tramitar la inscripción en IVA, en el Impuesto a las Ganancias y en autónomos. Si la AFIP te excluye compulsivamente vas a recibir una notificación en tu domicilio electrónico y dará 15 días para una apelación del contribuyente», explicó Costantino. </p>
<p><strong>Paso a paso, Cómo hacer el trámite</strong></p>
<p>En primer lugar habrá que ingresar a la página web del organismo tributario y dirigirse al sector «Monotributo». Allí habrá que ingresar el CUIT y la Clave Fiscal. </p>
<p>Ver Nota completa&nbsp;&nbsp;<a href="https://tn.com.ar/economia/monotributo-paso-paso-como-realizar-el-tramite-de-recategorizacion-ante-la-afip_930494">https://tn.com.ar/economia/mon&#8230;</a></p>
<p><!-- AddThis Advanced Settings generic via filter on the_content --><!-- AddThis Share Buttons generic via filter on the_content --></p>

<p>Publicado en TN. Economía. Por Federico Costantino, Director de Impuestos de Auren</p>
