{"id":16172,"date":"2019-01-04T17:55:36","date_gmt":"2019-01-04T16:55:36","guid":{"rendered":"https:\/\/auren.com\/ar\/new\/auren-en-la-vision-de-los-lideres-2019\/"},"modified":"2019-01-04T17:55:36","modified_gmt":"2019-01-04T16:55:36","slug":"auren-en-la-vision-de-los-lideres-2019","status":"publish","type":"new","link":"https:\/\/aurenweb-stg.servidortemporal.net\/ar\/noticias\/auren-en-la-vision-de-los-lideres-2019\/","title":{"rendered":"Auren en La Visi\u00f3n de los L\u00edderes 2019"},"content":{"rendered":"<\/p>\n<p>500 Ceos y Directores de las empresas m\u00e1s importantes del pa\u00eds anticipan lo que viene y sus proyectos para el pr\u00f3ximo a\u00f1o.<\/p>\n<figure><img decoding=\"async\" loading=\"lazy\" src=\"https:\/\/d33c2a5xmvj7uh.cloudfront.net\/images\/originals\/tapa-la-vision-de-los-lideres-2019.jpg?v=1546624348\" data-image=\"9994610\" style=\"width: 605px; height: 864.375px;\" width=\"605\" height=\"864.375\"><\/figure>\n<\/p>\n<figure><img decoding=\"async\" loading=\"lazy\" src=\"https:\/\/d33c2a5xmvj7uh.cloudfront.net\/images\/originals\/nota-ftp-1.jpg?v=1546624388\" data-image=\"9994611\" style=\"width: 455px; height: 2107px;\" width=\"455\" height=\"2107\"><\/figure>\n<\/p>\n<figure><img decoding=\"async\" loading=\"lazy\" src=\"https:\/\/d33c2a5xmvj7uh.cloudfront.net\/images\/originals\/nota-ftp-2.jpg?v=1546624418\" data-image=\"9994612\" style=\"width: 461px; height: 1916px;\" width=\"461\" height=\"1916\"><\/figure>\n<p><!-- AddThis Advanced Settings generic via filter on the_content --><!-- AddThis Share Buttons generic via filter on the_content --><\/p>\n","protected":false},"excerpt":{"rendered":"<p>Edici\u00f3n 110 Aniversario. Participa Fernando Tezanos Pinto, Presidente de Auren Argentina.<\/p>\n","protected":false},"featured_media":16173,"template":"","meta":{"_acf_changed":false,"footnotes":""},"new-category":[],"class_list":["post-16172","new","type-new","status-publish","has-post-thumbnail","hentry"],"acf":[],"_links":{"self":[{"href":"https:\/\/aurenweb-stg.servidortemporal.net\/ar\/wp-json\/wp\/v2\/new\/16172","targetHints":{"allow":["GET"]}}],"collection":[{"href":"https:\/\/aurenweb-stg.servidortemporal.net\/ar\/wp-json\/wp\/v2\/new"}],"about":[{"href":"https:\/\/aurenweb-stg.servidortemporal.net\/ar\/wp-json\/wp\/v2\/types\/new"}],"version-history":[{"count":0,"href":"https:\/\/aurenweb-stg.servidortemporal.net\/ar\/wp-json\/wp\/v2\/new\/16172\/revisions"}],"wp:featuredmedia":[{"embeddable":true,"href":"https:\/\/aurenweb-stg.servidortemporal.net\/ar\/wp-json\/wp\/v2\/media\/16173"}],"wp:attachment":[{"href":"https:\/\/aurenweb-stg.servidortemporal.net\/ar\/wp-json\/wp\/v2\/media?parent=16172"}],"wp:term":[{"taxonomy":"new-category","embeddable":true,"href":"https:\/\/aurenweb-stg.servidortemporal.net\/ar\/wp-json\/wp\/v2\/new-category?post=16172"}],"curies":[{"name":"wp","href":"https:\/\/api.w.org\/{rel}","templated":true}]}}

Auren en La Visión de los Líderes 2019

</p>
<p>500 Ceos y Directores de las empresas más importantes del país anticipan lo que viene y sus proyectos para el próximo año.</p>
<figure><img decoding="async" loading="lazy" src="https://d33c2a5xmvj7uh.cloudfront.net/images/originals/tapa-la-vision-de-los-lideres-2019.jpg?v=1546624348" data-image="9994610" style="width: 605px; height: 864.375px;" width="605" height="864.375"></figure>
</p>
<figure><img decoding="async" loading="lazy" src="https://d33c2a5xmvj7uh.cloudfront.net/images/originals/nota-ftp-1.jpg?v=1546624388" data-image="9994611" style="width: 455px; height: 2107px;" width="455" height="2107"></figure>
</p>
<figure><img decoding="async" loading="lazy" src="https://d33c2a5xmvj7uh.cloudfront.net/images/originals/nota-ftp-2.jpg?v=1546624418" data-image="9994612" style="width: 461px; height: 1916px;" width="461" height="1916"></figure>
<p><!-- AddThis Advanced Settings generic via filter on the_content --><!-- AddThis Share Buttons generic via filter on the_content --></p>

<p>Edición 110 Aniversario. Participa Fernando Tezanos Pinto, Presidente de Auren Argentina.</p>
