{"id":10086,"date":"2024-12-22T08:21:31","date_gmt":"2024-12-22T07:21:31","guid":{"rendered":"https:\/\/auren.com\/ar\/?page_id=10086"},"modified":"2025-01-24T14:44:20","modified_gmt":"2025-01-24T13:44:20","slug":"responsabilidad-corporativa","status":"publish","type":"page","link":"https:\/\/aurenweb-stg.servidortemporal.net\/ar\/conocenos-auren\/responsabilidad-corporativa\/","title":{"rendered":"Responsabilidad corporativa"},"content":{"rendered":"<section id=\"Header-block_9f1e82ee7448e2272c4207d68c313957\" class=\"Header\">\r\n\r\n    <div class=\"hero\">\r\n                <div class=\"container\">\r\n            <div class=\"hero_header\">\r\n                                \r\n                <div class=\"hero_header_title\">\r\n                    <p class=''>Responsabilidad<\/p>\n                <\/div>\r\n\r\n                                                \r\n                <div class=\"hero_header_title\">\r\n                    <p class='' style=\"text-align: right;\"><strong>Social Corporativa:<\/strong><\/p>\n                <\/div>\r\n\r\n                                                \r\n                <div class=\"hero_header_subtitle\">\r\n                    <p style=\"text-align: right;\">Contribuimos al bienestar general de la sociedad<\/p>\n                <\/div>\r\n\r\n                                \r\n            <\/div>\r\n        <\/div>\r\n        \r\n                <picture>\r\n            <source srcset=\"https:\/\/aurenweb-stg.servidortemporal.net\/ar\/wp-content\/uploads\/2024\/11\/bg-hero-aboutus-corporate-d.webp\"\r\n                media=\"(min-width: 1200px)\" \/>\r\n            <img loading=\"lazy\" decoding=\"async\" class=\"hero_bg\"\r\n                <img loading=\"lazy\" decoding=\"async\" width=\"640\" height=\"383\" src=\"https:\/\/aurenweb-stg.servidortemporal.net\/ar\/wp-content\/uploads\/2024\/11\/bg-hero-aboutus-corporate-d-1024x612.webp\" class=\"hero_bg\" alt=\"\" srcset=\"https:\/\/aurenweb-stg.servidortemporal.net\/ar\/wp-content\/uploads\/2024\/11\/bg-hero-aboutus-corporate-d-1024x612.webp 1024w, https:\/\/aurenweb-stg.servidortemporal.net\/ar\/wp-content\/uploads\/2024\/11\/bg-hero-aboutus-corporate-d-300x179.webp 300w, https:\/\/aurenweb-stg.servidortemporal.net\/ar\/wp-content\/uploads\/2024\/11\/bg-hero-aboutus-corporate-d-768x459.webp 768w, https:\/\/aurenweb-stg.servidortemporal.net\/ar\/wp-content\/uploads\/2024\/11\/bg-hero-aboutus-corporate-d.webp 1200w\" sizes=\"auto, (max-width: 640px) 100vw, 640px\" \/>>\r\n        <\/picture>\r\n        \r\n                        <p class=\"hero_scroll\"><strong>Explorar m\u00e1s<\/strong> Despl\u00e1cese hacia abajo<\/p>\r\n                    <\/div>\r\n\r\n<\/section>\n\n\r\n<section id=\"Breadcrumbs-block_adbdc1c7263b003db881c99a3e79fc3c\" class=\"Breadcrumbs\">\r\n    \r\n        <nav class=\"breads\" aria-label=\"Breadcrumb\">\r\n            <ul class=\"container\">\r\n                <li><a href=\"https:\/\/aurenweb-stg.servidortemporal.net\/ar\">Home<\/a><\/li>\r\n                <li><span aria-current=\"page\">Responsabilidad corporativa<\/span><\/li>            <\/ul>\r\n        <\/nav>\r\n\r\n                                                                                     \r\n    \r\n<\/section>\r\n\n\n\r\n<section id=\"ImageText-block_12b65c8d7e7a5d308606c8e0b4bd9381\" class=\"ImageText\">\r\n\r\n    <section class=\"info \">\r\n        <div class=\"container\">\r\n            <div class=\"info_text\">\r\n                <div class=\"info_title\">\r\n                    <p class=''>Impulsando un Cambio Positivo<\/p>\n                <\/div>\r\n                <div class=\"info_description\">\r\n                    <p>La responsabilidad social est\u00e1 en el ADN de Auren desde sus or\u00edgenes. Es fundamental en nuestra cultura corporativa, siendo adem\u00e1s un valor compartido por todos nuestros profesionales. Estamos comprometidos en generar un impacto positivo en la sociedad y en fomentar pr\u00e1cticas \u00e9ticas que contribuyan al bienestar social.<\/p>\n<p>Promover la responsabilidad social corporativa y las pr\u00e1cticas comerciales sostenibles es una de nuestras prioridades, as\u00ed como fomentar la inclusi\u00f3n y la diversidad en nuestra organizaci\u00f3n.<\/p>\n<p>Somos socialmente responsables al ser sostenibles y al ayudar a nuestros clientes a serlo.<\/p>\n                <\/div>\r\n            <\/div>\r\n            <div class=\"info_media\">\r\n                <div class=\"info_media_item info_media_item-1\">\r\n                    <div class=\"info_media_item_text\"><span class=\"title\"><\/span><\/div>\r\n                    <div class=\"info_media_item_text_claim\"><\/div>\r\n                    <span class=\"info_media_item_bg\">\r\n                                                    <img loading=\"lazy\" decoding=\"async\" width=\"640\" height=\"366\" src=\"https:\/\/aurenweb-stg.servidortemporal.net\/ar\/wp-content\/uploads\/2024\/12\/international-auren-media-banner-3-1024x585.webp\" class=\"attachment-large size-large\" alt=\"\" srcset=\"https:\/\/aurenweb-stg.servidortemporal.net\/ar\/wp-content\/uploads\/2024\/12\/international-auren-media-banner-3-1024x585.webp 1024w, https:\/\/aurenweb-stg.servidortemporal.net\/ar\/wp-content\/uploads\/2024\/12\/international-auren-media-banner-3-300x171.webp 300w, https:\/\/aurenweb-stg.servidortemporal.net\/ar\/wp-content\/uploads\/2024\/12\/international-auren-media-banner-3-768x439.webp 768w, https:\/\/aurenweb-stg.servidortemporal.net\/ar\/wp-content\/uploads\/2024\/12\/international-auren-media-banner-3-1536x878.webp 1536w, https:\/\/aurenweb-stg.servidortemporal.net\/ar\/wp-content\/uploads\/2024\/12\/international-auren-media-banner-3-2048x1171.webp 2048w\" sizes=\"auto, (max-width: 640px) 100vw, 640px\" \/>                                            <\/span>\r\n                                                        <\/div>\r\n                <div class=\"info_media_claim\">\r\n                    <p>Auren con la sostenibilidad<\/p>\n                <\/div>\r\n                <div class=\"info_media_item info_media_item-2\">\r\n                    <div class=\"info_media_item_text\"><span class=\"title\"><\/span><\/div>\r\n                    <div class=\"info_media_item_text_claim\"><\/div>\r\n                    <span class=\"info_media_item_bg\">\r\n                                                    <img loading=\"lazy\" decoding=\"async\" width=\"640\" height=\"354\" src=\"https:\/\/aurenweb-stg.servidortemporal.net\/ar\/wp-content\/uploads\/2024\/12\/image-text-5-1024x567.webp\" class=\"attachment-large size-large\" alt=\"\" srcset=\"https:\/\/aurenweb-stg.servidortemporal.net\/ar\/wp-content\/uploads\/2024\/12\/image-text-5-1024x567.webp 1024w, https:\/\/aurenweb-stg.servidortemporal.net\/ar\/wp-content\/uploads\/2024\/12\/image-text-5-300x166.webp 300w, https:\/\/aurenweb-stg.servidortemporal.net\/ar\/wp-content\/uploads\/2024\/12\/image-text-5-768x425.webp 768w, https:\/\/aurenweb-stg.servidortemporal.net\/ar\/wp-content\/uploads\/2024\/12\/image-text-5-1536x851.webp 1536w, https:\/\/aurenweb-stg.servidortemporal.net\/ar\/wp-content\/uploads\/2024\/12\/image-text-5-2048x1134.webp 2048w\" sizes=\"auto, (max-width: 640px) 100vw, 640px\" \/>                                            <\/span>\r\n                                                        <\/div>\r\n            <\/div>\r\n        <\/div>\r\n    <\/section>\r\n\r\n<\/section>\r\n\r\n\n\n<div id=\"TitleSubtitleText-block_93f0f87f5446e05553d6914286000888\" class=\"TitleSubtitleText\">\n\n    <section class=\"headlines v2\">\n        <div class=\"container\">\n                        <div class=\"headlines_title\">\n                <p class=''>Servicios profesionales con un enfoque humano<\/p>\n            <\/div>\n                                    <div class=\"headlines_content\">\n                                <div class=\"headlines_subtitle\">\n                    <p>Impulsando el Cambio<\/p>\n                <\/div>\n                                                <div class=\"headlines_description\">\n                    <p>En Auren, estamos convencidos de que las firmas profesionales desempe\u00f1an un papel clave para el progreso de la sociedad. Nos comprometemos a desarrollar una econom\u00eda \u00e9tica que promueva el bienestar de la sociedad poniendo siempre a las personas en el centro de todas las decisiones.<\/p>\n<p>Nuestra misi\u00f3n es construir una sociedad m\u00e1s pr\u00f3spera, justa y sostenible, respetando siempre la dignidad humana. Trabajamos para que las pr\u00e1cticas empresariales responsables impulsen el progreso social y la gesti\u00f3n ambiental, generando un impacto positivo en el conjunto de la sociedad.<\/p>\n                <\/div>\n                                            <\/div>\n                    <\/div>\n    <\/section>\n\n<\/div>\n\n\n<div id=\"CoverBanner-block_0e8f804e0dc356a87c0d3ee31feee32a\" class=\"CoverBanner\">\n\n    <section class=\"cover\">\n        <div class=\"container\">\n            <div class=\"cover_content\" style=\"background-image:url('https:\/\/aurenweb-stg.servidortemporal.net\/ar\/wp-content\/uploads\/2024\/12\/example-cover.webp');\">\n                <div class=\"cover_title\">\n                    <h3 class=''>Comprometidos con la sociedad.<\/h3>\n                <\/div>\n                <div class=\"cover_subtitle\">\n                    <h3 class=''>Impacto positivo<\/h3>\n                <\/div>\n                <div class=\"cover_description\">\n                    <p class=''>En nuestro trabajo diario, consideramos los intereses de nuestros socios, empleados, clientes, proveedores y otros grupos de inter\u00e9s. Nuestro objetivo es tener un impacto positivo en la sociedad y reforzar el bien com\u00fan, buscando el desarrollo equilibrado de las personas y su entorno.<\/p>\n                <\/div>\n            <\/div>\n        <\/div>\n    <\/section>\n\n<\/div>\n\n\n<section id=\"Newsletters-block_483553c0faa587bd0c4728df5f2ad09e\" class=\"Newsletters\">\r\n    <div class=\"newsletters\">\r\n        <div class=\"container\" data-per-page=\"6\" data-pagination=\"0\">\r\n            \r\n            <div class=\"newsletters_title\">\r\n                <h3 class=''>Peque\u00f1as acciones, gran impacto.<\/h3>\n            <\/div>\r\n\r\n            <div class=\"newsletters_description\">\r\n                <p>En Auren, contribuimos al desarrollo de la sociedad para crear un mundo m\u00e1s pr\u00f3spero, justo y sostenible al que todos podamos contribuir. Auren est\u00e1 comprometido con los 17 Objetivos de Desarrollo Sostenible de la ONU para un futuro mejor, tal como se establece en la Agenda 2030.<\/p>\n            <\/div>\r\n\r\n            <div class=\"newsletters_posts\"><\/div>\r\n\r\n            \r\n            \r\n            \r\n        <\/div>\r\n    <\/div>\r\n<\/section>\r\n","protected":false},"excerpt":{"rendered":"","protected":false},"author":2,"featured_media":0,"parent":10048,"menu_order":0,"comment_status":"closed","ping_status":"closed","template":"","meta":{"_acf_changed":false,"footnotes":""},"class_list":["post-10086","page","type-page","status-publish","hentry"],"acf":[],"_links":{"self":[{"href":"https:\/\/aurenweb-stg.servidortemporal.net\/ar\/wp-json\/wp\/v2\/pages\/10086","targetHints":{"allow":["GET"]}}],"collection":[{"href":"https:\/\/aurenweb-stg.servidortemporal.net\/ar\/wp-json\/wp\/v2\/pages"}],"about":[{"href":"https:\/\/aurenweb-stg.servidortemporal.net\/ar\/wp-json\/wp\/v2\/types\/page"}],"author":[{"embeddable":true,"href":"https:\/\/aurenweb-stg.servidortemporal.net\/ar\/wp-json\/wp\/v2\/users\/2"}],"replies":[{"embeddable":true,"href":"https:\/\/aurenweb-stg.servidortemporal.net\/ar\/wp-json\/wp\/v2\/comments?post=10086"}],"version-history":[{"count":4,"href":"https:\/\/aurenweb-stg.servidortemporal.net\/ar\/wp-json\/wp\/v2\/pages\/10086\/revisions"}],"predecessor-version":[{"id":26306,"href":"https:\/\/aurenweb-stg.servidortemporal.net\/ar\/wp-json\/wp\/v2\/pages\/10086\/revisions\/26306"}],"up":[{"embeddable":true,"href":"https:\/\/aurenweb-stg.servidortemporal.net\/ar\/wp-json\/wp\/v2\/pages\/10048"}],"wp:attachment":[{"href":"https:\/\/aurenweb-stg.servidortemporal.net\/ar\/wp-json\/wp\/v2\/media?parent=10086"}],"curies":[{"name":"wp","href":"https:\/\/api.w.org\/{rel}","templated":true}]}}

<section id="Header-block_9f1e82ee7448e2272c4207d68c313957" class="Header">

    <div class="hero">
                <div class="container">
            <div class="hero_header">
                                
                <div class="hero_header_title">
                    <p class=''>Responsabilidad</p>
                </div>

                                                
                <div class="hero_header_title">
                    <p class='' style="text-align: right;"><strong>Social Corporativa:</strong></p>
                </div>

                                                
                <div class="hero_header_subtitle">
                    <p style="text-align: right;">Contribuimos al bienestar general de la sociedad</p>
                </div>

                                
            </div>
        </div>
        
                <picture>
            <source srcset="https://aurenweb-stg.servidortemporal.net/ar/wp-content/uploads/2024/11/bg-hero-aboutus-corporate-d.webp"
                media="(min-width: 1200px)" />
            <img loading="lazy" decoding="async" class="hero_bg"
                <img loading="lazy" decoding="async" width="640" height="383" src="https://aurenweb-stg.servidortemporal.net/ar/wp-content/uploads/2024/11/bg-hero-aboutus-corporate-d-1024x612.webp" class="hero_bg" alt="" srcset="https://aurenweb-stg.servidortemporal.net/ar/wp-content/uploads/2024/11/bg-hero-aboutus-corporate-d-1024x612.webp 1024w, https://aurenweb-stg.servidortemporal.net/ar/wp-content/uploads/2024/11/bg-hero-aboutus-corporate-d-300x179.webp 300w, https://aurenweb-stg.servidortemporal.net/ar/wp-content/uploads/2024/11/bg-hero-aboutus-corporate-d-768x459.webp 768w, https://aurenweb-stg.servidortemporal.net/ar/wp-content/uploads/2024/11/bg-hero-aboutus-corporate-d.webp 1200w" sizes="auto, (max-width: 640px) 100vw, 640px" />>
        </picture>
        
                        <p class="hero_scroll"><strong>Explorar más</strong> Desplácese hacia abajo</p>
                    </div>

</section>


<section id="Breadcrumbs-block_adbdc1c7263b003db881c99a3e79fc3c" class="Breadcrumbs">
    
        <nav class="breads" aria-label="Breadcrumb">
            <ul class="container">
                <li><a href="https://aurenweb-stg.servidortemporal.net/ar">Home</a></li>
                <li><span aria-current="page">Responsabilidad corporativa</span></li>            </ul>
        </nav>

                                                                                     
    
</section>



<section id="ImageText-block_12b65c8d7e7a5d308606c8e0b4bd9381" class="ImageText">

    <section class="info ">
        <div class="container">
            <div class="info_text">
                <div class="info_title">
                    <p class=''>Impulsando un Cambio Positivo</p>
                </div>
                <div class="info_description">
                    <p>La responsabilidad social está en el ADN de Auren desde sus orígenes. Es fundamental en nuestra cultura corporativa, siendo además un valor compartido por todos nuestros profesionales. Estamos comprometidos en generar un impacto positivo en la sociedad y en fomentar prácticas éticas que contribuyan al bienestar social.</p>
<p>Promover la responsabilidad social corporativa y las prácticas comerciales sostenibles es una de nuestras prioridades, así como fomentar la inclusión y la diversidad en nuestra organización.</p>
<p>Somos socialmente responsables al ser sostenibles y al ayudar a nuestros clientes a serlo.</p>
                </div>
            </div>
            <div class="info_media">
                <div class="info_media_item info_media_item-1">
                    <div class="info_media_item_text"><span class="title"></span></div>
                    <div class="info_media_item_text_claim"></div>
                    <span class="info_media_item_bg">
                                                    <img loading="lazy" decoding="async" width="640" height="366" src="https://aurenweb-stg.servidortemporal.net/ar/wp-content/uploads/2024/12/international-auren-media-banner-3-1024x585.webp" class="attachment-large size-large" alt="" srcset="https://aurenweb-stg.servidortemporal.net/ar/wp-content/uploads/2024/12/international-auren-media-banner-3-1024x585.webp 1024w, https://aurenweb-stg.servidortemporal.net/ar/wp-content/uploads/2024/12/international-auren-media-banner-3-300x171.webp 300w, https://aurenweb-stg.servidortemporal.net/ar/wp-content/uploads/2024/12/international-auren-media-banner-3-768x439.webp 768w, https://aurenweb-stg.servidortemporal.net/ar/wp-content/uploads/2024/12/international-auren-media-banner-3-1536x878.webp 1536w, https://aurenweb-stg.servidortemporal.net/ar/wp-content/uploads/2024/12/international-auren-media-banner-3-2048x1171.webp 2048w" sizes="auto, (max-width: 640px) 100vw, 640px" />                                            </span>
                                                        </div>
                <div class="info_media_claim">
                    <p>Auren con la sostenibilidad</p>
                </div>
                <div class="info_media_item info_media_item-2">
                    <div class="info_media_item_text"><span class="title"></span></div>
                    <div class="info_media_item_text_claim"></div>
                    <span class="info_media_item_bg">
                                                    <img loading="lazy" decoding="async" width="640" height="354" src="https://aurenweb-stg.servidortemporal.net/ar/wp-content/uploads/2024/12/image-text-5-1024x567.webp" class="attachment-large size-large" alt="" srcset="https://aurenweb-stg.servidortemporal.net/ar/wp-content/uploads/2024/12/image-text-5-1024x567.webp 1024w, https://aurenweb-stg.servidortemporal.net/ar/wp-content/uploads/2024/12/image-text-5-300x166.webp 300w, https://aurenweb-stg.servidortemporal.net/ar/wp-content/uploads/2024/12/image-text-5-768x425.webp 768w, https://aurenweb-stg.servidortemporal.net/ar/wp-content/uploads/2024/12/image-text-5-1536x851.webp 1536w, https://aurenweb-stg.servidortemporal.net/ar/wp-content/uploads/2024/12/image-text-5-2048x1134.webp 2048w" sizes="auto, (max-width: 640px) 100vw, 640px" />                                            </span>
                                                        </div>
            </div>
        </div>
    </section>

</section>



<div id="TitleSubtitleText-block_93f0f87f5446e05553d6914286000888" class="TitleSubtitleText">

    <section class="headlines v2">
        <div class="container">
                        <div class="headlines_title">
                <p class=''>Servicios profesionales con un enfoque humano</p>
            </div>
                                    <div class="headlines_content">
                                <div class="headlines_subtitle">
                    <p>Impulsando el Cambio</p>
                </div>
                                                <div class="headlines_description">
                    <p>En Auren, estamos convencidos de que las firmas profesionales desempeñan un papel clave para el progreso de la sociedad. Nos comprometemos a desarrollar una economía ética que promueva el bienestar de la sociedad poniendo siempre a las personas en el centro de todas las decisiones.</p>
<p>Nuestra misión es construir una sociedad más próspera, justa y sostenible, respetando siempre la dignidad humana. Trabajamos para que las prácticas empresariales responsables impulsen el progreso social y la gestión ambiental, generando un impacto positivo en el conjunto de la sociedad.</p>
                </div>
                                            </div>
                    </div>
    </section>

</div>


<div id="CoverBanner-block_0e8f804e0dc356a87c0d3ee31feee32a" class="CoverBanner">

    <section class="cover">
        <div class="container">
            <div class="cover_content" style="background-image:url('https://aurenweb-stg.servidortemporal.net/ar/wp-content/uploads/2024/12/example-cover.webp');">
                <div class="cover_title">
                    <h3 class=''>Comprometidos con la sociedad.</h3>
                </div>
                <div class="cover_subtitle">
                    <h3 class=''>Impacto positivo</h3>
                </div>
                <div class="cover_description">
                    <p class=''>En nuestro trabajo diario, consideramos los intereses de nuestros socios, empleados, clientes, proveedores y otros grupos de interés. Nuestro objetivo es tener un impacto positivo en la sociedad y reforzar el bien común, buscando el desarrollo equilibrado de las personas y su entorno.</p>
                </div>
            </div>
        </div>
    </section>

</div>


<section id="Newsletters-block_483553c0faa587bd0c4728df5f2ad09e" class="Newsletters">
    <div class="newsletters">
        <div class="container" data-per-page="6" data-pagination="0">
            
            <div class="newsletters_title">
                <h3 class=''>Pequeñas acciones, gran impacto.</h3>
            </div>

            <div class="newsletters_description">
                <p>En Auren, contribuimos al desarrollo de la sociedad para crear un mundo más próspero, justo y sostenible al que todos podamos contribuir. Auren está comprometido con los 17 Objetivos de Desarrollo Sostenible de la ONU para un futuro mejor, tal como se establece en la Agenda 2030.</p>
            </div>

            <div class="newsletters_posts"></div>

            
            
            
        </div>
    </div>
</section>
