{"id":19558,"date":"2022-08-10T09:19:11","date_gmt":"2022-08-10T07:19:11","guid":{"rendered":"https:\/\/auren.com\/ar\/publication\/brujula-de-negocios-2022-la-mirada-de-los-empresarios-sobre-la-generacion-joven\/"},"modified":"2022-08-10T09:19:11","modified_gmt":"2022-08-10T07:19:11","slug":"brujula-de-negocios-2022-la-mirada-de-los-empresarios-sobre-la-generacion-joven","status":"publish","type":"publication","link":"https:\/\/aurenweb-stg.servidortemporal.net\/ar\/publicaciones\/brujula-de-negocios-2022-la-mirada-de-los-empresarios-sobre-la-generacion-joven\/","title":{"rendered":"Br\u00fajula de Negocios 2022. La mirada de los empresarios sobre la generaci\u00f3n joven"},"content":{"rendered":"<p>Hace unos meses dimos a conocer los resultados de la encuesta que realizamos en <a href=\"https:\/\/aurenweb-stg.servidortemporal.net\/ar\/\">Auren Argentina<\/a> orientada a los J\u00f3venes Profesionales para conocer qu\u00e9 buscan, cu\u00e1les son sus objetivos, motivaciones,<br \/>aspiraciones y expectativas para su futuro laboral (conoc\u00e9 los resultados de este primer relevamiento ac\u00e1 &#x25b6; <a href=\"https:\/\/aurenweb-stg.servidortemporal.net\/ar\/publicaciones\/brujula-de-negocios-2022-jovenes-profesionales\/\">Encuesta J\u00f3venes Profesionales<\/a>)<\/p>\n<p>&#x1f50e; Ahora nos propusimos investigar y contrarrestarlo con la visi\u00f3n de los empleadores pregunt\u00e1ndoles &#x1f449;&#x1f3fb; \u00bfCu\u00e1les son los valores, intereses, preocupaciones y expectativas que ven de la nueva generaci\u00f3n?<\/p>\n<p>Esta encuesta nos permite conocer la mirada de m\u00e1s de 300 empresarios sobre el trabajo, intereses, actitudes y futuro de los j\u00f3venes profesionales.<\/p>\n<p>Te compartimos el\u00a0Informe completo con los resultados recaudados sobre \u00abLa mirada de los empresarios\u00bb<\/p>\n<p><!-- AddThis Advanced Settings generic via filter on the_content --><!-- AddThis Share Buttons generic via filter on the_content --><\/p>\n","protected":false},"excerpt":{"rendered":"<p>Hace unos meses dimos a conocer los resultados de la encuesta que realizamos en Auren Argentina orientada a los J\u00f3venes Profesionales para conocer qu\u00e9 buscan, cu\u00e1les son sus objetivos, motivaciones,aspiraciones y expectativas para su futuro laboral (conoc\u00e9 los resultados de este primer relevamiento ac\u00e1 &#x25b6; Encuesta J\u00f3venes Profesionales) &#x1f50e; Ahora nos propusimos investigar y contrarrestarlo [&hellip;]<\/p>\n","protected":false},"featured_media":19562,"template":"","meta":{"_acf_changed":false,"footnotes":""},"publication-category":[],"class_list":["post-19558","publication","type-publication","status-publish","has-post-thumbnail","hentry"],"acf":[],"_links":{"self":[{"href":"https:\/\/aurenweb-stg.servidortemporal.net\/ar\/wp-json\/wp\/v2\/publication\/19558","targetHints":{"allow":["GET"]}}],"collection":[{"href":"https:\/\/aurenweb-stg.servidortemporal.net\/ar\/wp-json\/wp\/v2\/publication"}],"about":[{"href":"https:\/\/aurenweb-stg.servidortemporal.net\/ar\/wp-json\/wp\/v2\/types\/publication"}],"version-history":[{"count":0,"href":"https:\/\/aurenweb-stg.servidortemporal.net\/ar\/wp-json\/wp\/v2\/publication\/19558\/revisions"}],"wp:featuredmedia":[{"embeddable":true,"href":"https:\/\/aurenweb-stg.servidortemporal.net\/ar\/wp-json\/wp\/v2\/media\/19562"}],"wp:attachment":[{"href":"https:\/\/aurenweb-stg.servidortemporal.net\/ar\/wp-json\/wp\/v2\/media?parent=19558"}],"wp:term":[{"taxonomy":"publication-category","embeddable":true,"href":"https:\/\/aurenweb-stg.servidortemporal.net\/ar\/wp-json\/wp\/v2\/publication-category?post=19558"}],"curies":[{"name":"wp","href":"https:\/\/api.w.org\/{rel}","templated":true}]}}

Brújula de Negocios 2022. La mirada de los empresarios sobre la generación joven

<p>Hace unos meses dimos a conocer los resultados de la encuesta que realizamos en <a href="https://aurenweb-stg.servidortemporal.net/ar/">Auren Argentina</a> orientada a los Jóvenes Profesionales para conocer qué buscan, cuáles son sus objetivos, motivaciones,<br />aspiraciones y expectativas para su futuro laboral (conocé los resultados de este primer relevamiento acá &#x25b6; <a href="https://aurenweb-stg.servidortemporal.net/ar/publicaciones/brujula-de-negocios-2022-jovenes-profesionales/">Encuesta Jóvenes Profesionales</a>)</p>
<p>&#x1f50e; Ahora nos propusimos investigar y contrarrestarlo con la visión de los empleadores preguntándoles &#x1f449;&#x1f3fb; ¿Cuáles son los valores, intereses, preocupaciones y expectativas que ven de la nueva generación?</p>
<p>Esta encuesta nos permite conocer la mirada de más de 300 empresarios sobre el trabajo, intereses, actitudes y futuro de los jóvenes profesionales.</p>
<p>Te compartimos el Informe completo con los resultados recaudados sobre «La mirada de los empresarios»</p>
<p><!-- AddThis Advanced Settings generic via filter on the_content --><!-- AddThis Share Buttons generic via filter on the_content --></p>

<p>Hace unos meses dimos a conocer los resultados de la encuesta que realizamos en Auren Argentina orientada a los Jóvenes Profesionales para conocer qué buscan, cuáles son sus objetivos, motivaciones,aspiraciones y expectativas para su futuro laboral (conocé los resultados de este primer relevamiento acá &#x25b6; Encuesta Jóvenes Profesionales) &#x1f50e; Ahora nos propusimos investigar y contrarrestarlo [&hellip;]</p>
