{"id":8023,"date":"2016-07-13T15:52:50","date_gmt":"2016-07-13T13:52:50","guid":{"rendered":"https:\/\/aurenweb-stg.servidortemporal.net\/co\/publication\/continua-debate-sobre-el-juez-competente-para-resolver-demandas-contra-actuaciones-de-la-ugpp-adelantadas-en-ejercicio-de-la-fiscalizacion-de-aportes-a-la-seguridad-social-y-parafiscales\/"},"modified":"2016-07-13T15:52:50","modified_gmt":"2016-07-13T13:52:50","slug":"continua-debate-sobre-el-juez-competente-para-resolver-demandas-contra-actuaciones-de-la-ugpp-adelantadas-en-ejercicio-de-la-fiscalizacion-de-aportes-a-la-seguridad-social-y-parafiscales","status":"publish","type":"publication","link":"https:\/\/aurenweb-stg.servidortemporal.net\/co\/publicaciones\/continua-debate-sobre-el-juez-competente-para-resolver-demandas-contra-actuaciones-de-la-ugpp-adelantadas-en-ejercicio-de-la-fiscalizacion-de-aportes-a-la-seguridad-social-y-parafiscales\/","title":{"rendered":"Contin\u00faa debate sobre el juez competente para resolver demandas contra actuaciones de la UGPP adelantadas en ejercicio de la fiscalizaci\u00f3n de aportes a la seguridad social y parafiscales"},"content":{"rendered":"<p style=\"text-align: justify;\">\n<p style=\"text-align: justify;\"> A la Unidad Administrativa Especial de Gesti\u00f3n Pensional y Contribuciones Parafiscales de la Protecci\u00f3n Social (UGPP) le fueron conferidas, entre otras, las facultades de adelantar acciones de determinaci\u00f3n y cobro de las contribuciones parafiscales de la protecci\u00f3n social. <\/p>\n<p style=\"text-align: justify;\"> Actualmente contin\u00faa el debate de si es al juez laboral o al juez administrativo a quien corresponde la competencia para resolver las demandas que los contribuyentes pueden interponer en contra de los actos a trav\u00e9s de los cuales la UGPP determina oficialmente los aportes de las contribuciones parafiscales. <\/p>\n<p style=\"text-align: justify;\"> Si bien mediante auto de 2016 la Sala Jurisdiccional Disciplinaria del Consejo Superior de la Judicatura atribuy\u00f3 dicha competencia al juez laboral, dos son los principales argumentos para cuestionar tal decisi\u00f3n: (i) que la pretensi\u00f3n es la nulidad de actos administrativos, lo cual es propio de los jueces administrativos; (ii) que el art\u00edculo 2 del C\u00f3digo Procesal del Trabajo y de la Seguridad Social citado como fundamento de la decisi\u00f3n fue modificado por el art\u00edculo 622 del C\u00f3digo General del Proceso, en el sentido de indicar que la competencia del juez laboral se otorga frente a controversias relativas a la prestaci\u00f3n de los servicios de la seguridad social, situaci\u00f3n que no ocurre con los actos de la UGPP.<\/p>\n<p><!-- AddThis Advanced Settings generic via filter on the_content --><!-- AddThis Share Buttons generic via filter on the_content --><\/p>\n","protected":false},"excerpt":{"rendered":"<p>A la Unidad Administrativa Especial de Gesti\u00f3n Pensional y Contribuciones Parafiscales de la Protecci\u00f3n Social (UGPP) le fueron conferidas, entre otras, las facultades de adelantar acciones de determinaci\u00f3n y cobro de las contribuciones parafiscales de la protecci\u00f3n social. Actualmente contin\u00faa el debate de si es al juez laboral o al juez administrativo a quien corresponde [&hellip;]<\/p>\n","protected":false},"featured_media":0,"template":"","meta":{"_acf_changed":false,"footnotes":""},"publication-category":[],"class_list":["post-8023","publication","type-publication","status-publish","hentry"],"acf":[],"_links":{"self":[{"href":"https:\/\/aurenweb-stg.servidortemporal.net\/co\/wp-json\/wp\/v2\/publication\/8023","targetHints":{"allow":["GET"]}}],"collection":[{"href":"https:\/\/aurenweb-stg.servidortemporal.net\/co\/wp-json\/wp\/v2\/publication"}],"about":[{"href":"https:\/\/aurenweb-stg.servidortemporal.net\/co\/wp-json\/wp\/v2\/types\/publication"}],"version-history":[{"count":0,"href":"https:\/\/aurenweb-stg.servidortemporal.net\/co\/wp-json\/wp\/v2\/publication\/8023\/revisions"}],"wp:attachment":[{"href":"https:\/\/aurenweb-stg.servidortemporal.net\/co\/wp-json\/wp\/v2\/media?parent=8023"}],"wp:term":[{"taxonomy":"publication-category","embeddable":true,"href":"https:\/\/aurenweb-stg.servidortemporal.net\/co\/wp-json\/wp\/v2\/publication-category?post=8023"}],"curies":[{"name":"wp","href":"https:\/\/api.w.org\/{rel}","templated":true}]}}

Continúa debate sobre el juez competente para resolver demandas contra actuaciones de la UGPP adelantadas en ejercicio de la fiscalización de aportes a la seguridad social y parafiscales

<p style="text-align: justify;">
<p style="text-align: justify;"> A la Unidad Administrativa Especial de Gestión Pensional y Contribuciones Parafiscales de la Protección Social (UGPP) le fueron conferidas, entre otras, las facultades de adelantar acciones de determinación y cobro de las contribuciones parafiscales de la protección social. </p>
<p style="text-align: justify;"> Actualmente continúa el debate de si es al juez laboral o al juez administrativo a quien corresponde la competencia para resolver las demandas que los contribuyentes pueden interponer en contra de los actos a través de los cuales la UGPP determina oficialmente los aportes de las contribuciones parafiscales. </p>
<p style="text-align: justify;"> Si bien mediante auto de 2016 la Sala Jurisdiccional Disciplinaria del Consejo Superior de la Judicatura atribuyó dicha competencia al juez laboral, dos son los principales argumentos para cuestionar tal decisión: (i) que la pretensión es la nulidad de actos administrativos, lo cual es propio de los jueces administrativos; (ii) que el artículo 2 del Código Procesal del Trabajo y de la Seguridad Social citado como fundamento de la decisión fue modificado por el artículo 622 del Código General del Proceso, en el sentido de indicar que la competencia del juez laboral se otorga frente a controversias relativas a la prestación de los servicios de la seguridad social, situación que no ocurre con los actos de la UGPP.</p>
<p><!-- AddThis Advanced Settings generic via filter on the_content --><!-- AddThis Share Buttons generic via filter on the_content --></p>

<p>A la Unidad Administrativa Especial de Gestión Pensional y Contribuciones Parafiscales de la Protección Social (UGPP) le fueron conferidas, entre otras, las facultades de adelantar acciones de determinación y cobro de las contribuciones parafiscales de la protección social. Actualmente continúa el debate de si es al juez laboral o al juez administrativo a quien corresponde [&hellip;]</p>
