{"id":8025,"date":"2016-07-12T16:58:09","date_gmt":"2016-07-12T14:58:09","guid":{"rendered":"https:\/\/aurenweb-stg.servidortemporal.net\/co\/publication\/la-mora-en-el-pago-de-los-aportes-no-afecta-la-calidad-de-afiliado-del-trabajador-al-sistema-de-seguridad-social\/"},"modified":"2016-07-12T16:58:09","modified_gmt":"2016-07-12T14:58:09","slug":"la-mora-en-el-pago-de-los-aportes-no-afecta-la-calidad-de-afiliado-del-trabajador-al-sistema-de-seguridad-social","status":"publish","type":"publication","link":"https:\/\/aurenweb-stg.servidortemporal.net\/co\/publicaciones\/la-mora-en-el-pago-de-los-aportes-no-afecta-la-calidad-de-afiliado-del-trabajador-al-sistema-de-seguridad-social\/","title":{"rendered":"La mora en el pago de los aportes no afecta la calidad de afiliado del trabajador al sistema de seguridad social."},"content":{"rendered":"<p style=\"text-align: justify;\">La Sala de Casaci\u00f3n Laboral de la Corte Suprema de Justicia reiter\u00f3 mediante Sentencia SL4952 del 20 de abril de 2016, que la mora en el pago de cotizaciones no traslada en cabeza del empleador el reconocimiento de la prestaci\u00f3n que debe reconocer la entidad administradora en virtud de la afiliaci\u00f3n del trabajador.<\/p>\n<p style=\"text-align: justify;\">Record\u00f3 la Corte que el trabajador subordinado afiliado a la seguridad social se tiene como cotizante activo mientras permanezca vigente la relaci\u00f3n laboral, aunque se presente mora patronal; el trabajador dependiente deja de ser cotizante activo en el evento de su desvinculaci\u00f3n o retiro, pero no cuando aporta al sistema, pese a incurrir en retardo o mora.<\/p>\n<p> Para la Corte, cuando se presente falta de oportunidad de pago de los aportes por parte del empleador, el afiliado o sus beneficiarios no pueden correr con los efectos negativos, y si tambi\u00e9n ha mediado omisi\u00f3n por parte de las administradoras de fondos de pensiones de su deber de cobro, son ellas quienes se hacen responsables de las prestaciones; conforme al r\u00e9gimen de seguridad social vigente, la mora en el pago de cotizaciones y la omisi\u00f3n de la entidad en el cobro de los respectivos aportes no releva de responsabilidad al fondo.<\/p>\n<p><!-- AddThis Advanced Settings generic via filter on the_content --><!-- AddThis Share Buttons generic via filter on the_content --><\/p>\n","protected":false},"excerpt":{"rendered":"<p>La Sala de Casaci\u00f3n Laboral de la Corte Suprema de Justicia reiter\u00f3 mediante Sentencia SL4952 del 20 de abril de 2016, que la mora en el pago de cotizaciones no traslada en cabeza del empleador el reconocimiento de la prestaci\u00f3n que debe reconocer la entidad administradora en virtud de la afiliaci\u00f3n del trabajador. Record\u00f3 la [&hellip;]<\/p>\n","protected":false},"featured_media":0,"template":"","meta":{"_acf_changed":false,"footnotes":""},"publication-category":[],"class_list":["post-8025","publication","type-publication","status-publish","hentry"],"acf":[],"_links":{"self":[{"href":"https:\/\/aurenweb-stg.servidortemporal.net\/co\/wp-json\/wp\/v2\/publication\/8025","targetHints":{"allow":["GET"]}}],"collection":[{"href":"https:\/\/aurenweb-stg.servidortemporal.net\/co\/wp-json\/wp\/v2\/publication"}],"about":[{"href":"https:\/\/aurenweb-stg.servidortemporal.net\/co\/wp-json\/wp\/v2\/types\/publication"}],"version-history":[{"count":0,"href":"https:\/\/aurenweb-stg.servidortemporal.net\/co\/wp-json\/wp\/v2\/publication\/8025\/revisions"}],"wp:attachment":[{"href":"https:\/\/aurenweb-stg.servidortemporal.net\/co\/wp-json\/wp\/v2\/media?parent=8025"}],"wp:term":[{"taxonomy":"publication-category","embeddable":true,"href":"https:\/\/aurenweb-stg.servidortemporal.net\/co\/wp-json\/wp\/v2\/publication-category?post=8025"}],"curies":[{"name":"wp","href":"https:\/\/api.w.org\/{rel}","templated":true}]}}

<p style="text-align: justify;">La Sala de Casación Laboral de la Corte Suprema de Justicia reiteró mediante Sentencia SL4952 del 20 de abril de 2016, que la mora en el pago de cotizaciones no traslada en cabeza del empleador el reconocimiento de la prestación que debe reconocer la entidad administradora en virtud de la afiliación del trabajador.</p>
<p style="text-align: justify;">Recordó la Corte que el trabajador subordinado afiliado a la seguridad social se tiene como cotizante activo mientras permanezca vigente la relación laboral, aunque se presente mora patronal; el trabajador dependiente deja de ser cotizante activo en el evento de su desvinculación o retiro, pero no cuando aporta al sistema, pese a incurrir en retardo o mora.</p>
<p> Para la Corte, cuando se presente falta de oportunidad de pago de los aportes por parte del empleador, el afiliado o sus beneficiarios no pueden correr con los efectos negativos, y si también ha mediado omisión por parte de las administradoras de fondos de pensiones de su deber de cobro, son ellas quienes se hacen responsables de las prestaciones; conforme al régimen de seguridad social vigente, la mora en el pago de cotizaciones y la omisión de la entidad en el cobro de los respectivos aportes no releva de responsabilidad al fondo.</p>
<p><!-- AddThis Advanced Settings generic via filter on the_content --><!-- AddThis Share Buttons generic via filter on the_content --></p>

<p>La Sala de Casación Laboral de la Corte Suprema de Justicia reiteró mediante Sentencia SL4952 del 20 de abril de 2016, que la mora en el pago de cotizaciones no traslada en cabeza del empleador el reconocimiento de la prestación que debe reconocer la entidad administradora en virtud de la afiliación del trabajador. Recordó la [&hellip;]</p>
