{"id":8031,"date":"2016-07-11T21:37:57","date_gmt":"2016-07-11T19:37:57","guid":{"rendered":"https:\/\/aurenweb-stg.servidortemporal.net\/co\/publication\/gobierno-desarrolla-compromisos-arancelarios-en-el-marco-del-acuerdo-de-libre-comercio-suscrito-con-la-republica-de-corea\/"},"modified":"2016-07-11T21:37:57","modified_gmt":"2016-07-11T19:37:57","slug":"gobierno-desarrolla-compromisos-arancelarios-en-el-marco-del-acuerdo-de-libre-comercio-suscrito-con-la-republica-de-corea","status":"publish","type":"publication","link":"https:\/\/aurenweb-stg.servidortemporal.net\/co\/publicaciones\/gobierno-desarrolla-compromisos-arancelarios-en-el-marco-del-acuerdo-de-libre-comercio-suscrito-con-la-republica-de-corea\/","title":{"rendered":"Gobierno desarrolla compromisos arancelarios en el marco del Acuerdo de Libre Comercio suscrito con la Rep\u00fablica de Corea"},"content":{"rendered":"<p style=\"text-align: justify;\"> A partir del 15 de julio de 2016 entra en vigencia este acuerdo de libre comercio. Por ello, a trav\u00e9s del Decreto 1078 del 30 de junio de 2016, el Gobierno Nacional desarrolla los compromisos arancelarios y consagra la implementaci\u00f3n del cronograma de desgravaci\u00f3n, el cual debe tener vigencia inmediata a partir de la entrada en vigor del Acuerdo.<\/p>\n<p style=\"text-align: justify;\">El Decreto permite que la importaci\u00f3n de muestras comerciales con valor insignificante y de materiales de publicidad impresos, importados desde la Rep\u00fablica de Corea, est\u00e9 libre de arancel aduanero. A su vez, destaca que la reimportaci\u00f3n de mercanc\u00eda exportada temporalmente a la Rep\u00fablica de Corea para reparaci\u00f3n o alteraci\u00f3n no causar\u00e1 el cobro de tributos aduaneros sobre el valor agregado en el exterior; del mismo modo, las mercanc\u00edas provenientes de la Rep\u00fablica de Corea importadas temporalmente a Colombia para ser reparadas o alteradas estar\u00e1n exentas de gravamen arancelario.<\/p>\n<p style=\"text-align: justify;\">\n<p style=\"text-align: justify;\"><img decoding=\"async\" src=\"https:\/\/www.auren.com\/uploads\/images\/originals\/1987.jpg\" rel=\"width: 507px; height: 253.98px; display: block; margin: auto;\" alt=\"\" style=\"width: 507px; height: 253.98px; display: block; margin: auto;\"><\/p>\n<p style=\"text-align: justify;\">\n<p><!-- AddThis Advanced Settings generic via filter on the_content --><!-- AddThis Share Buttons generic via filter on the_content --><\/p>\n","protected":false},"excerpt":{"rendered":"<p>A partir del 15 de julio de 2016 entra en vigencia este acuerdo de libre comercio. Por ello, a trav\u00e9s del Decreto 1078 del 30 de junio de 2016, el Gobierno Nacional desarrolla los compromisos arancelarios y consagra la implementaci\u00f3n del cronograma de desgravaci\u00f3n, el cual debe tener vigencia inmediata a partir de la entrada [&hellip;]<\/p>\n","protected":false},"featured_media":0,"template":"","meta":{"_acf_changed":false,"footnotes":""},"publication-category":[],"class_list":["post-8031","publication","type-publication","status-publish","hentry"],"acf":[],"_links":{"self":[{"href":"https:\/\/aurenweb-stg.servidortemporal.net\/co\/wp-json\/wp\/v2\/publication\/8031","targetHints":{"allow":["GET"]}}],"collection":[{"href":"https:\/\/aurenweb-stg.servidortemporal.net\/co\/wp-json\/wp\/v2\/publication"}],"about":[{"href":"https:\/\/aurenweb-stg.servidortemporal.net\/co\/wp-json\/wp\/v2\/types\/publication"}],"version-history":[{"count":0,"href":"https:\/\/aurenweb-stg.servidortemporal.net\/co\/wp-json\/wp\/v2\/publication\/8031\/revisions"}],"wp:attachment":[{"href":"https:\/\/aurenweb-stg.servidortemporal.net\/co\/wp-json\/wp\/v2\/media?parent=8031"}],"wp:term":[{"taxonomy":"publication-category","embeddable":true,"href":"https:\/\/aurenweb-stg.servidortemporal.net\/co\/wp-json\/wp\/v2\/publication-category?post=8031"}],"curies":[{"name":"wp","href":"https:\/\/api.w.org\/{rel}","templated":true}]}}

Gobierno desarrolla compromisos arancelarios en el marco del Acuerdo de Libre Comercio suscrito con la República de Corea

<p style="text-align: justify;"> A partir del 15 de julio de 2016 entra en vigencia este acuerdo de libre comercio. Por ello, a través del Decreto 1078 del 30 de junio de 2016, el Gobierno Nacional desarrolla los compromisos arancelarios y consagra la implementación del cronograma de desgravación, el cual debe tener vigencia inmediata a partir de la entrada en vigor del Acuerdo.</p>
<p style="text-align: justify;">El Decreto permite que la importación de muestras comerciales con valor insignificante y de materiales de publicidad impresos, importados desde la República de Corea, esté libre de arancel aduanero. A su vez, destaca que la reimportación de mercancía exportada temporalmente a la República de Corea para reparación o alteración no causará el cobro de tributos aduaneros sobre el valor agregado en el exterior; del mismo modo, las mercancías provenientes de la República de Corea importadas temporalmente a Colombia para ser reparadas o alteradas estarán exentas de gravamen arancelario.</p>
<p style="text-align: justify;">
<p style="text-align: justify;"><img decoding="async" src="https://www.auren.com/uploads/images/originals/1987.jpg" rel="width: 507px; height: 253.98px; display: block; margin: auto;" alt="" style="width: 507px; height: 253.98px; display: block; margin: auto;"></p>
<p style="text-align: justify;">
<p><!-- AddThis Advanced Settings generic via filter on the_content --><!-- AddThis Share Buttons generic via filter on the_content --></p>

<p>A partir del 15 de julio de 2016 entra en vigencia este acuerdo de libre comercio. Por ello, a través del Decreto 1078 del 30 de junio de 2016, el Gobierno Nacional desarrolla los compromisos arancelarios y consagra la implementación del cronograma de desgravación, el cual debe tener vigencia inmediata a partir de la entrada [&hellip;]</p>
