{"id":8034,"date":"2016-07-05T14:09:19","date_gmt":"2016-07-05T12:09:19","guid":{"rendered":"https:\/\/aurenweb-stg.servidortemporal.net\/co\/publication\/temas-relevantes-labor-contable\/"},"modified":"2016-07-05T14:09:19","modified_gmt":"2016-07-05T12:09:19","slug":"temas-relevantes-labor-contable","status":"publish","type":"publication","link":"https:\/\/aurenweb-stg.servidortemporal.net\/co\/publicaciones\/temas-relevantes-labor-contable\/","title":{"rendered":"Temas relevantes labor contable"},"content":{"rendered":"<p style=\"text-align: justify;\">Nuestro Socio NIIF, Diego Charry y el Gerente de Operaciones Contables, Samuel Charry, en colaboraci\u00f3n con el INCP, explican cuales son las determinaciones a tener en cuenta en la Resoluci\u00f3n 000004 de enero 8\/2016; y as\u00ed mismo, c\u00f3mo se efect\u00faa la presentaci\u00f3n de la declaraci\u00f3n del IVA, temas de importante relevancia para la labor contable.<\/p>\n<p style=\"text-align: justify;\">Si no puede ver correctamente el v\u00eddeo de esta publicaci\u00f3n <a href=\"https:\/\/youtu.be\/YH2Y5_NuVeU\">Haga clic aqu\u00ed<\/a><\/p>\n<p style=\"text-align: justify;\">Para descargar mayor informaci\u00f3n sobre Declaraci\u00f3n IVA <a href=\"\/files\/949-Declaraci\u00f3n del IVA.pdf\">Haga clic aqu\u00ed<\/a><\/p>\n<p style=\"text-align: justify;\">Para descargar mayor informaci\u00f3n sobre la Resoluci\u00f3n 000004 de enero 8\/2016 <a href=\"\/files\/950-Resoluci\u00f3n 000004 de enero 82016.pdf\">Haga clic aqu\u00ed<\/a><span><\/span><\/p>\n<p style=\"text-align: justify;\"><iframe src=\"\/\/www.youtube.com\/embed\/YH2Y5_NuVeU\" frameborder=\"0\" allowfullscreen=\"\" style=\"font-family: Arial, Helvetica, Verdana, Tahoma, sans-serif; line-height: 1.6em; width: 500px; height: 281px;\"><\/iframe><\/p>\n<p><!-- AddThis Advanced Settings generic via filter on the_content --><!-- AddThis Share Buttons generic via filter on the_content --><\/p>\n","protected":false},"excerpt":{"rendered":"<p>Nuestro Socio NIIF, Diego Charry y el Gerente de Operaciones Contables, Samuel Charry, en colaboraci\u00f3n con el INCP, explican cuales son las determinaciones a tener en cuenta en la Resoluci\u00f3n 000004 de enero 8\/2016; y as\u00ed mismo, c\u00f3mo se efect\u00faa la presentaci\u00f3n de la declaraci\u00f3n del IVA, temas de importante relevancia para la labor contable. [&hellip;]<\/p>\n","protected":false},"featured_media":0,"template":"","meta":{"_acf_changed":false,"footnotes":""},"publication-category":[],"class_list":["post-8034","publication","type-publication","status-publish","hentry"],"acf":[],"_links":{"self":[{"href":"https:\/\/aurenweb-stg.servidortemporal.net\/co\/wp-json\/wp\/v2\/publication\/8034","targetHints":{"allow":["GET"]}}],"collection":[{"href":"https:\/\/aurenweb-stg.servidortemporal.net\/co\/wp-json\/wp\/v2\/publication"}],"about":[{"href":"https:\/\/aurenweb-stg.servidortemporal.net\/co\/wp-json\/wp\/v2\/types\/publication"}],"version-history":[{"count":0,"href":"https:\/\/aurenweb-stg.servidortemporal.net\/co\/wp-json\/wp\/v2\/publication\/8034\/revisions"}],"wp:attachment":[{"href":"https:\/\/aurenweb-stg.servidortemporal.net\/co\/wp-json\/wp\/v2\/media?parent=8034"}],"wp:term":[{"taxonomy":"publication-category","embeddable":true,"href":"https:\/\/aurenweb-stg.servidortemporal.net\/co\/wp-json\/wp\/v2\/publication-category?post=8034"}],"curies":[{"name":"wp","href":"https:\/\/api.w.org\/{rel}","templated":true}]}}

<p style="text-align: justify;">Nuestro Socio NIIF, Diego Charry y el Gerente de Operaciones Contables, Samuel Charry, en colaboración con el INCP, explican cuales son las determinaciones a tener en cuenta en la Resolución 000004 de enero 8/2016; y así mismo, cómo se efectúa la presentación de la declaración del IVA, temas de importante relevancia para la labor contable.</p>
<p style="text-align: justify;">Si no puede ver correctamente el vídeo de esta publicación <a href="https://youtu.be/YH2Y5_NuVeU">Haga clic aquí</a></p>
<p style="text-align: justify;">Para descargar mayor información sobre Declaración IVA <a href="/files/949-Declaración del IVA.pdf">Haga clic aquí</a></p>
<p style="text-align: justify;">Para descargar mayor información sobre la Resolución 000004 de enero 8/2016 <a href="/files/950-Resolución 000004 de enero 82016.pdf">Haga clic aquí</a><span></span></p>
<p style="text-align: justify;"><iframe src="//www.youtube.com/embed/YH2Y5_NuVeU" frameborder="0" allowfullscreen="" style="font-family: Arial, Helvetica, Verdana, Tahoma, sans-serif; line-height: 1.6em; width: 500px; height: 281px;"></iframe></p>
<p><!-- AddThis Advanced Settings generic via filter on the_content --><!-- AddThis Share Buttons generic via filter on the_content --></p>

<p>Nuestro Socio NIIF, Diego Charry y el Gerente de Operaciones Contables, Samuel Charry, en colaboración con el INCP, explican cuales son las determinaciones a tener en cuenta en la Resolución 000004 de enero 8/2016; y así mismo, cómo se efectúa la presentación de la declaración del IVA, temas de importante relevancia para la labor contable. [&hellip;]</p>
